000
CXUS54 KFWD 010731
CF6INJ
PRELIMINARY LOCAL CLIMATOLOGICAL DATA (WS FORM: F-6)
STATION: HILLSBORO
MONTH: APRIL
YEAR: 2023
LATITUDE: 32 0 N
LONGITUDE: 97 6 W
TEMPERATURE IN F: :PCPN: SNOW: WIND :SUNSHINE: SKY :PK WND
================================================================================
1 2 3 4 5 6A 6B 7 8 9 10 11 12 13 14 15 16 17 18
12Z AVG MX 2MIN
DY MAX MIN AVG DEP HDD CDD WTR SNW DPTH SPD SPD DIR MIN PSBL S-S WX SPD DR
================================================================================
1 75 42 59 -3 6 0 0.00 M M 5.9 13 20 M M 1 21 20
2 78 60 69 7 0 4 0.07 M M 11.4 21 180 M M 5 3 24 180
3 90 67 79 17 0 14 0.00 M M 15.1 25 170 M M 3 1 32 170
4 84 71 78 16 0 13 0.00 M M 17.9 24 170 M M 8 29 170
5 76 50 63 0 2 0 0.45 M M 12.8 21 330 M M 6 3 27 170
6 54 50 52 -11 13 0 0.10 M M 9.7 18 50 M M 5 29 50
7 58 51 55 -8 10 0 0.00 M M 8.5 16 40 M M 10 24 40
8 69 52 61 -3 4 0 0.00 M M 4.0 8 60 M M 6 1 M M
9 71 51 61 -3 4 0 0.00 M M 3.8 9 120 M M 9 1 M M
10 73 56 65 1 0 0 0.00 M M 5.3 9 80 M M 5 M M
11 74 48 61 -3 4 0 0.00 M M 4.1 8 100 M M 2 1 17 100
12 76 48 62 -2 3 0 0.00 M M 5.6 10 130 M M 2 1 16 150
13 77 52 65 0 0 0 0.00 M M 8.2 10 130 M M 1 17 180
14 75 58 67 2 0 2 0.00 M M 13.6 22 170 M M 7 25 180
15 84 59 72 7 0 7 0.00 M M 14.1 24 330 M M 4 30 310
16 72 40 56 -9 9 0 0.00 M M 5.9 13 20 M M 0 22 10
17 78 43 61 -5 4 0 0.00 M M 7.9 17 180 M M 0 23 180
18 74 56 65 -1 0 0 0.00 M M 12.5 20 170 M M 5 28 180
19 83 66 75 9 0 10 0.00 M M 17.3 24 170 M M 8 32 180
20 85 62 74 8 0 9 0.16 M M 11.8 18 170 M M 7 3 30 310
21 76 57 67 0 0 2 0.00 M M 9.2 20 360 M M 1 25 360
22 76 45 61 -6 4 0 0.04 M M 8.1 17 20 M M 5 29 20
23 55 46 51 -16 14 0 0.78 M M 9.7 16 40 M M 7 22 40
24 67 44 56 -11 9 0 0.00 M M 5.0 18 140 M M 6 23 140
25 72 58 65 -3 0 0 0.17 M M 7.1 10 130 M M 10 17 110
26 69 59 64 -4 1 0 1.01 M M 11.2 24 60 M M 10 13 29 60
27 70 56 63 -5 2 0 0.00 M M 8.4 17 310 M M 6 1 25 310
28 73 54 64 -4 1 0 0.24 M M 11.4 23 350 M M 6 3 36 330
29 71 47 59 -10 6 0 0.00 M M 14.0 23 330 M M 5 33 340
30 82 46 64 -5 1 0 0.00 M M 4.3 12 60 M M 0 21 70
================================================================================
SM 2217 1594 97 61 3.02 M 283.6 M 150
================================================================================
AV 73.9 53.1 9.5 FASTST M M 5 MAX(MPH)
MISC ----> 25 170 36 330
================================================================================
NOTES:
# LAST OF SEVERAL OCCURRENCES
COLUMN 17 PEAK WIND IN M.P.H.
PRELIMINARY LOCAL CLIMATOLOGICAL DATA (WS FORM: F-6) , PAGE 2
STATION: HILLSBORO
MONTH: APRIL
YEAR: 2023
LATITUDE: 32 0 N
LONGITUDE: 97 6 W
[TEMPERATURE DATA] [PRECIPITATION DATA] SYMBOLS USED IN COLUMN 16
AVERAGE MONTHLY: 63.5 TOTAL FOR MONTH: 3.02 1 = FOG OR MIST
DPTR FM NORMAL: -1.8 DPTR FM NORMAL: 0.07 2 = FOG REDUCING VISIBILITY
HIGHEST: 90 ON 3 GRTST 24HR 1.01 ON 26-26 TO 1/4 MILE OR LESS
LOWEST: 40 ON 16 3 = THUNDER
SNOW, ICE PELLETS, HAIL 4 = ICE PELLETS
TOTAL MONTH: M 5 = HAIL
GRTST 24HR M ON M 6 = FREEZING RAIN OR DRIZZLE
GRTST DEPTH: M ON M 7 = DUSTSTORM OR SANDSTORM:
VSBY 1/2 MILE OR LESS
8 = SMOKE OR HAZE
[NO. OF DAYS WITH] [WEATHER - DAYS WITH] 9 = BLOWING SNOW
X = TORNADO
MAX 32 OR BELOW: 0 0.01 INCH OR MORE: 9
MAX 90 OR ABOVE: 1 0.10 INCH OR MORE: 7
MIN 32 OR BELOW: 0 0.50 INCH OR MORE: 2
MIN 0 OR BELOW: 0 1.00 INCH OR MORE: 1
[HDD (BASE 65) ]
TOTAL THIS MO. 97 CLEAR (SCALE 0-3) 8
DPTR FM NORMAL 9 PTCLDY (SCALE 4-7) 17
TOTAL FM JUL 1 1896 CLOUDY (SCALE 8-10) 5
DPTR FM NORMAL -308
[CDD (BASE 65) ]
TOTAL THIS MO. 61
DPTR FM NORMAL -36 [PRESSURE DATA]
TOTAL FM JAN 1 130 HIGHEST SLP M ON M
DPTR FM NORMAL -4 LOWEST SLP M ON M
[REMARKS]
#FINAL-04-23#