000
CXUS54 KMAF 011542
CF6INK
PRELIMINARY LOCAL CLIMATOLOGICAL DATA (WS FORM: F-6)
STATION: WINK
MONTH: FEBRUARY
YEAR: 2024
LATITUDE: 31 46 N
LONGITUDE: 103 12 W
TEMPERATURE IN F: :PCPN: SNOW: WIND :SUNSHINE: SKY :PK WND
================================================================================
1 2 3 4 5 6A 6B 7 8 9 10 11 12 13 14 15 16 17 18
12Z AVG MX 2MIN
DY MAX MIN AVG DEP HDD CDD WTR SNW DPTH SPD SPD DIR MIN PSBL S-S WX SPD DR
================================================================================
1 76 40 58 11 7 0 0.00 M M 4.4 15 130 M M 0 20 130
2 75 46 61 14 4 0 0.00 M M 14.7 40 270 M M 1 18 53 280
3 62 44 53 6 12 0 0.00 M M 24.0 38 260 M M 3 8 51 250
4 66 40 53 5 12 0 0.00 M M 17.1 35 330 M M 0 8 44 330
5 60 37 49 1 16 0 0.00 M M 6.6 14 350 M M 0 19 350
6 65 37 51 3 14 0 0.00 M M 14.4 26 140 M M 0 34 130
7 67 51 59 11 6 0 0.00 M M 15.0 30 290 M M 2 8 38 280
8 63 43 53 5 12 0 0.00 M M 12.7 25 280 M M 0 34 260
9 64 39 52 4 13 0 0.00 M M 6.4 16 270 M M 0 22 270
10 68 37 53 4 12 0 0.00 M M 7.6 26 300 M M 2 35 220
11 53 38 46 -3 19 0 0.04 M M 15.0 28 20 M M 7 35 10
12 61 27 44 -5 21 0 0.00 M M 5.1 15 310 M M 0 20 300
13 68 27 48 -1 17 0 0.00 M M 6.6 14 130 M M 0 18 120
14 76 33 55 5 10 0 0.00 M M 10.3 29 250 M M 0 37 240
15 72 38 55 5 10 0 0.00 M M 7.6 17 160 M M 0 20 160
16 72 40 56 6 9 0 0.00 M M 10.9 24 50 M M 0 32 80
17 42 31 37 -13 28 0 0.00 M M 10.4 21 40 M M 7 26 40
18 56 24 40 -10 25 0 0.00 M M 6.3 14 150 M M 0 22 160
19 77 30 54 3 11 0 0.00 M M 5.1 15 280 M M 0 22 260
20 84 37 61 10 4 0 0.00 M M 6.9 21 240 M M 0 8 28 240
21 89 36 63 12 2 0 0.00 M M 8.8 31 240 M M 1 40 250
22 76 47 62 11 3 0 0.00 M M 10.1 23 310 M M 0 31 300
23 68 40 54 2 11 0 0.00 M M 7.0 14 20 M M 0 18 120
24 78 37 58 6 7 0 0.00 M M 7.0 16 160 M M 0 21 150
25 87 40 64 12 1 0 0.00 M M 6.3 14 270 M M 0 19 270
26 88 51 70 18 0 5 0.00 M M 10.3 30 280 M M 0 39 260
27 81 59 70 17 0 5 0.00 M M 13.6 35 270 M M 2 8 49 270
28 71 39 55 2 10 0 0.11 M M 14.7 29 50 M M 3 18 37 50
29 54 35 45 -8 20 0 0.16 M M 8.4 22 120 M M 1 1 26 130
================================================================================
SM 2019 1123 316 10 0.31 M 293.3 M 29
================================================================================
AV 69.6 38.7 10.1 FASTST M M 1 MAX(MPH)
MISC ----> 40 270 53 280
================================================================================
NOTES:
# LAST OF SEVERAL OCCURRENCES
COLUMN 17 PEAK WIND IN M.P.H.
PRELIMINARY LOCAL CLIMATOLOGICAL DATA (WS FORM: F-6) , PAGE 2
STATION: WINK
MONTH: FEBRUARY
YEAR: 2024
LATITUDE: 31 46 N
LONGITUDE: 103 12 W
[TEMPERATURE DATA] [PRECIPITATION DATA] SYMBOLS USED IN COLUMN 16
AVERAGE MONTHLY: 54.2 TOTAL FOR MONTH: 0.31 1 = FOG OR MIST
DPTR FM NORMAL: 4.5 DPTR FM NORMAL: -0.09 2 = FOG REDUCING VISIBILITY
HIGHEST: 89 ON 21 GRTST 24HR 0.16 ON 29-29 TO 1/4 MILE OR LESS
LOWEST: 24 ON 18 3 = THUNDER
SNOW, ICE PELLETS, HAIL 4 = ICE PELLETS
TOTAL MONTH: M 5 = HAIL
GRTST 24HR M ON M 6 = FREEZING RAIN OR DRIZZLE
GRTST DEPTH: M ON M 7 = DUSTSTORM OR SANDSTORM:
VSBY 1/2 MILE OR LESS
8 = SMOKE OR HAZE
[NO. OF DAYS WITH] [WEATHER - DAYS WITH] 9 = BLOWING SNOW
X = TORNADO
MAX 32 OR BELOW: 0 0.01 INCH OR MORE: 3
MAX 90 OR ABOVE: 0 0.10 INCH OR MORE: 2
MIN 32 OR BELOW: 5 0.50 INCH OR MORE: 0
MIN 0 OR BELOW: 0 1.00 INCH OR MORE: 0
[HDD (BASE 65) ]
TOTAL THIS MO. 316 CLEAR (SCALE 0-3) 27
DPTR FM NORMAL -112 PTCLDY (SCALE 4-7) 2
TOTAL FM JUL 1 1743 CLOUDY (SCALE 8-10) 0
DPTR FM NORMAL -395
[CDD (BASE 65) ]
TOTAL THIS MO. 10
DPTR FM NORMAL 8 [PRESSURE DATA]
TOTAL FM JAN 1 10 HIGHEST SLP 30.36 ON 18
DPTR FM NORMAL 8 LOWEST SLP 29.50 ON 3
[REMARKS]
#FINAL-02-24#