000
CXUS53 KDLH 020002
CF6INL
PRELIMINARY LOCAL CLIMATOLOGICAL DATA (WS FORM: F-6)
STATION: INTERNATIONAL FALLS
MONTH: MARCH
YEAR: 2022
LATITUDE: 48 34 N
LONGITUDE: 93 23 W
TEMPERATURE IN F: :PCPN: SNOW: WIND :SUNSHINE: SKY :PK WND
================================================================================
1 2 3 4 5 6A 6B 7 8 9 10 11 12 13 14 15 16 17 18
12Z AVG MX 2MIN
DY MAX MIN AVG DEP HDD CDD WTR SNW DPTH SPD SPD DIR MIN PSBL S-S WX SPD DR
================================================================================
1 26 -6 10 -6 55 0 0.00 0.0 25 4.7 12 290 M M 5 16 290
2 20 -11 5 -11 60 0 T T 24 9.8 18 350 M M 4 8 25 340
3 16 -21 -2 -19 67 0 0.00 0.0 24 4.8 13 270 M M 0 19 290
4 25 -17 4 -13 61 0 0.00 0.0 24 4.1 12 60 M M 6 17 100
5 26 24 25 7 40 0 0.00 0.0 23 8.1 13 100 M M 10 18 17 40
6 29 13 21 3 44 0 T 0.1 23 9.7 16 300 M M 10 18 22 300
7 29 0 15 -4 50 0 0.00 0.0 23 6.2 16 290 M M 0 23 270
8 29 11 20 0 45 0 0.01 0.3 23 12.0 21 300 M M 9 128 34 250
9 11 -8 2 -18 63 0 0.01 0.2 23 12.3 23 320 M M 6 8 30 280
10 15 -18 -1 -21 66 0 0.00 0.0 23 7.8 20 230 M M 3 31 230
11 14 -11 2 -19 63 0 T T 23 15.1 29 320 M M 7 89 39 320
12 18 -22 -2 -24 67 0 0.10 1.3 22 5.5 16 200 M M 4 18 26 210
13 22 -6 8 -14 57 0 T T 24 8.5 23 290 M M 6 8 33 290
14 34 -8 13 -10 52 0 0.00 0.0 23 2.5 12 290 M M 4 15 280
15 51 25 38 15 27 0 0.00 0.0 23 6.6 15 220 M M 6 23 240
16 57 33 45 21 20 0 T 0.0 21 8.4 21 290 M M 4 1 29 260
17 38 32 35 11 30 0 0.00 0.0 19 7.6 22 290 M M 10 1 28 310
18 47 23 35 10 30 0 0.00 0.0 18 1.3 9 140 M M 4 13 140
19 48 16 32 7 33 0 0.00 0.0 17 3.5 12 240 M M 1 15 240
20 53 18 36 10 29 0 0.00 0.0 16 2.8 10 100 M M 1 14 60
21 47 35 41 15 24 0 0.01 T 16 16.8 28 110 M M 4 39 120
22 36 31 34 7 31 0 1.06 12.8 17 6.2 12 120 M M 10 12 16 130
23 35 30 33 6 32 0 0.02 0.3 25 8.9 16 40 M M 10 18 23 30
24 48 25 37 9 28 0 0.00 0.0 19 3.3 9 20 M M 3 12 13 10
25 40 15 28 0 37 0 T 0.1 18 19.1 31 320 M M 10 1 45 300
26 18 4 11 -18 54 0 0.00 0.0 18 15.8 25 320 M M 5 33 310
27 19 -4 8 -21 57 0 0.00 0.0 M 6.5 14 300 M M 0 20 330
28 34 -8 13 -17 52 0 0.00 0.0 16 5.2 12 140 M M 3 17 190
29 44 29 37 7 28 0 0.01 0.1 16 9.1 16 140 M M 10 27 140
30 33 27 30 -1 35 0 T T 16 10.7 22 340 M M 10 18 27 340
31 37 17 27 -4 38 0 T T 16 10.4 20 340 M M 5 32 350
================================================================================
SM 999 268 1375 0 1.22 15.2 253.3 M 170
================================================================================
AV 32.2 8.6 8.2 FASTST M M 5 MAX(MPH)
MISC ----> 31 320 45 300
================================================================================
NOTES:
# LAST OF SEVERAL OCCURRENCES
COLUMN 17 PEAK WIND IN M.P.H.
PRELIMINARY LOCAL CLIMATOLOGICAL DATA (WS FORM: F-6) , PAGE 2
STATION: INTERNATIONAL FALLS
MONTH: MARCH
YEAR: 2022
LATITUDE: 48 34 N
LONGITUDE: 93 23 W
[TEMPERATURE DATA] [PRECIPITATION DATA] SYMBOLS USED IN COLUMN 16
AVERAGE MONTHLY: 20.4 TOTAL FOR MONTH: 1.22 1 = FOG OR MIST
DPTR FM NORMAL: -3.2 DPTR FM NORMAL: 0.20 2 = FOG REDUCING VISIBILITY
HIGHEST: 57 ON 16 GRTST 24HR 1.06 ON 21-22 TO 1/4 MILE OR LESS
LOWEST: -22 ON 12 3 = THUNDER
SNOW, ICE PELLETS, HAIL 4 = ICE PELLETS
TOTAL MONTH: 16.7 INCHES 5 = HAIL
GRTST 24HR 12.8 ON 22-22 6 = FREEZING RAIN OR DRIZZLE
GRTST DEPTH: 25 ON 23, 1 7 = DUSTSTORM OR SANDSTORM:
VSBY 1/2 MILE OR LESS
8 = SMOKE OR HAZE
[NO. OF DAYS WITH] [WEATHER - DAYS WITH] 9 = BLOWING SNOW
X = TORNADO
MAX 32 OR BELOW: 15 0.01 INCH OR MORE: 7
MAX 90 OR ABOVE: 0 0.10 INCH OR MORE: 2
MIN 32 OR BELOW: 29 0.50 INCH OR MORE: 1
MIN 0 OR BELOW: 13 1.00 INCH OR MORE: 1
[HDD (BASE 65) ]
TOTAL THIS MO. 1375 CLEAR (SCALE 0-3) 7
DPTR FM NORMAL 91 PTCLDY (SCALE 4-7) 15
TOTAL FM JUL 1 8753 CLOUDY (SCALE 8-10) 9
DPTR FM NORMAL -22
[CDD (BASE 65) ]
TOTAL THIS MO. 0
DPTR FM NORMAL 0 [PRESSURE DATA]
TOTAL FM JAN 1 0 HIGHEST SLP 30.58 ON 3
DPTR FM NORMAL 0 LOWEST SLP 29.56 ON 25
[REMARKS]
#FINAL-03-22#