000
CXUS56 KFGZ 010910
CF6INW
PRELIMINARY LOCAL CLIMATOLOGICAL DATA (WS FORM: F-6)
STATION: WINSLOW AZ AIRPORT
MONTH: DECEMBER
YEAR: 2020
LATITUDE: 35 1 N
LONGITUDE: 110 44 W
TEMPERATURE IN F: :PCPN: SNOW: WIND :SUNSHINE: SKY :PK WND
================================================================================
1 2 3 4 5 6A 6B 7 8 9 10 11 12 13 14 15 16 17 18
12Z AVG MX 2MIN
DY MAX MIN AVG DEP HDD CDD WTR SNW DPTH SPD SPD DIR MIN PSBL S-S WX SPD DR
================================================================================
1 54 11 33 -5 32 0 0.00 M M 6.1 16 310 M M 0 20 290
2 46 11 29 -8 36 0 0.00 M M 7.2 16 50 M M 0 24 10
3 45 9 27 -10 38 0 0.00 M M 5.5 12 220 M M 0 16 320
4 49 3 26 -11 39 0 0.00 M M 2.7 7 230 M M 0 9 290
5 52 6 29 -7 36 0 0.00 M M 3.2 9 220 M M 0 10 320
6 57 9 33 -3 32 0 0.00 M M 4.1 10 100 M M 0 13 80
7 52 7 30 -6 35 0 0.00 M M 3.7 12 250 M M 0 M M
8 54 9 32 -4 33 0 0.00 M M 3.4 9 340 M M 0 14 330
9 56 12 34 -1 31 0 0.00 M M 3.4 12 220 M M 1 12 220
10 49 31 40 5 25 0 0.03 M M 4.1 13 260 M M 8 1 16 250
11 56 25 41 6 24 0 0.00 M M 9.4 26 280 M M 0 35 260
12 55 21 38 3 27 0 0.01 M M 13.6 41 240 M M 3 1 51 250
13 37 8 23 -11 42 0 0.00 M M 4.7 17 320 M M 0 23 330
14 49 17 33 -1 32 0 0.00 M M 10.0 26 310 M M 4 34 320
15 43 13 28 -6 37 0 0.00 M M 6.6 16 320 M M 0 21 310
16 47 8 28 -6 37 0 0.00 M M 3.5 10 110 M M 0 12 110
17 51 14 33 -1 32 0 0.00 M M 6.9 14 110 M M 0 18 200
18 49 15 32 -2 33 0 0.00 M M 5.9 14 310 M M 1 22 300
19 50 8 29 -5 36 0 0.00 M M 3.1 8 250 M M 0 10 120
20 52 8 30 -4 35 0 0.00 M M 3.5 10 130 M M 0 12 110
21 55 12 34 0 31 0 0.00 M M 1.8 9 210 M M 0 10 210
22 66 17 42 8 23 0 0.00 M M 11.4 28 230 M M 0 36 260
23 41 8 25 -9 40 0 0.00 M M 9.6 22 320 M M 0 27 10
24 39 5 22 -12 43 0 0.00 M M 4.7 12 110 M M 0 14 110
25 42 5 24 -9 41 0 0.00 M M 3.2 10 300 M M 0 13 290
26 59 11 35 2 30 0 0.00 M M 5.9 18 200 M M 0 23 200
27 53 21 37 4 28 0 0.00 M M 5.2 21 310 M M 2 24 310
28 60 18 39 5 26 0 0.00 M M 10.5 45 210 M M 2 56 210
29 45 13 29 -5 36 0 0.00 M M 6.5 18 310 M M 5 24 310
30 44 9 27 -7 38 0 0.00 M M 6.6 13 260 M M 0 15 310
31 36 13 25 -9 40 0 0.00 M M 6.8 14 110 M M 4 17 100
================================================================================
SM 1543 377 1048 0 0.04 M 182.8 M 30
================================================================================
AV 49.8 12.2 5.9 FASTST M M 1 MAX(MPH)
MISC ----> 45 210 56 210
================================================================================
NOTES:
# LAST OF SEVERAL OCCURRENCES
COLUMN 17 PEAK WIND IN M.P.H.
PRELIMINARY LOCAL CLIMATOLOGICAL DATA (WS FORM: F-6) , PAGE 2
STATION: WINSLOW AZ AIRPORT
MONTH: DECEMBER
YEAR: 2020
LATITUDE: 35 1 N
LONGITUDE: 110 44 W
[TEMPERATURE DATA] [PRECIPITATION DATA] SYMBOLS USED IN COLUMN 16
AVERAGE MONTHLY: 31.0 TOTAL FOR MONTH: 0.04 1 = FOG OR MIST
DPTR FM NORMAL: -3.6 DPTR FM NORMAL: -0.52 2 = FOG REDUCING VISIBILITY
HIGHEST: 66 ON 22 GRTST 24HR 0.03 ON 10-10 TO 1/4 MILE OR LESS
LOWEST: 3 ON 4 3 = THUNDER
SNOW, ICE PELLETS, HAIL 4 = ICE PELLETS
TOTAL MONTH: M 5 = HAIL
GRTST 24HR M ON M 6 = FREEZING RAIN OR DRIZZLE
GRTST DEPTH: M ON M 7 = DUSTSTORM OR SANDSTORM:
VSBY 1/2 MILE OR LESS
8 = SMOKE OR HAZE
[NO. OF DAYS WITH] [WEATHER - DAYS WITH] 9 = BLOWING SNOW
X = TORNADO
MAX 32 OR BELOW: 0 0.01 INCH OR MORE: 2
MAX 90 OR ABOVE: 0 0.10 INCH OR MORE: 0
MIN 32 OR BELOW: 31 0.50 INCH OR MORE: 0
MIN 0 OR BELOW: 0 1.00 INCH OR MORE: 0
[HDD (BASE 65) ]
TOTAL THIS MO. 1048 CLEAR (SCALE 0-3) 27
DPTR FM NORMAL 106 PTCLDY (SCALE 4-7) 4
TOTAL FM JUL 1 1848 CLOUDY (SCALE 8-10) 0
DPTR FM NORMAL -31
[CDD (BASE 65) ]
TOTAL THIS MO. 0
DPTR FM NORMAL 0 [PRESSURE DATA]
TOTAL FM JAN 1 1616 HIGHEST SLP M ON M
DPTR FM NORMAL 408 LOWEST SLP 29.64 ON 28
[REMARKS]
#FINAL-12-20#