000
CXUS51 KCTP 010752
CLSIPT
CLIMATE REPORT
NATIONAL WEATHER SERVICE STATE COLLEGE PA
252 AM EST FRI MAR 01 2024
...................................
...THE WILLIAMSPORT PA CLIMATE SUMMARY FOR THE SEASON, FROM
12/1/2023 TO 2/29/2024...
CLIMATE NORMAL PERIOD 1991 TO 2020
CLIMATE RECORD PERIOD 1895 TO 2024
WEATHER OBSERVED NORMAL DEPART LAST YEAR`S
VALUE DATE(S) VALUE FROM VALUE DATE(S)
NORMAL
................................................................
TEMPERATURE (F)
RECORD
HIGH 76 02/24/2017
LOW -20 01/21/1994
HIGHEST 61 02/28 72 02/15
LOWEST 5 01/18 2 12/23
12/24
AVG. MAXIMUM 43.8 37.9 5.9 43.9
AVG. MINIMUM 28.7 22.5 6.2 27.1
MEAN 36.2 30.2 6.0 35.5
DAYS MAX >= 90 0 0.0 0.0 0
DAYS MAX <= 32 8 24.7 -16.7 7
DAYS MIN <= 32 60 76.0 -16.0 63
DAYS MIN <= 0 0 2.3 -2.3 0
PRECIPITATION (INCHES)
RECORD
MAXIMUM 14.86 1914
MINIMUM 3.55 1979
TOTALS 13.44 8.54 4.90 9.81
DAILY AVG. 0.15 NAN NAN 0.11
DAYS >= .01 37 34.1 2.9 34
DAYS >= .10 21 17.9 3.1 18
DAYS >= .50 10 5.6 4.4 6
DAYS >= 1.00 4 1.3 2.7 3
GREATEST
24 HR. TOTAL 2.19 2.26 12/22 TO 12/23
STORM TOTAL 2.19 1.35
(MM/DD(HH)) MM
SNOWFALL (INCHES)
RECORDS
TOTAL 74.0 1963
24 HR TOTAL 13.7 12/16/2020 TO 12/16/2020
SNOW DEPTH 23 12/17/2020
TOTALS 18.1 25.9 -7.8 11.5
LIQUID EQUIV 1.80 0.00 1.80 1.20
SINCE 7/1 18.1 27.7 -9.6 MM
LIQUID 7/1 1.81 2.70 -0.89 MM
SNOWDEPTH AVG. 0 0
DAYS >= TRACE 24 18.3 5.7 25
DAYS >= 1.0 6 7.3 -1.3 5
GREATEST
SNOW DEPTH 4 01/07 3 12/16
01/20
02/17
24 HR TOTAL 5.2 01/16 TO 01/16 3.8 12/22 TO 12/22
STORM TOTAL 5.2 3.9
(MM/DD(HH)) MM
DEGREE DAYS
HEATING TOTAL 2596 3133 -537 2639
SINCE 7/1 3642 4368 -726 MM
COOLING TOTAL 0 0 0 0
SINCE 1/1 0 0 0 MM
FREEZE DATES
RECORD
EARLIEST 09/22/1904
LATEST 05/25/1956
EARLIEST 03/01
LATEST 05/14
................................................................
WIND (MPH)
AVERAGE WIND SPEED 6.1
RESULTANT WIND SPEED/DIRECTION 2/290
HIGHEST WIND SPEED/DIRECTION 35/260 DATE 01/13
HIGHEST GUST SPEED/DIRECTION 56/250 DATE 01/13
SKY COVER
POSSIBLE SUNSHINE (PERCENT) MM
AVERAGE SKY COVER 0.62
NUMBER OF DAYS FAIR 20
NUMBER OF DAYS PC 26
NUMBER OF DAYS CLOUDY 45
WEATHER CONDITIONS. NUMBER OF DAYS WITH
THUNDERSTORM 1 MIXED PRECIP 0
HEAVY RAIN 5 RAIN 14
LIGHT RAIN 29 FREEZING RAIN 0
LT FREEZING RAIN 3 HAIL 0
HEAVY SNOW 1 SNOW 6
LIGHT SNOW 24 SLEET 0
FOG 42 FOG W/VIS <= 1/4 MILE 10
HAZE 12
- INDICATES NEGATIVE NUMBERS.
R INDICATES RECORD WAS SET OR TIED.
MM INDICATES DATA IS MISSING.
T INDICATES TRACE AMOUNT.
$$