895
CXUS53 KEAX 172201 RRA
CLSIRK
CLIMATE REPORT
NATIONAL WEATHER SERVICE
357 PM CST TUE NOV 17 2020
...................................
...THE KIRKSVILLE MO CLIMATE SUMMARY FOR THE SEASON, FROM
9/1/2019 TO 11/30/2019...
CLIMATE NORMAL PERIOD: 1981 TO 2010
CLIMATE RECORD PERIOD: 9999 TO 9999
WEATHER OBSERVED NORMAL DEPART LAST YEAR`S
VALUE DATE(S) VALUE FROM VALUE DATE(S)
NORMAL
................................................................
TEMPERATURE (F)
HIGHEST 94 09/16 89 5 MM
LOWEST 2R 11/12 14 -12 MM
AVG. MAXIMUM 64.1 63.3 0.8 MM
AVG. MINIMUM 43.2 42.1 1.1 MM
MEAN 53.6 52.7 0.9 MM
DAYS MAX >= 90 10 1.7 8.3 MM
DAYS MAX <= 32 2 1.9 0.1 MM
DAYS MIN <= 32 31 21.1 9.9 MM
DAYS MIN <= 0 0 0.0 0.0 MM
PRECIPITATION (INCHES)
TOTALS 15.90 10.15 5.75 MM
DAILY AVG. 0.18 0.11 0.07 MM
DAYS >= .01 27 27.6 -0.6 MM
DAYS >= .10 14 14.4 -0.4 MM
DAYS >= .50 7 6.0 1.0 MM
DAYS >= 1.00 4 2.6 1.4 MM
GREATEST
24 HR. TOTAL 4.62 09/22 TO 09/22
DEGREE DAYS
HEATING TOTAL 1299 1214 85 MM
COOLING TOTAL 285 95 190 MM
................................................................
WIND (MPH)
AVERAGE WIND SPEED 8.3
HIGHEST WIND SPEED/DIRECTION 36/280 DATE 11/27
HIGHEST GUST SPEED/DIRECTION 53/280 DATE 11/27
SKY COVER
POSSIBLE SUNSHINE (PERCENT) MM
AVERAGE SKY COVER 0.36
NUMBER OF DAYS FAIR 56
NUMBER OF DAYS PC 19
NUMBER OF DAYS CLOUDY 16
AVERAGE RH (PERCENT) 73
WEATHER CONDITIONS. NUMBER OF DAYS WITH
THUNDERSTORM 14 MIXED PRECIP 0
HEAVY RAIN 9 RAIN 12
LIGHT RAIN 23 FREEZING RAIN 0
LT FREEZING RAIN 0 HAIL 0
HEAVY SNOW 0 SNOW 0
LIGHT SNOW 4 SLEET 0
FOG 48 FOG W/VIS <= 1/4 MILE 10
HAZE 13
- INDICATES NEGATIVE NUMBERS.
R INDICATES RECORD WAS SET OR TIED.
MM INDICATES DATA IS MISSING.
T INDICATES TRACE AMOUNT.
$$