000
CXUS51 KOKX 150414
CF6ISP
PRELIMINARY LOCAL CLIMATOLOGICAL DATA (WS FORM: F-6)
STATION: ISLIP NY
MONTH: JANUARY
YEAR: 2022
LATITUDE: 40 47 N
LONGITUDE: 73 6 W
TEMPERATURE IN F: :PCPN: SNOW: WIND :SUNSHINE: SKY :PK WND
================================================================================
1 2 3 4 5 6A 6B 7 8 9 10 11 12 13 14 15 16 17 18
12Z AVG MX 2MIN
DY MAX MIN AVG DEP HDD CDD WTR SNW DPTH SPD SPD DIR MIN PSBL S-S WX SPD DR
================================================================================
1 53 48 51 17 14 0 1.15 0.0 0 6.0 17 210 M M 10 12 23 200
2 58 37 48 15 17 0 0.14 0.0 0 9.7 24 340 M M 10 12 31 340
3 37 23 30 -3 35 0 T T 0 15.4 24 10 M M 9 34 340
4 35 20 28 -5 37 0 0.00 0.0 0 7.8 21 340 M M 3 26 340
5 47 23 35 2 30 0 0.13 0.0 0 6.2 15 210 M M 8 1 20 220
6 41 32 37 4 28 0 0.00 0.0 0 8.4 18 290 M M 7 25 300
7 35 25 30 -3 35 0 0.38 6.6 6 15.0 26 300 M M 8 12 38 330
8 29 15 22 -10 43 0 0.00 0.0 5 10.5 28 300 M M 1 37 310
9 43 16 30 -2 35 0 0.21 0.0 5 10.2 23 220 M M 7 1 35 220
10 40 23 32 0 33 0 0.00 0.0 0 13.8 26 320 M M 4 36 290
11 25 13 19 -13 46 0 T T T 12.0 25 330 M M 4 8 33 330
12 42 12 27 -5 38 0 0.00 0.0 0 7.2 26 230 M M 4 37 240
13 49 24 37 5 28 0 0.00 0.0 0 3.2 10 30 M M 7 1 12 130
14 46 19 33 1 32 0 0.00 0.0 0 19.4 35 330 M M 8 1 46 340
15 19 9 14 -18 51 0 0.00 0.0 0 18.2 33 340 M M 4 42 340
16 42 7 25 -7 40 0 0.21 0.0 0 10.1 26 90 M M 6 1 38 70
17 47 33 40 8 25 0 1.48 T 0 18.6 32 80 M M 9 1 47 90
18 37 22 30 -1 35 0 0.00 0.0 0 18.8 32 290 M M 3 43 290
19 46 20 33 2 32 0 0.00 0.0 0 11.2 26 220 M M 6 36 200
20 44 21 33 2 32 0 0.33 0.3 0 11.3 22 340 M M 9 1 29 360
21 24 16 20 -11 45 0 0.00 0.0 T 14.4 23 350 M M 6 29 340
22 31 17 24 -7 41 0 0.00 0.0 0 6.7 17 20 M M 4 23 10
23 36 18 27 -4 38 0 T T 0 6.5 15 220 M M 6 1 19 220
24 36 28 32 1 33 0 0.01 0.2 T 4.4 13 360 M M 10 18 16 30
25 41 27 34 3 31 0 T T 0 7.8 13 330 M M 7 5 17 300
26 29 16 23 -8 42 0 0.00 0.0 0 10.2 20 320 M M 1 27 340
27 31 9 20 -11 45 0 0.00 0.0 0 4.8 15 180 M M 3 19 160
28 35 26 31 0 34 0 0.09 1.2 0 6.1 21 30 M M 10 1 29 20
29 29 14 22 -9 43 0 1.24 23.5 10 24.8 36 330 M M 10 1289 50 320
30 24 6 15 -16 50 0 0.00 0.0 24 9.0 25 310 M M 3 9 33 310
31 32 6 19 -12 46 0 0.00 0.0 22 2.2 9 30 M M 6 11 340
================================================================================
SM 1163 625 1114 0 5.37 31.8 329.9 M 193
================================================================================
AV 37.5 20.2 10.6 FASTST M M 6 MAX(MPH)
MISC ----> 36 330 50 320
================================================================================
NOTES:
# LAST OF SEVERAL OCCURRENCES
COLUMN 17 PEAK WIND IN M.P.H.
PRELIMINARY LOCAL CLIMATOLOGICAL DATA (WS FORM: F-6) , PAGE 2
STATION: ISLIP NY
MONTH: JANUARY
YEAR: 2022
LATITUDE: 40 47 N
LONGITUDE: 73 6 W
[TEMPERATURE DATA] [PRECIPITATION DATA] SYMBOLS USED IN COLUMN 16
AVERAGE MONTHLY: 28.8 TOTAL FOR MONTH: 5.37 1 = FOG OR MIST
DPTR FM NORMAL: -3.1 DPTR FM NORMAL: 1.71 2 = FOG REDUCING VISIBILITY
HIGHEST: 58 ON 2 GRTST 24HR 1.48 ON 17-17 TO 1/4 MILE OR LESS
LOWEST: 6 ON 31,30 3 = THUNDER
SNOW, ICE PELLETS, HAIL 4 = ICE PELLETS
TOTAL MONTH: 31.8 INCHES 5 = HAIL
GRTST 24HR 23.5 ON 29-29 6 = FREEZING RAIN OR DRIZZLE
GRTST DEPTH: 24 ON 30 7 = DUSTSTORM OR SANDSTORM:
VSBY 1/2 MILE OR LESS
8 = SMOKE OR HAZE
[NO. OF DAYS WITH] [WEATHER - DAYS WITH] 9 = BLOWING SNOW
X = TORNADO
MAX 32 OR BELOW: 10 0.01 INCH OR MORE: 11
MAX 90 OR ABOVE: 0 0.10 INCH OR MORE: 9
MIN 32 OR BELOW: 28 0.50 INCH OR MORE: 3
MIN 0 OR BELOW: 0 1.00 INCH OR MORE: 3
[HDD (BASE 65) ]
TOTAL THIS MO. 1114 CLEAR (SCALE 0-3) 4
DPTR FM NORMAL 88 PTCLDY (SCALE 4-7) 18
TOTAL FM JUL 1 2568 CLOUDY (SCALE 8-10) 9
DPTR FM NORMAL -265
[CDD (BASE 65) ]
TOTAL THIS MO. 0
DPTR FM NORMAL 0 [PRESSURE DATA]
TOTAL FM JAN 1 0 HIGHEST SLP 30.61 ON 8
DPTR FM NORMAL 0 LOWEST SLP 29.09 ON 17
[REMARKS]
#FINAL-01-22#