000
CXUS52 TJSJ 132019
CF6IST
PRELIMINARY LOCAL CLIMATOLOGICAL DATA (WS FORM: F-6)
STATION: CYRIL E. KING AP/ST THOMAS
MONTH: OCTOBER
YEAR: 2023
LATITUDE: 18 19 N
LONGITUDE: 64 58 W
TEMPERATURE IN F: :PCPN: SNOW: WIND :SUNSHINE: SKY :PK WND
================================================================================
1 2 3 4 5 6A 6B 7 8 9 10 11 12 13 14 15 16 17 18
12Z AVG MX 2MIN
DY MAX MIN AVG DEP HDD CDD WTR SNW DPTH SPD SPD DIR MIN PSBL S-S WX SPD DR
================================================================================
1 91 79 85 1 0 20 0.78 M M 11.2 24 60 M M 5 13 31 70
2 90 83 87 3 0 22 0.02 M M 8.3 18 60 M M 4 24 20
3 90 79 85 1 0 20 0.53 M M 14.2 28 190 M M 6 13 36 200
4 86 77 82 -2 0 17 2.00 M M 18.2 33 270 M M 9 13 43 280
5 88 79 84 0 0 19 0.70 M M 9.5 15 150 M M 3 1 19 150
6 88 83 86 2 0 21 0.00 M M 12.2 16 140 M M 2 M M
7 88 82 85 1 0 20 0.00 M M 11.0 16 120 M M 3 21 120
8 89 81 85 1 0 20 T M M 8.8 16 120 M M 3 21 130
9 89 78 84 0 0 19 0.02 M M 9.3 17 110 M M 2 21 140
10 88 80 84 0 0 19 0.00 M M 9.2 15 130 M M 0 19 140
11 89 80 85 1 0 20 0.00 M M 7.3 14 140 M M 1 18 140
12 91 80 86 2 0 21 M M M 5.9 12 60 M M 2 1 15 100
13 88 79 84 0 0 19 0.00 M M 5.5 13 140 M M 2 8 16 140
14 87 79 83 -1 0 18 0.46 M M 4.9 9 150 M M 2 1 11 10
15 87 80 84 0 0 19 0.00 M M 5.6 10 160 M M 1 13 160
16 88 82 85 2 0 20 0.00 M M 7.7 13 180 M M 3 16 150
17 88 81 85 2 0 20 0.00 M M 8.5 16 130 M M 2 20 140
18 88 79 84 1 0 19 0.01 M M 8.6 15 130 M M 1 19 120
19 91 78 85 2 0 20 0.01 M M 9.5 28 80 M M 1 1 33 110
20 89 81 85 2 0 20 0.05 M M 15.9 32 110 M M 3 13 47 110
21 87 78 83 0 0 18 0.05 M M 11.9 24 90 M M 5 13 31 120
22 87 78 83 0 0 18 T M M 8.5 20 60 M M 4 1 28 80
23 88 82 85 2 0 20 T M M 8.3 14 280 M M 3 3 17 280
24 89 79 84 1 0 19 0.28 M M 6.9 15 310 M M 2 1 23 350
25 89 80 85 2 0 20 M M M 8.2 18 30 M M 5 25 10
26 87 79 83 0 0 18 T M M 4.7 12 140 M M 2 15 140
27 86 76 81 -2 0 16 1.14 M M 6.1 20 150 M M 5 138 24 130
28 85 78 82 -1 0 17 T M M 14.6 29 140 M M 4 35 120
29 86 78 82 -1 0 17 0.33 M M 8.8 22 110 M M 3 13 26 110
30 85 75 80 -3 0 15 M M M 9.7 21 110 M M 5 13 31 80
31 87 79 83 1 0 18 M M M 9.5 22 200 M M 3 1 28 200
================================================================================
SM 2729 2462 0 589 6.38 M 288.5 M 96
================================================================================
AV 88.0 79.4 9.3 FASTST M M 3 MAX(MPH)
MISC ----> 33 270 47 110
================================================================================
NOTES:
# LAST OF SEVERAL OCCURRENCES
COLUMN 17 PEAK WIND IN M.P.H.
PRELIMINARY LOCAL CLIMATOLOGICAL DATA (WS FORM: F-6) , PAGE 2
STATION: CYRIL E. KING AP/ST THOMAS
MONTH: OCTOBER
YEAR: 2023
LATITUDE: 18 19 N
LONGITUDE: 64 58 W
[TEMPERATURE DATA] [PRECIPITATION DATA] SYMBOLS USED IN COLUMN 16
AVERAGE MONTHLY: 83.7 TOTAL FOR MONTH: 6.38 1 = FOG OR MIST
DPTR FM NORMAL: 0.4 DPTR FM NORMAL: 1.10 2 = FOG REDUCING VISIBILITY
HIGHEST: 91 ON 1,19 GRTST 24HR 2.00 ON 4- 4 TO 1/4 MILE OR LESS
LOWEST: 75 ON 30 3 = THUNDER
SNOW, ICE PELLETS, HAIL 4 = ICE PELLETS
TOTAL MONTH: M 5 = HAIL
GRTST 24HR M ON M 6 = FREEZING RAIN OR DRIZZLE
GRTST DEPTH: M ON M 7 = DUSTSTORM OR SANDSTORM:
VSBY 1/2 MILE OR LESS
8 = SMOKE OR HAZE
[NO. OF DAYS WITH] [WEATHER - DAYS WITH] 9 = BLOWING SNOW
X = TORNADO
MAX 32 OR BELOW: 0 0.01 INCH OR MORE: 14
MAX 90 OR ABOVE: 5 0.10 INCH OR MORE: 8
MIN 32 OR BELOW: 0 0.50 INCH OR MORE: 5
MIN 0 OR BELOW: 0 1.00 INCH OR MORE: 2
[HDD (BASE 65) ]
TOTAL THIS MO. 0 CLEAR (SCALE 0-3) 18
DPTR FM NORMAL 0 PTCLDY (SCALE 4-7) 12
TOTAL FM JUL 1 0 CLOUDY (SCALE 8-10) 1
DPTR FM NORMAL 0
[CDD (BASE 65) ]
TOTAL THIS MO. 589
DPTR FM NORMAL 20 [PRESSURE DATA]
TOTAL FM JAN 1 5388 HIGHEST SLP 30.02 ON 10
DPTR FM NORMAL 188 LOWEST SLP 29.67 ON 3
[REMARKS]
#FINAL-10-23#
CORRECTED DUE TO RAIN GAUGE MALFUNCTIONING DURING THIS PERIOD.