000
CXUS52 TJSJ 271015
CF6ISX
PRELIMINARY LOCAL CLIMATOLOGICAL DATA (WS FORM: F-6)
STATION: HENRY E. ROHLSEN AP/ST CROIX
MONTH: APRIL
YEAR: 2023
LATITUDE: 17 42 N
LONGITUDE: 64 48 W
TEMPERATURE IN F: :PCPN: SNOW: WIND :SUNSHINE: SKY :PK WND
================================================================================
1 2 3 4 5 6A 6B 7 8 9 10 11 12 13 14 15 16 17 18
12Z AVG MX 2MIN
DY MAX MIN AVG DEP HDD CDD WTR SNW DPTH SPD SPD DIR MIN PSBL S-S WX SPD DR
================================================================================
1 85 72 79 0 0 14 0.15 M M 14.8 26 80 M M 6 1 33 90
2 86 73 80 1 0 15 T M M 14.2 22 100 M M 4 28 90
3 86 75 81 2 0 16 0.00 M M 14.4 22 100 M M 3 33 90
4 86 73 80 1 0 15 0.00 M M 13.7 24 100 M M 1 31 120
5 83 72 78 -1 0 13 0.54 M M 11.8 25 60 M M 3 1 31 60
6 77 67 72 -7 0 7 0.63 M M 12.7 30 80 M M 4 13 35 70
7 85 73 79 0 0 14 0.00 M M 11.9 22 100 M M 2 8 28 110
8 85 75 80 1 0 15 0.00 M M 14.7 21 100 M M 3 8 25 110
9 85 74 80 1 0 15 0.00 M M 12.5 20 110 M M 3 8 24 110
10 85 75 80 1 0 15 0.00 M M 10.3 17 100 M M 3 21 110
11 84 72 78 -1 0 13 0.00 M M 6.9 14 130 M M 2 18 120
12 84 73 79 -1 0 14 0.00 M M 9.2 17 100 M M 2 21 110
13 85 73 79 -1 0 14 0.00 M M 10.5 18 100 M M 2 23 100
14 85 72 79 -1 0 14 0.00 M M 11.0 21 100 M M 2 26 100
15 86 72 79 -1 0 14 T M M 11.5 20 110 M M 2 28 100
16 86 75 81 1 0 16 T M M 10.7 22 100 M M 3 27 100
17 85 72 79 -1 0 14 0.00 M M 8.1 14 120 M M 1 18 110
18 86 73 80 0 0 15 0.00 M M 9.6 16 120 M M 2 20 110
19 86 74 80 0 0 15 T M M 12.2 21 90 M M 3 28 120
20 87 74 81 1 0 16 0.00 M M 11.8 22 90 M M 3 28 100
21 86 72 79 -1 0 14 0.00 M M 8.6 17 100 M M 3 22 90
22 86 71 79 -1 0 14 0.00 M M 6.0 13 230 M M 2 17 220
23 87 72 80 0 0 15 0.06 M M 7.2 16 230 M M 3 1 22 240
24 85 72 79 -1 0 14 0.44 M M 4.7 13 50 M M 4 18 15 40
25 85 70 78 -2 0 13 0.00 M M 6.0 13 120 M M 3 16 120
26 86 71 79 -1 0 14 0.00 M M 7.2 15 120 M M 1 18 140
27 86 74 80 0 0 15 0.00 M M 6.2 13 140 M M 2 18 110
28 87 75 81 1 0 16 0.00 M M 6.4 15 100 M M 2 18 120
29 87 75 81 1 0 16 0.00 M M 8.2 15 120 M M 1 20 130
30 88 75 82 1 0 17 T M M 8.9 14 100 M M 2 M M
================================================================================
SM 2560 2186 0 432 1.82 M 301.9 M 77
================================================================================
AV 85.3 72.9 10.1 FASTST M M 3 MAX(MPH)
MISC ----> 30 80 35 70
================================================================================
NOTES:
# LAST OF SEVERAL OCCURRENCES
COLUMN 17 PEAK WIND IN M.P.H.
PRELIMINARY LOCAL CLIMATOLOGICAL DATA (WS FORM: F-6) , PAGE 2
STATION: HENRY E. ROHLSEN AP/ST CROIX
MONTH: APRIL
YEAR: 2023
LATITUDE: 17 42 N
LONGITUDE: 64 48 W
[TEMPERATURE DATA] [PRECIPITATION DATA] SYMBOLS USED IN COLUMN 16
AVERAGE MONTHLY: 79.1 TOTAL FOR MONTH: 1.82 1 = FOG OR MIST
DPTR FM NORMAL: -0.6 DPTR FM NORMAL: -0.40 2 = FOG REDUCING VISIBILITY
HIGHEST: 88 ON 30 GRTST 24HR 0.63 ON 6- 6 TO 1/4 MILE OR LESS
LOWEST: 67 ON 6 3 = THUNDER
SNOW, ICE PELLETS, HAIL 4 = ICE PELLETS
TOTAL MONTH: M 5 = HAIL
GRTST 24HR M ON M 6 = FREEZING RAIN OR DRIZZLE
GRTST DEPTH: M ON M 7 = DUSTSTORM OR SANDSTORM:
VSBY 1/2 MILE OR LESS
8 = SMOKE OR HAZE
[NO. OF DAYS WITH] [WEATHER - DAYS WITH] 9 = BLOWING SNOW
X = TORNADO
MAX 32 OR BELOW: 0 0.01 INCH OR MORE: 5
MAX 90 OR ABOVE: 0 0.10 INCH OR MORE: 4
MIN 32 OR BELOW: 0 0.50 INCH OR MORE: 2
MIN 0 OR BELOW: 0 1.00 INCH OR MORE: 0
[HDD (BASE 65) ]
TOTAL THIS MO. 0 CLEAR (SCALE 0-3) 22
DPTR FM NORMAL 0 PTCLDY (SCALE 4-7) 8
TOTAL FM JUL 1 0 CLOUDY (SCALE 8-10) 0
DPTR FM NORMAL 0
[CDD (BASE 65) ]
TOTAL THIS MO. 432
DPTR FM NORMAL -9 [PRESSURE DATA]
TOTAL FM JAN 1 1648 HIGHEST SLP 30.15 ON 1
DPTR FM NORMAL 38 LOWEST SLP 29.77 ON 22
[REMARKS]
#FINAL-04-23#