000
CXUS52 TJSJ 010702
CF6ISX
PRELIMINARY LOCAL CLIMATOLOGICAL DATA (WS FORM: F-6)
STATION: HENRY E. ROHLSEN AP/ST CROIX
MONTH: NOVEMBER
YEAR: 2022
LATITUDE: 17 42 N
LONGITUDE: 64 48 W
TEMPERATURE IN F: :PCPN: SNOW: WIND :SUNSHINE: SKY :PK WND
================================================================================
1 2 3 4 5 6A 6B 7 8 9 10 11 12 13 14 15 16 17 18
12Z AVG MX 2MIN
DY MAX MIN AVG DEP HDD CDD WTR SNW DPTH SPD SPD DIR MIN PSBL S-S WX SPD DR
================================================================================
1 89 80 85 3 0 20 0.00 M M 8.8 17 100 M M 2 22 80
2 89 78 84 2 0 19 0.00 M M 8.7 20 90 M M 2 24 110
3 89 78 84 2 0 19 0.00 M M 7.5 15 100 M M 2 20 110
4 82 74 78 -3 0 13 0.19 M M 7.5 23 120 M M 5 1 29 130
5 82 72 77 -4 0 12 3.40 M M 10.5 26 120 M M 8 1 35 120
6 86 76 81 0 0 16 0.04 M M 8.8 17 210 M M 6 1 23 210
7 85 75 80 -1 0 15 0.69 M M 7.8 16 240 M M 4 1 21 160
8 85 71 78 -3 0 13 1.18 M M 6.4 17 350 M M 5 1 22 350
9 88 78 83 2 0 18 0.00 M M 6.7 15 120 M M 3 19 120
10 89 76 83 2 0 18 0.00 M M 9.6 20 100 M M 1 24 90
11 90 76 83 2 0 18 T M M 10.3 23 80 M M 2 8 29 80
12 89 77 83 2 0 18 0.06 M M 7.3 17 110 M M 2 21 110
13 89 76 83 2 0 18 T 0.0 0 9.9 20 100 M M 3 23 130
14 90 76 83 2 0 18 0.39 M M 13.0 23 110 M M 5 1 30 110
15 88 76 82 1 0 17 0.08 M M 13.3 23 130 M M 4 18 30 130
16 90 77 84 4 0 19 T M M 9.8 21 90 M M 2 25 90
17 89 75 82 2 0 17 0.01 M M 9.6 20 100 M M 2 18 23 100
18 90 78 84 4 0 19 0.00 M M 12.2 28 80 M M 2 36 80
19 89 77 83 3 0 18 T M M 12.1 22 90 M M 3 27 100
20 89 76 83 3 0 18 0.24 M M 10.8 24 90 M M 3 18 35 90
21 89 76 83 3 0 18 0.02 M M 12.8 26 90 M M 4 18 34 110
22 89 77 83 3 0 18 T M M 13.0 25 80 M M 4 30 80
23 88 76 82 2 0 17 0.13 M M 12.7 24 80 M M 4 18 29 100
24 88 74 81 1 0 16 T M M 9.6 20 90 M M 3 27 90
25 87 75 81 1 0 16 0.00 M M 9.3 17 90 M M 1 22 90
26 87 74 81 1 0 16 T M M 8.1 18 100 M M 3 1 22 110
27 87 72 80 0 0 15 T M M 8.2 18 60 M M 3 23 70
28 88 74 81 1 0 16 0.00 M M 9.1 18 110 M M 2 24 100
29 87 73 80 0 0 15 0.00 M M 8.2 20 70 M M 2 25 80
30 87 73 80 0 0 15 0.04 M M 9.0 20 50 M M 3 25 60
================================================================================
SM 2634 2266 0 505 6.47 0.0 290.7 M 95
================================================================================
AV 87.8 75.5 9.7 FASTST M M 3 MAX(MPH)
MISC ----> 28 80 36 80
================================================================================
NOTES:
# LAST OF SEVERAL OCCURRENCES
COLUMN 17 PEAK WIND IN M.P.H.
PRELIMINARY LOCAL CLIMATOLOGICAL DATA (WS FORM: F-6) , PAGE 2
STATION: HENRY E. ROHLSEN AP/ST CROIX
MONTH: NOVEMBER
YEAR: 2022
LATITUDE: 17 42 N
LONGITUDE: 64 48 W
[TEMPERATURE DATA] [PRECIPITATION DATA] SYMBOLS USED IN COLUMN 16
AVERAGE MONTHLY: 81.7 TOTAL FOR MONTH: 6.47 1 = FOG OR MIST
DPTR FM NORMAL: 1.1 DPTR FM NORMAL: 1.17 2 = FOG REDUCING VISIBILITY
HIGHEST: 90 ON 18,16 GRTST 24HR 3.40 ON 5- 5 TO 1/4 MILE OR LESS
LOWEST: 71 ON 8 3 = THUNDER
SNOW, ICE PELLETS, HAIL 4 = ICE PELLETS
TOTAL MONTH: 0.0 INCH 5 = HAIL
GRTST 24HR 0.0 6 = FREEZING RAIN OR DRIZZLE
GRTST DEPTH: 0 7 = DUSTSTORM OR SANDSTORM:
VSBY 1/2 MILE OR LESS
8 = SMOKE OR HAZE
[NO. OF DAYS WITH] [WEATHER - DAYS WITH] 9 = BLOWING SNOW
X = TORNADO
MAX 32 OR BELOW: 0 0.01 INCH OR MORE: 13
MAX 90 OR ABOVE: 4 0.10 INCH OR MORE: 7
MIN 32 OR BELOW: 0 0.50 INCH OR MORE: 3
MIN 0 OR BELOW: 0 1.00 INCH OR MORE: 2
[HDD (BASE 65) ]
TOTAL THIS MO. 0 CLEAR (SCALE 0-3) 18
DPTR FM NORMAL 0 PTCLDY (SCALE 4-7) 11
TOTAL FM JUL 1 0 CLOUDY (SCALE 8-10) 1
DPTR FM NORMAL 0
[CDD (BASE 65) ]
TOTAL THIS MO. 505
DPTR FM NORMAL 37 [PRESSURE DATA]
TOTAL FM JAN 1 5721 HIGHEST SLP 30.06 ON 19
DPTR FM NORMAL 400 LOWEST SLP 29.77 ON 6
[REMARKS]
#FINAL-11-22#