000
CXHW53 PHFO 011250
CF6ITO
PRELIMINARY LOCAL CLIMATOLOGICAL DATA (WS FORM: F-6)
STATION: HILO HI
MONTH: MARCH
YEAR: 2024
LATITUDE: 19 43 N
LONGITUDE: 155 4 W
TEMPERATURE IN F: :PCPN: SNOW: WIND :SUNSHINE: SKY :PK WND
================================================================================
1 2 3 4 5 6A 6B 7 8 9 10 11 12 13 14 15 16 17 18
12Z AVG MX 2MIN
DY MAX MIN AVG DEP HDD CDD WTR SNW DPTH SPD SPD DIR MIN PSBL S-S WX SPD DR
================================================================================
1 79 62 71 -1 0 6 0.24 M M 5.5 15 60 M M 6 1 19 60
2 79 61 70 -2 0 5 0.01 M M 7.0 15 40 M M 5 1 20 50
3 73 66 70 -2 0 5 2.01 M M 6.0 17 100 M M 10 18 25 100
4 77 65 71 -1 0 6 1.57 M M 5.0 15 90 M M 10 1 20 30
5 79 64 72 0 0 7 1.09 M M 7.0 20 80 M M 8 1 28 80
6 78 63 71 -1 0 6 1.40 M M 6.1 20 340 M M 9 1 26 350
7 72 64 68 -4 0 3 3.71 M M 6.3 21 80 M M 10 1 27 80
8 78 67 73 1 0 8 0.53 M M 9.3 18 50 M M 8 1 26 50
9 79 66 73 1 0 8 0.30 M M 7.6 17 50 M M 9 1 23 80
10 76 65 71 -1 0 6 0.24 M M 4.9 12 260 M M 9 1 17 80
11 75 65 70 -2 0 5 0.15 M M 5.8 12 100 M M 8 1 16 190
12 80 67 74 2 0 9 0.07 M M 8.3 24 130 M M 6 18 32 130
13 83 62 73 1 0 8 0.10 M M 5.2 15 70 M M 4 1 19 80
14 80 64 72 0 0 7 0.32 M M 8.4 17 360 M M 4 1 25 340
15 74 67 71 -1 0 6 2.61 M M 8.3 25 350 M M 10 18 34 350
16 77 67 72 0 0 7 0.13 M M 8.0 16 350 M M 10 18 22 350
17 79 67 73 1 0 8 0.01 M M 7.5 14 10 M M 9 1 20 340
18 78 66 72 0 0 7 0.03 M M 6.1 14 60 M M 9 1 19 40
19 79 65 72 0 0 7 0.03 M M 6.2 13 50 M M 6 1 19 70
20 78 65 72 0 0 7 0.01 M M 7.7 17 70 M M 9 18 23 50
21 79 64 72 0 0 7 0.23 M M 8.1 16 10 M M 8 18 23 30
22 80 66 73 1 0 8 0.06 M M 7.8 18 70 M M 8 1 26 60
23 80 66 73 1 0 8 0.09 M M 7.6 20 100 M M 9 1 27 90
24 81 67 74 2 0 9 T M M 6.2 18 90 M M 8 25 90
25 80 68 74 2 0 9 0.01 M M 5.7 16 130 M M 8 1 24 140
26 81 68 75 3 0 10 0.04 M M 6.0 15 80 M M 9 1 23 60
27 80 64 72 0 0 7 0.04 M M 6.7 15 70 M M 7 18 24 80
28 80 66 73 1 0 8 0.14 M M 6.9 17 100 M M 8 1 22 110
29 78 65 72 0 0 7 0.19 M M 5.6 20 80 M M 9 1 25 90
30 80 65 73 1 0 8 0.41 M M 7.4 16 60 M M 8 1 22 60
31 80 67 74 2 0 9 0.03 M M 5.4 15 90 M M 7 1 20 80
================================================================================
SM 2432 2024 0 221 15.80 M 209.6 M 248
================================================================================
AV 78.5 65.3 6.8 FASTST M M 8 MAX(MPH)
MISC ----> 25 350 34 350
================================================================================
NOTES:
# LAST OF SEVERAL OCCURRENCES
COLUMN 17 PEAK WIND IN M.P.H.
PRELIMINARY LOCAL CLIMATOLOGICAL DATA (WS FORM: F-6) , PAGE 2
STATION: HILO HI
MONTH: MARCH
YEAR: 2024
LATITUDE: 19 43 N
LONGITUDE: 155 4 W
[TEMPERATURE DATA] [PRECIPITATION DATA] SYMBOLS USED IN COLUMN 16
AVERAGE MONTHLY: 71.9 TOTAL FOR MONTH: 15.80 1 = FOG OR MIST
DPTR FM NORMAL: 0.0 DPTR FM NORMAL: 3.12 2 = FOG REDUCING VISIBILITY
HIGHEST: 83 ON 13 GRTST 24HR 3.96 ON 7- 8 TO 1/4 MILE OR LESS
LOWEST: 61 ON 2 3 = THUNDER
SNOW, ICE PELLETS, HAIL 4 = ICE PELLETS
TOTAL MONTH: M 5 = HAIL
GRTST 24HR M ON M 6 = FREEZING RAIN OR DRIZZLE
GRTST DEPTH: M ON M 7 = DUSTSTORM OR SANDSTORM:
VSBY 1/2 MILE OR LESS
8 = SMOKE OR HAZE
[NO. OF DAYS WITH] [WEATHER - DAYS WITH] 9 = BLOWING SNOW
X = TORNADO
MAX 32 OR BELOW: 0 0.01 INCH OR MORE: 30
MAX 90 OR ABOVE: 0 0.10 INCH OR MORE: 18
MIN 32 OR BELOW: 0 0.50 INCH OR MORE: 7
MIN 0 OR BELOW: 0 1.00 INCH OR MORE: 6
[HDD (BASE 65) ]
TOTAL THIS MO. 0 CLEAR (SCALE 0-3) 0
DPTR FM NORMAL 0 PTCLDY (SCALE 4-7) 14
TOTAL FM JUL 1 0 CLOUDY (SCALE 8-10) 17
DPTR FM NORMAL 0
[CDD (BASE 65) ]
TOTAL THIS MO. 221
DPTR FM NORMAL 9 [PRESSURE DATA]
TOTAL FM JAN 1 654 HIGHEST SLP 30.33 ON 24
DPTR FM NORMAL 69 LOWEST SLP 29.87 ON 15
[REMARKS]
#FINAL-03-24#