000
CXUS52 KJAX 041538
CF6JAX
PRELIMINARY LOCAL CLIMATOLOGICAL DATA (WS FORM: F-6)
STATION: JACKSONVILLE
MONTH: MARCH
YEAR: 2023
LATITUDE: 30 30 N
LONGITUDE: 81 42 W
TEMPERATURE IN F: :PCPN: SNOW: WIND :SUNSHINE: SKY :PK WND
================================================================================
1 2 3 4 5 6A 6B 7 8 9 10 11 12 13 14 15 16 17 18
12Z AVG MX 2MIN
DY MAX MIN AVG DEP HDD CDD WTR SNW DPTH SPD SPD DIR MIN PSBL S-S WX SPD DR
================================================================================
1 85 66 76 16 0 11 0.00 0.0 0 7.0 15 220 M M 6 20 240
2 85 59 72 12 0 7 0.00 0.0 0 6.7 20 230 M M 6 1 26 220
3 88 57 73 13 0 8 0.00 0.0 0 12.5 31 220 M M 6 44 220
4 77 62 70 9 0 5 0.26 0.0 0 6.6 18 310 M M 7 1 26 230
5 81 55 68 7 0 3 0.00 0.0 0 7.1 17 60 M M 3 1 23 80
6 85 58 72 11 0 7 0.00 0.0 0 4.0 13 120 M M 4 1 16 100
7 89 60 75 14 0 10 0.00 0.0 0 7.3 21 300 M M 3 1 28 320
8 68 46 57 -4 8 0 0.00 0.0 0 10.8 26 40 M M 1 36 50
9 74 43 59 -2 6 0 0.00 0.0 0 5.1 16 70 M M 6 20 70
10 84 62 73 11 0 8 0.58 0.0 0 10.4 23 230 M M 9 13 36 280
11 76 50 63 1 2 0 0.00 0.0 0 5.2 14 300 M M 3 17 290
12 84 48 66 4 0 1 1.21 0.0 0 6.9 22 230 M M 6 13 31 250
13 70 55 63 1 2 0 0.52 0.0 0 6.9 15 350 M M 8 1 20 300
14 66 42 54 -8 11 0 0.00 0.0 0 8.1 17 290 M M 3 26 270
15 61 38 50 -12 15 0 0.00 0.0 0 6.5 14 70 M M 4 25 60
16 72 33 53 -9 12 0 0.00 0.0 0 4.9 15 140 M M 1 1 21 140
17 82 50 66 3 0 1 0.00 0.0 0 10.7 22 180 M M 4 30 230
18 74 47 61 -2 4 0 0.53 0.0 0 8.6 20 290 M M 10 1 29 290
19 63 44 54 -9 11 0 0.01 0.0 0 7.0 15 330 M M 8 22 340
20 62 37 50 -13 15 0 0.00 0.0 0 5.9 15 290 M M 4 21 300
21 68 38 53 -10 12 0 0.01 0.0 0 10.3 23 40 M M 5 1 33 40
22 80 60 70 7 0 5 0.03 0.0 0 6.5 15 120 M M 6 1 20 150
23 85 55 70 6 0 5 0.00 0.0 0 6.1 16 130 M M 2 1 21 180
24 88 61 75 11 0 10 0.00 0.0 0 6.6 14 110 M M 1 20 180
25 89 61 75 11 0 10 0.00 0.0 0 10.0 22 240 M M 6 29 230
26 89 67 78 14 0 13 0.00 0.0 0 7.9 21 270 M M 7 28 250
27 90 65 78 14 0 13 0.00 0.0 0 8.3 18 220 M M 8 1 27 250
28 85 62 74 10 0 9 0.18 0.0 0 4.2 23 350 M M 8 13 30 340
29 70 51 61 -4 4 0 0.00 0.0 0 9.5 22 60 M M 7 29 40
30 73 46 60 -5 5 0 0.00 0.0 0 6.4 18 50 M M 3 25 90
31 84 52 68 3 0 3 0.00 0.0 0 8.4 21 120 M M 6 27 110
================================================================================
SM 2427 1630 107 129 3.33 0.0 232.4 M 161
================================================================================
AV 78.3 52.6 7.5 FASTST M M 5 MAX(MPH)
MISC ----> 31 220 44 220
================================================================================
NOTES:
# LAST OF SEVERAL OCCURRENCES
COLUMN 17 PEAK WIND IN M.P.H.
PRELIMINARY LOCAL CLIMATOLOGICAL DATA (WS FORM: F-6) , PAGE 2
STATION: JACKSONVILLE
MONTH: MARCH
YEAR: 2023
LATITUDE: 30 30 N
LONGITUDE: 81 42 W
[TEMPERATURE DATA] [PRECIPITATION DATA] SYMBOLS USED IN COLUMN 16
AVERAGE MONTHLY: 65.4 TOTAL FOR MONTH: 3.33 1 = FOG OR MIST
DPTR FM NORMAL: 3.0 DPTR FM NORMAL: 0.04 2 = FOG REDUCING VISIBILITY
HIGHEST: 90 ON 27 GRTST 24HR 1.73 ON 12-13 TO 1/4 MILE OR LESS
LOWEST: 33 ON 16 3 = THUNDER
SNOW, ICE PELLETS, HAIL 4 = ICE PELLETS
TOTAL MONTH: 0.0 INCH 5 = HAIL
GRTST 24HR 0.0 6 = FREEZING RAIN OR DRIZZLE
GRTST DEPTH: 0 7 = DUSTSTORM OR SANDSTORM:
VSBY 1/2 MILE OR LESS
8 = SMOKE OR HAZE
[NO. OF DAYS WITH] [WEATHER - DAYS WITH] 9 = BLOWING SNOW
X = TORNADO
MAX 32 OR BELOW: 0 0.01 INCH OR MORE: 9
MAX 90 OR ABOVE: 1 0.10 INCH OR MORE: 6
MIN 32 OR BELOW: 0 0.50 INCH OR MORE: 4
MIN 0 OR BELOW: 0 1.00 INCH OR MORE: 1
[HDD (BASE 65) ]
TOTAL THIS MO. 107 CLEAR (SCALE 0-3) 7
DPTR FM NORMAL -36 PTCLDY (SCALE 4-7) 21
TOTAL FM JUL 1 839 CLOUDY (SCALE 8-10) 3
DPTR FM NORMAL -341
[CDD (BASE 65) ]
TOTAL THIS MO. 129
DPTR FM NORMAL 65 [PRESSURE DATA]
TOTAL FM JAN 1 269 HIGHEST SLP 30.35 ON 21
DPTR FM NORMAL 166 LOWEST SLP 29.72 ON 3
[REMARKS]
#FINAL-03-23#