000
CXUS54 KMEG 061859
CF6JBR
PRELIMINARY LOCAL CLIMATOLOGICAL DATA (WS FORM: F-6)
STATION: JONESBORO
MONTH: DECEMBER
YEAR: 2022
LATITUDE: 35 49 N
LONGITUDE: 90 39 W
TEMPERATURE IN F: :PCPN: SNOW: WIND :SUNSHINE: SKY :PK WND
================================================================================
1 2 3 4 5 6A 6B 7 8 9 10 11 12 13 14 15 16 17 18
12Z AVG MX 2MIN
DY MAX MIN AVG DEP HDD CDD WTR SNW DPTH SPD SPD DIR MIN PSBL S-S WX SPD DR
================================================================================
1 46 29 38 -7 27 0 T M M 5.2 13 80 M M 1 16 90
2 62 42 52 8 13 0 0.07 M M 11.4 21 170 M M 10 18 27 170
3 63 34 49 5 16 0 0.00 M M 10.1 23 350 M M 3 31 350
4 43 33 38 -6 27 0 T M M 5.1 10 70 M M 6 4 13 50
5 50 41 46 2 19 0 0.05 M M 3.2 9 180 M M 10 18 11 160
6 69 49 59 15 6 0 1.33 M M 6.4 15 250 M M 10 123 19 260
7 67 52 60 17 5 0 0.59 M M 7.3 14 50 M M 10 1 18 40
8 58 50 54 11 11 0 1.01 M M 7.4 16 40 M M 10 1 22 50
9 61 45 53 10 12 0 0.00 M M 3.1 10 270 M M 5 12 13 270
10 50 43 47 5 18 0 0.34 M M 9.1 18 300 M M 9 1 24 290
11 48 43 46 4 19 0 0.00 M M 9.9 17 40 M M 10 18 24 40
12 44 40 42 0 23 0 0.00 M M 11.1 17 50 M M 10 18 21 60
13 62 42 52 10 13 0 1.35 M M 11.7 26 150 M M 10 123 32 140
14 61 43 52 10 13 0 0.24 M M 7.2 20 270 M M 7 1 25 280
15 46 35 41 -1 24 0 0.00 M M 10.6 23 230 M M 1 29 220
16 45 32 39 -2 26 0 0.00 M M 11.2 22 230 M M 1 28 260
17 42 28 35 -6 30 0 0.00 M M 8.8 22 250 M M 0 29 250
18 43 28 36 -5 29 0 0.00 M M 4.0 13 280 M M 0 17 260
19 41 29 35 -6 30 0 0.00 M M 5.8 12 50 M M 5 14 60
20 48 33 41 1 24 0 0.00 M M 6.4 16 50 M M 6 19 60
21 44 32 38 -2 27 0 0.00 M M 7.4 15 50 M M 3 17 40
22 45 0 23 -17 42 0 0.18 M M M 31 320 M M M 12 44 330
23 11 -3 4 -36 61 0 0.00 M M M M M M M M M M
24 27 11 19 -21 46 0 0.00 M M M M M M M M M M
25 31 19 25 -15 40 0 0.00 M M M M M M M M M M
26 38 27 33 -7 32 0 T M M M M M M M 0 M M
27 37 18 28 -12 37 0 0.00 M M M 13 200 M M 0 15 190
28 57 28 43 4 22 0 0.00 M M 11.2 23 190 M M 1 29 180
29 62 52 57 18 8 0 0.20 M M 16.2 22 180 M M 10 1 29 180
30 60 49 55 16 10 0 0.81 M M 5.3 21 190 M M 10 12 27 180
31 54 47 51 12 14 0 0.00 M M 3.3 10 160 M M 9 12 12 160
================================================================================
SM 1515 1051 724 0 6.17 M 198.4 M 157
================================================================================
AV 48.9 33.9 7.9 FASTST M M 6 MAX(MPH)
MISC ----> 31 320 44 330
================================================================================
NOTES:
# LAST OF SEVERAL OCCURRENCES
COLUMN 17 PEAK WIND IN M.P.H.
PRELIMINARY LOCAL CLIMATOLOGICAL DATA (WS FORM: F-6) , PAGE 2
STATION: JONESBORO
MONTH: DECEMBER
YEAR: 2022
LATITUDE: 35 49 N
LONGITUDE: 90 39 W
[TEMPERATURE DATA] [PRECIPITATION DATA] SYMBOLS USED IN COLUMN 16
AVERAGE MONTHLY: 41.4 TOTAL FOR MONTH: 6.17 1 = FOG OR MIST
DPTR FM NORMAL: -0.1 DPTR FM NORMAL: 1.72 2 = FOG REDUCING VISIBILITY
HIGHEST: 69 ON 6 GRTST 24HR 1.58 ON 13-14 TO 1/4 MILE OR LESS
LOWEST: -3 ON 23 3 = THUNDER
SNOW, ICE PELLETS, HAIL 4 = ICE PELLETS
TOTAL MONTH: M 5 = HAIL
GRTST 24HR M ON M 6 = FREEZING RAIN OR DRIZZLE
GRTST DEPTH: M ON M 7 = DUSTSTORM OR SANDSTORM:
VSBY 1/2 MILE OR LESS
8 = SMOKE OR HAZE
[NO. OF DAYS WITH] [WEATHER - DAYS WITH] 9 = BLOWING SNOW
X = TORNADO
MAX 32 OR BELOW: 3 0.01 INCH OR MORE: 11
MAX 90 OR ABOVE: 0 0.10 INCH OR MORE: 9
MIN 32 OR BELOW: 13 0.50 INCH OR MORE: 5
MIN 0 OR BELOW: 2 1.00 INCH OR MORE: 3
[HDD (BASE 65) ]
TOTAL THIS MO. 724 CLEAR (SCALE 0-3) 10
DPTR FM NORMAL -5 PTCLDY (SCALE 4-7) 5
TOTAL FM JUL 1 1338 CLOUDY (SCALE 8-10) 16
DPTR FM NORMAL -15
[CDD (BASE 65) ]
TOTAL THIS MO. 0
DPTR FM NORMAL 0 [PRESSURE DATA]
TOTAL FM JAN 1 2151 HIGHEST SLP 30.55 ON 1
DPTR FM NORMAL 157 LOWEST SLP 29.63 ON 14
[REMARKS]
#FINAL-12-22#