000
CXUS54 KMEG 040150
CF6JBR
PRELIMINARY LOCAL CLIMATOLOGICAL DATA (WS FORM: F-6)
STATION: JONESBORO
MONTH: FEBRUARY
YEAR: 2021
LATITUDE: 35 49 N
LONGITUDE: 90 39 W
TEMPERATURE IN F: :PCPN: SNOW: WIND :SUNSHINE: SKY :PK WND
================================================================================
1 2 3 4 5 6A 6B 7 8 9 10 11 12 13 14 15 16 17 18
12Z AVG MX 2MIN
DY MAX MIN AVG DEP HDD CDD WTR SNW DPTH SPD SPD DIR MIN PSBL S-S WX SPD DR
================================================================================
1 41 32 37 -1 28 0 0.00 M M 10.4 20 300 M M 8 25 330
2 43 28 36 -3 29 0 0.00 M M 4.8 15 360 M M 6 20 360
3 47 25 36 -3 29 0 0.00 M M 3.7 12 150 M M 0 18 14 140
4 53 36 45 6 20 0 0.02 M M 12.2 23 320 M M 6 18 33 290
5 50 26 38 -1 27 0 0.00 M M 6.3 14 220 M M 0 18 300
6 47 34 41 2 24 0 0.05 M M 9.2 18 350 M M 7 24 40
7 34 25 30 -10 35 0 0.00 M M 12.8 22 50 M M 10 25 50
8 46 29 38 -2 27 0 0.00 M M 7.4 13 90 M M 10 14 70
9 39 27 33 -7 32 0 T M M 10.4 17 40 M M 10 168 23 50
10 29 26 28 -12 37 0 T M M 8.1 16 360 M M 10 146 21 10
11 27 24 26 -14 39 0 M M M 11.2 21 40 M M 10 1468 26 50
12 27 22 25 -16 40 0 M M M 12.2 20 30 M M 10 25 30
13 22 18 20 -21 45 0 M M M 11.5 18 20 M M 10 8 25 40
14 19 10 15 -26 50 0 M M M 13.7 22 30 M M 10 148 31 40
15 11 5 8 -33 57 0 M M M 12.3 22 40 M M 10 148 29 30
16 13 -2 6 -36 59 0 0.01 M M 6.1 13 320 M M 1 18 320
17 21 11 16 -26 49 0 M M M 10.2 17 60 M M 10 189 20 40
18 31 9 20 -22 45 0 T M M 7.8 16 30 M M 6 18 23 10
19 30 0 15 -27 50 0 0.00 M M 2.7 9 160 M M 0 18 10 150
20 35 3 19 -24 46 0 0.00 M M 4.4 13 170 M M 0 18 15 160
21 46 16 31 -12 34 0 0.02 M M 9.5 21 180 M M 5 18 25 180
22 52 36 44 1 21 0 T M M 10.5 20 220 M M 1 24 290
23 65 38 52 8 13 0 0.00 M M 8.9 18 210 M M 0 22 210
24 66 45 56 12 9 0 0.00 M M 11.8 23 40 M M 4 32 50
25 52 38 45 1 20 0 0.00 M M 13.8 24 30 M M 4 31 40
26 46 40 43 -1 22 0 0.33 M M 7.7 18 50 M M 10 12 23 50
27 54 44 49 4 16 0 0.22 M M 4.1 12 70 M M 10 12 14 30
28 71 52 62 17 3 0 3.27 M M 9.5 25 250 M M 10 12 36 250
================================================================================
SM 1117 697 906 0 3.92 M 253.2 M 178
================================================================================
AV 39.9 24.9 9.0 FASTST M M 6 MAX(MPH)
MISC ----> 25 250 36 250
================================================================================
NOTES:
# LAST OF SEVERAL OCCURRENCES
COLUMN 17 PEAK WIND IN M.P.H.
PRELIMINARY LOCAL CLIMATOLOGICAL DATA (WS FORM: F-6) , PAGE 2
STATION: JONESBORO
MONTH: FEBRUARY
YEAR: 2021
LATITUDE: 35 49 N
LONGITUDE: 90 39 W
[TEMPERATURE DATA] [PRECIPITATION DATA] SYMBOLS USED IN COLUMN 16
AVERAGE MONTHLY: 32.4 TOTAL FOR MONTH: 3.92 1 = FOG OR MIST
DPTR FM NORMAL: -9.1 DPTR FM NORMAL: 0.20 2 = FOG REDUCING VISIBILITY
HIGHEST: 71 ON 28 GRTST 24HR 3.27 ON 28-28 TO 1/4 MILE OR LESS
LOWEST: -2 ON 16 3 = THUNDER
SNOW, ICE PELLETS, HAIL 4 = ICE PELLETS
TOTAL MONTH: M 5 = HAIL
GRTST 24HR M ON M 6 = FREEZING RAIN OR DRIZZLE
GRTST DEPTH: M ON M 7 = DUSTSTORM OR SANDSTORM:
VSBY 1/2 MILE OR LESS
8 = SMOKE OR HAZE
[NO. OF DAYS WITH] [WEATHER - DAYS WITH] 9 = BLOWING SNOW
X = TORNADO
MAX 32 OR BELOW: 10 0.01 INCH OR MORE: 7
MAX 90 OR ABOVE: 0 0.10 INCH OR MORE: 3
MIN 32 OR BELOW: 19 0.50 INCH OR MORE: 1
MIN 0 OR BELOW: 2 1.00 INCH OR MORE: 1
[HDD (BASE 65) ]
TOTAL THIS MO. 906 CLEAR (SCALE 0-3) 7
DPTR FM NORMAL 246 PTCLDY (SCALE 4-7) 8
TOTAL FM JUL 1 2923 CLOUDY (SCALE 8-10) 13
DPTR FM NORMAL -32
[CDD (BASE 65) ]
TOTAL THIS MO. 0
DPTR FM NORMAL 0 [PRESSURE DATA]
TOTAL FM JAN 1 0 HIGHEST SLP 30.52 ON 19
DPTR FM NORMAL 0 LOWEST SLP 29.59 ON 4
[REMARKS]
#FINAL-02-21#