000
CXUS54 KMEG 010900
CF6JBR
PRELIMINARY LOCAL CLIMATOLOGICAL DATA (WS FORM: F-6)
STATION: JONESBORO
MONTH: OCTOBER
YEAR: 2023
LATITUDE: 35 49 N
LONGITUDE: 90 39 W
TEMPERATURE IN F: :PCPN: SNOW: WIND :SUNSHINE: SKY :PK WND
================================================================================
1 2 3 4 5 6A 6B 7 8 9 10 11 12 13 14 15 16 17 18
12Z AVG MX 2MIN
DY MAX MIN AVG DEP HDD CDD WTR SNW DPTH SPD SPD DIR MIN PSBL S-S WX SPD DR
================================================================================
1 92 67 80 12 0 15 0.00 M M 6.3 13 110 M M 0 18 50
2 92 63 78 10 0 13 0.00 M M 3.6 9 90 M M 2 14 100
3 89 61 75 8 0 10 0.00 M M 5.4 17 150 M M 3 8 20 140
4 78 60 69 2 0 4 0.03 M M 5.8 22 220 M M 5 8 32 220
5 72 63 68 1 0 3 0.76 M M 3.8 15 200 M M 7 1 17 190
6 79 53 66 0 0 1 0.00 M M 8.9 18 10 M M 2 12 27 330
7 68 45 57 -9 8 0 0.00 M M 6.8 15 360 M M 0 19 10
8 73 45 59 -6 6 0 0.00 M M 7.5 18 220 M M 0 8 23 220
9 80 54 67 2 0 2 0.00 M M 7.0 14 240 M M 0 18 230
10 78 52 65 0 0 0 0.00 M M 4.9 15 40 M M 0 8 19 30
11 80 56 68 4 0 3 0.00 M M 6.3 17 200 M M 0 21 200
12 78 52 65 1 0 0 0.00 M M 7.3 17 140 M M 5 18 23 150
13 76 61 69 6 0 4 T M M 11.6 23 200 M M 9 8 28 190
14 66 52 59 -4 6 0 0.00 M M 10.0 20 320 M M M 27 290
15 63 52 58 -5 7 0 0.03 M M 9.2 20 10 M M M 18 27 340
16 67 45 56 -6 9 0 0.00 M M 8.0 18 320 M M M 26 340
17 71 44 58 -4 7 0 0.00 M M 3.1 13 220 M M 0 8 15 260
18 77 42 60 -1 5 0 0.00 M M 6.0 20 190 M M 0 18 24 200
19 83 57 70 9 0 5 T M M 10.0 22 250 M M 2 8 29 250
20 80 53 67 6 0 2 0.00 M M 6.4 16 320 M M 0 24 320
21 89 47 68 8 0 3 0.00 M M 6.7 21 240 M M 0 27 260
22 76 52 64 4 1 0 0.00 M M 7.4 16 70 M M 0 8 19 70
23 83 54 69 10 0 4 0.00 M M 5.8 12 240 M M 0 13 230
24 87 65 76 17 0 11 0.00 M M 9.2 20 150 M M 0 8 26 170
25 84 64 74 16 0 9 0.00 M M 10.4 22 220 M M 1 8 28 230
26 84 63 74 16 0 9 T M M 10.3 24 180 M M 3 8 32 160
27 83 70 77 19 0 12 0.00 M M 9.8 22 240 M M 7 8 29 250
28 71 52 62 5 3 0 1.61 M M 7.9 21 60 M M 9 1 26 60
29 52 44 48 -9 17 0 2.25 M M 7.2 15 360 M M 10 1 23 360
30 50 37 44 -12 21 0 0.05 M M 9.8 18 10 M M 3 28 350
31 53 29 41 -15 24 0 0.00 M M 7.9 17 350 M M 0 31 360
================================================================================
SM 2354 1654 114 110 4.73 M 230.3 M 68
================================================================================
AV 75.9 53.4 7.4 FASTST M M 2 MAX(MPH)
MISC ----> 24 180 # 32 220
================================================================================
NOTES:
# LAST OF SEVERAL OCCURRENCES
COLUMN 17 PEAK WIND IN M.P.H.
PRELIMINARY LOCAL CLIMATOLOGICAL DATA (WS FORM: F-6) , PAGE 2
STATION: JONESBORO
MONTH: OCTOBER
YEAR: 2023
LATITUDE: 35 49 N
LONGITUDE: 90 39 W
[TEMPERATURE DATA] [PRECIPITATION DATA] SYMBOLS USED IN COLUMN 16
AVERAGE MONTHLY: 64.6 TOTAL FOR MONTH: 4.73 1 = FOG OR MIST
DPTR FM NORMAL: 2.4 DPTR FM NORMAL: 0.92 2 = FOG REDUCING VISIBILITY
HIGHEST: 92 ON 2, 1 GRTST 24HR 2.56 ON 28-29 TO 1/4 MILE OR LESS
LOWEST: 29 ON 31 3 = THUNDER
SNOW, ICE PELLETS, HAIL 4 = ICE PELLETS
TOTAL MONTH: M 5 = HAIL
GRTST 24HR M ON M 6 = FREEZING RAIN OR DRIZZLE
GRTST DEPTH: M ON M 7 = DUSTSTORM OR SANDSTORM:
VSBY 1/2 MILE OR LESS
8 = SMOKE OR HAZE
[NO. OF DAYS WITH] [WEATHER - DAYS WITH] 9 = BLOWING SNOW
X = TORNADO
MAX 32 OR BELOW: 0 0.01 INCH OR MORE: 6
MAX 90 OR ABOVE: 2 0.10 INCH OR MORE: 3
MIN 32 OR BELOW: 1 0.50 INCH OR MORE: 3
MIN 0 OR BELOW: 0 1.00 INCH OR MORE: 2
[HDD (BASE 65) ]
TOTAL THIS MO. 114 CLEAR (SCALE 0-3) 20
DPTR FM NORMAL -43 PTCLDY (SCALE 4-7) 5
TOTAL FM JUL 1 114 CLOUDY (SCALE 8-10) 6
DPTR FM NORMAL -57
[CDD (BASE 65) ]
TOTAL THIS MO. 110
DPTR FM NORMAL 41 [PRESSURE DATA]
TOTAL FM JAN 1 2115 HIGHEST SLP 30.46 ON 31
DPTR FM NORMAL 126 LOWEST SLP 29.73 ON 11
[REMARKS]
#FINAL-10-23#