000
CXUS51 KOKX 010910
CF6JFK
PRELIMINARY LOCAL CLIMATOLOGICAL DATA (WS FORM: F-6)
STATION: KENNEDY NY
MONTH: AUGUST
YEAR: 2021
LATITUDE: 40 39 N
LONGITUDE: 73 47 W
TEMPERATURE IN F: :PCPN: SNOW: WIND :SUNSHINE: SKY :PK WND
================================================================================
1 2 3 4 5 6A 6B 7 8 9 10 11 12 13 14 15 16 17 18
12Z AVG MX 2MIN
DY MAX MIN AVG DEP HDD CDD WTR SNW DPTH SPD SPD DIR MIN PSBL S-S WX SPD DR
================================================================================
1 77 65 71 -5 0 6 0.04 0.0 0 9.2 17 160 M M 7 1 22 180
2 82 62 72 -4 0 7 0.00 0.0 0 11.4 20 320 M M 4 24 320
3 80 65 73 -3 0 8 0.00 0.0 0 5.3 12 170 M M 7 14 180
4 76 66 71 -5 0 6 0.00 0.0 0 6.3 13 30 M M 10 16 60
5 81 68 75 -1 0 10 0.00 0.0 0 9.9 17 190 M M 7 21 190
6 84 67 76 0 0 11 0.00 0.0 0 10.7 22 180 M M 2 27 180
7 83 69 76 0 0 11 T 0.0 0 9.7 22 180 M M 7 29 190
8 74 66 70 -6 0 5 0.56 0.0 0 10.4 20 50 M M 10 1 24 50
9 78 70 74 -2 0 9 0.04 0.0 0 8.0 16 20 M M 8 1 19 40
10 81 70 76 0 0 11 0.67 0.0 0 9.1 26 270 M M 7 13 34 270
11 85 73 79 3 0 14 T 0.0 0 9.6 24 280 M M 6 3 31 270
12 89 75 82 6 0 17 T 0.0 0 9.7 18 190 M M 4 3 22 190
13 91 77 84 8 0 19 0.00 0.0 0 9.4 18 190 M M 5 22 180
14 91 76 84 9 0 19 0.00 0.0 0 10.6 18 30 M M 7 22 330
15 82 70 76 1 0 11 0.00 0.0 0 8.3 21 360 M M 8 26 360
16 81 68 75 0 0 10 0.00 0.0 0 7.0 13 140 M M 7 15 140
17 81 71 76 1 0 11 0.00 0.0 0 9.6 16 150 M M 8 22 150
18 83 72 78 3 0 13 0.00 0.0 0 11.0 21 140 M M 9 25 150
19 88 77 83 8 0 18 0.03 0.0 0 16.9 25 240 M M 8 31 180
20 83 74 79 4 0 14 T 0.0 0 7.1 15 360 M M 8 19 350
21 82 71 77 2 0 12 2.13 0.0 0 6.6 16 360 M M 8 13 19 350
22 76 72 74 0 0 9 2.26 0.0 0 12.4 20 210 M M 9 1 24 330
23 87 72 80 6 0 15 0.73 0.0 0 13.8 25 190 M M 8 1 32 180
24 91 71 81 7 0 16 0.00 0.0 0 7.2 16 250 M M 2 20 300
25 89 71 80 6 0 15 0.00 0.0 0 6.4 14 190 M M 3 16 170
26 89 74 82 8 0 17 0.00 0.0 0 9.4 21 190 M M 3 25 190
27 93 76 85 11 0 20 0.03 0.0 0 6.6 26 300 M M 5 3 33 300
28 80 65 73 -1 0 8 0.89 0.0 0 12.2 25 70 M M 9 13 31 60
29 77 67 72 -1 0 7 0.00 0.0 0 6.3 14 40 M M 10 16 30
30 83 72 78 5 0 13 0.00 0.0 0 8.2 18 190 M M 8 1 22 190
31 87 73 80 7 0 15 T 0.0 0 6.6 16 320 M M 8 23 290
================================================================================
SM 2584 2185 0 377 7.38 0.0 284.9 M 212
================================================================================
AV 83.4 70.5 9.2 FASTST M M 7 MAX(MPH)
MISC ----> # 26 270 34 270
================================================================================
NOTES:
# LAST OF SEVERAL OCCURRENCES
COLUMN 17 PEAK WIND IN M.P.H.
PRELIMINARY LOCAL CLIMATOLOGICAL DATA (WS FORM: F-6) , PAGE 2
STATION: KENNEDY NY
MONTH: AUGUST
YEAR: 2021
LATITUDE: 40 39 N
LONGITUDE: 73 47 W
[TEMPERATURE DATA] [PRECIPITATION DATA] SYMBOLS USED IN COLUMN 16
AVERAGE MONTHLY: 76.9 TOTAL FOR MONTH: 7.38 1 = FOG OR MIST
DPTR FM NORMAL: 1.9 DPTR FM NORMAL: 3.27 2 = FOG REDUCING VISIBILITY
HIGHEST: 93 ON 27 GRTST 24HR 4.39 ON 21-22 TO 1/4 MILE OR LESS
LOWEST: 62 ON 2 3 = THUNDER
SNOW, ICE PELLETS, HAIL 4 = ICE PELLETS
TOTAL MONTH: 0.0 INCH 5 = HAIL
GRTST 24HR 0.0 6 = FREEZING RAIN OR DRIZZLE
GRTST DEPTH: 0 7 = DUSTSTORM OR SANDSTORM:
VSBY 1/2 MILE OR LESS
8 = SMOKE OR HAZE
[NO. OF DAYS WITH] [WEATHER - DAYS WITH] 9 = BLOWING SNOW
X = TORNADO
MAX 32 OR BELOW: 0 0.01 INCH OR MORE: 10
MAX 90 OR ABOVE: 4 0.10 INCH OR MORE: 6
MIN 32 OR BELOW: 0 0.50 INCH OR MORE: 6
MIN 0 OR BELOW: 0 1.00 INCH OR MORE: 2
[HDD (BASE 65) ]
TOTAL THIS MO. 0 CLEAR (SCALE 0-3) 4
DPTR FM NORMAL -1 PTCLDY (SCALE 4-7) 19
TOTAL FM JUL 1 1 CLOUDY (SCALE 8-10) 8
DPTR FM NORMAL 1
[CDD (BASE 65) ]
TOTAL THIS MO. 377
DPTR FM NORMAL 66 [PRESSURE DATA]
TOTAL FM JAN 1 974 HIGHEST SLP M ON M
DPTR FM NORMAL 108 LOWEST SLP 29.73 ON 23
[REMARKS]
#FINAL-08-21#