000
CXUS55 KJKL 011000
CF6JKL
PRELIMINARY LOCAL CLIMATOLOGICAL DATA (WS FORM: F-6)
STATION: JACKSON KY
MONTH: FEBRUARY
YEAR: 2020
LATITUDE: 37 35 N
LONGITUDE: 83 19 W
TEMPERATURE IN F: :PCPN: SNOW: WIND :SUNSHINE: SKY :PK WND
================================================================================
1 2 3 4 5 6A 6B 7 8 9 10 11 12 13 14 15 16 17 18
12Z AVG MX 2MIN
DY MAX MIN AVG DEP HDD CDD WTR SNW DPTH SPD SPD DIR MIN PSBL S-S WX SPD DR
================================================================================
1 45 38 42 6 23 0 0.16 0.0 0 4.2 13 260 M M 10 12 24 270
2 65 36 51 15 14 0 0.00 0.0 0 7.8 17 230 M M 2 36 200
3 69 52 61 25 4 0 T 0.0 0 5.9 13 230 M M 1 27 220
4 66 54 60 24 5 0 1.28 T 0 4.6 13 220 M M 9 12 25 240
5 58 37 48 11 17 0 0.65 0.0 0 4.0 10 160 M M 10 12 20 360
6 59 36 48 11 17 0 0.45 0.0 0 5.4 14 300 M M 10 12 21 170
7 37 28 33 -4 32 0 0.24 1.8 2 6.7 15 290 M M 10 1 27 270
8 40 26 33 -4 32 0 0.03 0.2 1 3.4 12 230 M M 8 1 20 220
9 54 30 42 5 23 0 0.00 0.0 T 4.2 13 210 M M 4 1 22 200
10 54 47 51 13 14 0 1.16 0.0 0 5.0 12 190 M M 9 12 22 200
11 54 39 47 9 18 0 0.70 0.0 0 3.5 8 320 M M 10 12 17 30
12 56 37 47 9 18 0 0.71 0.0 0 3.7 20 290 M M 7 12 34 310
13 59 32 46 8 19 0 0.72 T 0 7.5 20 290 M M 10 1 30 300
14 32 20 26 -12 39 0 T 0.1 0 5.3 12 300 M M 6 18 330
15 49 17 33 -6 32 0 0.00 0.0 0 3.5 10 190 M M 0 19 210
16 60 42 51 12 14 0 T 0.0 0 3.6 10 260 M M 9 17 270
17 63 38 51 12 14 0 0.00 0.0 0 4.0 9 200 M M 2 17 70
18 56 43 50 10 15 0 0.37 0.0 0 5.1 10 360 M M 8 1 24 310
19 50 33 42 2 23 0 0.00 0.0 0 3.6 7 50 M M 2 15 360
20 42 27 35 -5 30 0 0.00 0.0 0 4.7 12 20 M M 8 22 350
21 41 19 30 -10 35 0 0.00 0.0 0 2.6 9 30 M M 1 17 40
22 53 24 39 -1 26 0 0.00 0.0 0 2.5 7 220 M M 0 14 180
23 60 34 47 6 18 0 0.00 0.0 0 4.7 10 240 M M 5 20 220
24 49 41 45 4 20 0 0.14 0.0 0 4.0 13 140 M M 9 1 24 130
25 62 48 55 14 10 0 0.14 0.0 0 4.7 13 230 M M 10 1 22 220
26 53 32 43 1 22 0 0.29 0.1 0 7.1 17 300 M M 10 1 32 260
27 38 28 33 -9 32 0 T 0.1 T 6.5 18 300 M M 9 31 300
28 45 31 38 -4 27 0 0.07 1.1 0 6.1 15 270 M M 10 18 27 280
29 41 25 33 -9 32 0 0.01 0.2 1 4.4 13 270 M M 5 1 20 250
================================================================================
SM 1510 994 625 0 7.12 3.6 138.3 M 194
================================================================================
AV 52.1 34.3 4.8 FASTST M M 7 MAX(MPH)
MISC ----> # 20 290 # 36 200
================================================================================
NOTES:
# LAST OF SEVERAL OCCURRENCES
COLUMN 17 PEAK WIND IN M.P.H.
PRELIMINARY LOCAL CLIMATOLOGICAL DATA (WS FORM: F-6) , PAGE 2
STATION: JACKSON KY
MONTH: FEBRUARY
YEAR: 2020
LATITUDE: 37 35 N
LONGITUDE: 83 19 W
[TEMPERATURE DATA] [PRECIPITATION DATA] SYMBOLS USED IN COLUMN 16
AVERAGE MONTHLY: 43.2 TOTAL FOR MONTH: 7.12 1 = FOG OR MIST
DPTR FM NORMAL: 4.4 DPTR FM NORMAL: 3.37 2 = FOG REDUCING VISIBILITY
HIGHEST: 69 ON 3 GRTST 24HR 1.28 ON 4- 4 TO 1/4 MILE OR LESS
LOWEST: 17 ON 15 3 = THUNDER
SNOW, ICE PELLETS, HAIL 4 = ICE PELLETS
TOTAL MONTH: 3.6 INCHES 5 = HAIL
GRTST 24HR 1.8 ON 7- 7 6 = FREEZING RAIN OR DRIZZLE
GRTST DEPTH: 2 ON 7 7 = DUSTSTORM OR SANDSTORM:
VSBY 1/2 MILE OR LESS
8 = SMOKE OR HAZE
[NO. OF DAYS WITH] [WEATHER - DAYS WITH] 9 = BLOWING SNOW
X = TORNADO
MAX 32 OR BELOW: 1 0.01 INCH OR MORE: 16
MAX 90 OR ABOVE: 0 0.10 INCH OR MORE: 13
MIN 32 OR BELOW: 13 0.50 INCH OR MORE: 6
MIN 0 OR BELOW: 0 1.00 INCH OR MORE: 2
[HDD (BASE 65) ]
TOTAL THIS MO. 625 CLEAR (SCALE 0-3) 7
DPTR FM NORMAL -109 PTCLDY (SCALE 4-7) 8
TOTAL FM JUL 1 2829 CLOUDY (SCALE 8-10) 14
DPTR FM NORMAL -494
[CDD (BASE 65) ]
TOTAL THIS MO. 0
DPTR FM NORMAL 0 [PRESSURE DATA]
TOTAL FM JAN 1 0 HIGHEST SLP 30.65 ON 21
DPTR FM NORMAL 0 LOWEST SLP 29.31 ON 7
[REMARKS]
#FINAL-02-20#