000
CXUS53 KBIS 040531
CF6JMS
PRELIMINARY LOCAL CLIMATOLOGICAL DATA (WS FORM: F-6)
STATION: JAMESTOWN ND
MONTH: APRIL
YEAR: 2023
LATITUDE: 46 55 N
LONGITUDE: 98 40 W
TEMPERATURE IN F: :PCPN: SNOW: WIND :SUNSHINE: SKY :PK WND
================================================================================
1 2 3 4 5 6A 6B 7 8 9 10 11 12 13 14 15 16 17 18
12Z AVG MX 2MIN
DY MAX MIN AVG DEP HDD CDD WTR SNW DPTH SPD SPD DIR MIN PSBL S-S WX SPD DR
================================================================================
1 32 7 20 -15 45 0 0.00 M M 12.5 23 180 M M 1 29 180
2 42 20 31 -4 34 0 0.02 M M 14.2 28 310 M M 3 1 39 270
3 33 14 24 -12 41 0 0.00 M M 13.1 24 320 M M 8 31 320
4 27 15 21 -15 44 0 0.72 M M 19.5 30 20 M M 10 128 39 30
5 24 16 20 -17 45 0 0.10 M M 25.0 38 310 M M 7 18 49 310
6 31 5 18 -19 47 0 0.00 M M 7.6 18 280 M M 0 26 280
7 32 9 21 -17 44 0 0.00 M M 10.7 21 120 M M 7 25 120
8 38 3 21 -17 44 0 0.00 M M 8.7 21 120 M M 0 128 26 120
9 51 24 38 -1 27 0 0.00 M M 7.7 18 270 M M 1 1 23 260
10 52 30 41 2 24 0 0.00 M M 8.5 23 220 M M 0 30 220
11 54 32 43 4 22 0 0.00 M M 6.6 21 180 M M 0 25 180
12 48 33 41 1 24 0 0.00 M M 11.0 23 310 M M 0 29 340
13 44 35 40 0 25 0 T M M 14.0 28 50 M M 1 3 36 40
14 46 35 41 0 24 0 0.05 M M 14.3 25 330 M M 7 32 340
15 37 33 35 -6 30 0 0.00 M M 17.7 28 340 M M 9 33 350
16 46 29 38 -4 27 0 0.00 M M 17.1 28 340 M M 1 39 340
17 47 25 36 -6 29 0 0.00 M M 6.0 10 80 M M 0 16 30
18 50 27 39 -3 26 0 0.00 M M 14.8 28 110 M M 1 40 120
19 42 33 38 -5 27 0 0.21 M M 16.3 37 90 M M 9 1 48 90
20 39 29 34 -9 31 0 0.24 M M 10.8 23 350 M M 10 1 28 350
21 32 28 30 -14 35 0 0.03 M M 23.3 31 350 M M 10 1 40 350
22 39 25 32 -12 33 0 0.00 M M 15.0 24 350 M M 1 33 320
23 45 24 35 -10 30 0 0.00 M M 8.6 25 320 M M 3 31 320
24 45 23 34 -11 31 0 0.00 M M 5.9 13 90 M M 1 8 17 70
25 51 26 39 -7 26 0 0.00 M M 8.4 15 130 M M 0 22 130
26 58 30 44 -2 21 0 0.04 M M 11.5 31 190 M M 4 1 40 170
27 50 33 42 -4 23 0 0.12 M M 10.2 26 60 M M 9 1 33 60
28 53 37 45 -2 20 0 T M M 9.5 18 340 M M 8 1 27 330
29 53 36 45 -2 20 0 0.03 M M 15.5 33 340 M M 8 1 44 340
30 54 33 44 -4 21 0 0.00 M M 18.4 29 360 M M 2 40 340
================================================================================
SM 1295 749 920 0 1.56 M 382.4 M 121
================================================================================
AV 43.2 25.0 12.7 FASTST M M 4 MAX(MPH)
MISC ----> 38 310 49 310
================================================================================
NOTES:
# LAST OF SEVERAL OCCURRENCES
COLUMN 17 PEAK WIND IN M.P.H.
PRELIMINARY LOCAL CLIMATOLOGICAL DATA (WS FORM: F-6) , PAGE 2
STATION: JAMESTOWN ND
MONTH: APRIL
YEAR: 2023
LATITUDE: 46 55 N
LONGITUDE: 98 40 W
[TEMPERATURE DATA] [PRECIPITATION DATA] SYMBOLS USED IN COLUMN 16
AVERAGE MONTHLY: 34.1 TOTAL FOR MONTH: 1.56 1 = FOG OR MIST
DPTR FM NORMAL: -7.3 DPTR FM NORMAL: 0.32 2 = FOG REDUCING VISIBILITY
HIGHEST: 58 ON 26 GRTST 24HR 0.72 ON 4- 4 TO 1/4 MILE OR LESS
LOWEST: 3 ON 8 3 = THUNDER
SNOW, ICE PELLETS, HAIL 4 = ICE PELLETS
TOTAL MONTH: M 5 = HAIL
GRTST 24HR M ON M 6 = FREEZING RAIN OR DRIZZLE
GRTST DEPTH: M ON M 7 = DUSTSTORM OR SANDSTORM:
VSBY 1/2 MILE OR LESS
8 = SMOKE OR HAZE
[NO. OF DAYS WITH] [WEATHER - DAYS WITH] 9 = BLOWING SNOW
X = TORNADO
MAX 32 OR BELOW: 6 0.01 INCH OR MORE: 10
MAX 90 OR ABOVE: 0 0.10 INCH OR MORE: 5
MIN 32 OR BELOW: 21 0.50 INCH OR MORE: 1
MIN 0 OR BELOW: 0 1.00 INCH OR MORE: 0
[HDD (BASE 65) ]
TOTAL THIS MO. 920 CLEAR (SCALE 0-3) 15
DPTR FM NORMAL 212 PTCLDY (SCALE 4-7) 7
TOTAL FM JUL 1 9222 CLOUDY (SCALE 8-10) 8
DPTR FM NORMAL 629
[CDD (BASE 65) ]
TOTAL THIS MO. 0
DPTR FM NORMAL 0 [PRESSURE DATA]
TOTAL FM JAN 1 0 HIGHEST SLP 30.47 ON 7
DPTR FM NORMAL 0 LOWEST SLP 29.52 ON 13
[REMARKS]
#FINAL-04-23#
PRECIPITATION TAKEN FROM COOP SITE LOCATED AT THE JAMESTOWN STATE HOSPITAL ON 4/4,4/5,4/19.4/20.4/21