000
CXHW50 PHFO 011250
CF6JRF
PRELIMINARY LOCAL CLIMATOLOGICAL DATA (WS FORM: F-6)
STATION: KALAELOA ARPT/OAHU HI
MONTH: FEBRUARY
YEAR: 2024
LATITUDE: 21 19 N
LONGITUDE: 158 4 W
TEMPERATURE IN F: :PCPN: SNOW: WIND :SUNSHINE: SKY :PK WND
================================================================================
1 2 3 4 5 6A 6B 7 8 9 10 11 12 13 14 15 16 17 18
12Z AVG MX 2MIN
DY MAX MIN AVG DEP HDD CDD WTR SNW DPTH SPD SPD DIR MIN PSBL S-S WX SPD DR
================================================================================
1 81 66 74 1 0 9 0.14 M M 5.5 16 220 M M 10 1 21 220
2 79 67 73 0 0 8 0.00 M M 11.2 22 30 M M 4 37 20
3 78 64 71 -2 0 6 0.00 M M 9.8 17 50 M M 2 32 20
4 80 66 73 0 0 8 T M M 8.7 17 70 M M 5 32 70
5 82 67 75 2 0 10 0.01 M M 8.2 20 100 M M 3 31 90
6 82 69 76 3 0 11 0.00 M M 8.1 20 90 M M 4 37 90
7 83 67 75 2 0 10 0.00 M M 7.4 20 90 M M 3 30 110
8 83 65 74 1 0 9 0.00 M M 6.9 18 130 M M 3 24 140
9 82 67 75 2 0 10 0.03 M M 6.5 14 120 M M 7 1 20 110
10 81 67 74 1 0 9 0.01 M M 5.6 16 130 M M 5 1 20 130
11 81 62 72 -1 0 7 0.00 M M 7.2 18 290 M M 3 23 290
12 82 61 72 -1 0 7 0.10 M M 8.3 16 290 M M 4 1 26 250
13 80 64 72 -1 0 7 0.00 M M 5.1 12 220 M M 3 15 200
14 81 65 73 0 0 8 0.09 M M 9.7 22 250 M M 6 1 27 270
15 78 67 73 0 0 8 0.07 M M 9.7 17 30 M M 10 1 35 50
16 81 66 74 1 0 9 0.00 M M 8.7 17 30 M M 4 30 20
17 80 57 69 -4 0 4 0.00 M M 8.1 16 30 M M 2 27 20
18 79 61 70 -3 0 5 0.00 M M 8.6 16 70 M M 3 29 70
19 81 57 69 -4 0 4 0.00 M M 6.2 17 120 M M 4 26 120
20 82 64 73 0 0 8 0.00 M M 6.1 15 140 M M 6 19 140
21 82 64 73 0 0 8 T M M 6.1 20 120 M M 8 29 120
22 82 68 75 2 0 10 T M M 7.4 18 130 M M 6 26 130
23 79 67 73 0 0 8 T M M 7.4 23 100 M M 4 23 100
24 79 65 72 -1 0 7 0.05 M M 6.7 15 80 M M 4 25 70
25 81 66 74 1 0 9 T M M 7.9 16 50 M M 2 30 80
26 82 63 73 0 0 8 T M M 8.3 18 70 M M 2 32 100
27 82 69 76 3 0 11 0.00 M M 8.9 18 30 M M 1 32 60
28 83 66 75 2 0 10 0.02 M M 7.8 15 60 M M 3 1 29 60
29 83 66 75 2 0 10 0.01 M M 7.7 13 80 M M 3 25 80
================================================================================
SM 2349 1883 0 238 0.53 M 223.8 M 124
================================================================================
AV 81.0 64.9 7.7 FASTST M M 4 MAX(MPH)
MISC ----> 23 100 # 37 20
================================================================================
NOTES:
# LAST OF SEVERAL OCCURRENCES
COLUMN 17 PEAK WIND IN M.P.H.
PRELIMINARY LOCAL CLIMATOLOGICAL DATA (WS FORM: F-6) , PAGE 2
STATION: KALAELOA ARPT/OAHU HI
MONTH: FEBRUARY
YEAR: 2024
LATITUDE: 21 19 N
LONGITUDE: 158 4 W
[TEMPERATURE DATA] [PRECIPITATION DATA] SYMBOLS USED IN COLUMN 16
AVERAGE MONTHLY: 73.0 TOTAL FOR MONTH: 0.53 1 = FOG OR MIST
DPTR FM NORMAL: 0.0 DPTR FM NORMAL: -1.26 2 = FOG REDUCING VISIBILITY
HIGHEST: 83 ON 29,28 GRTST 24HR 0.15 ON 14-15 TO 1/4 MILE OR LESS
LOWEST: 57 ON 19,17 3 = THUNDER
SNOW, ICE PELLETS, HAIL 4 = ICE PELLETS
TOTAL MONTH: M 5 = HAIL
GRTST 24HR M ON M 6 = FREEZING RAIN OR DRIZZLE
GRTST DEPTH: M ON M 7 = DUSTSTORM OR SANDSTORM:
VSBY 1/2 MILE OR LESS
8 = SMOKE OR HAZE
[NO. OF DAYS WITH] [WEATHER - DAYS WITH] 9 = BLOWING SNOW
X = TORNADO
MAX 32 OR BELOW: 0 0.01 INCH OR MORE: 10
MAX 90 OR ABOVE: 0 0.10 INCH OR MORE: 2
MIN 32 OR BELOW: 0 0.50 INCH OR MORE: 0
MIN 0 OR BELOW: 0 1.00 INCH OR MORE: 0
[HDD (BASE 65) ]
TOTAL THIS MO. 0 CLEAR (SCALE 0-3) 8
DPTR FM NORMAL 0 PTCLDY (SCALE 4-7) 19
TOTAL FM JUL 1 0 CLOUDY (SCALE 8-10) 2
DPTR FM NORMAL 0
[CDD (BASE 65) ]
TOTAL THIS MO. 238
DPTR FM NORMAL 14 [PRESSURE DATA]
TOTAL FM JAN 1 510 HIGHEST SLP 30.28 ON 7
DPTR FM NORMAL 44 LOWEST SLP 29.88 ON 13
[REMARKS]
#FINAL-02-24#