000
CXUS52 TJSJ 010451
CF6JSJ
PRELIMINARY LOCAL CLIMATOLOGICAL DATA (WS FORM: F-6)
STATION: SAN JUAN AREA/PR
MONTH: NOVEMBER
YEAR: 2021
LATITUDE: 18 25 N
LONGITUDE: 66 0 W
TEMPERATURE IN F: :PCPN: SNOW: WIND :SUNSHINE: SKY :PK WND
================================================================================
1 2 3 4 5 6A 6B 7 8 9 10 11 12 13 14 15 16 17 18
12Z AVG MX 2MIN
DY MAX MIN AVG DEP HDD CDD WTR SNW DPTH SPD SPD DIR MIN PSBL S-S WX SPD DR
================================================================================
1 88 77 83 1 0 18 0.06 M M 6.7 17 80 M M 3 23 70
2 87 78 83 1 0 18 0.06 M M 5.1 16 60 M M 5 21 70
3 87 78 83 2 0 18 0.27 M M 3.8 16 70 M M 5 8 20 60
4 89 78 84 3 0 19 0.03 M M 6.5 21 90 M M 4 24 90
5 90 77 84 3 0 19 T M M 5.8 21 90 M M 4 25 90
6 90 77 84 3 0 19 0.21 M M 7.1 20 60 M M 3 23 70
7 87 76 82 1 0 17 T M M 4.5 17 50 M M 3 21 70
8 87 76 82 1 0 17 0.03 M M 4.6 13 80 M M 3 17 60
9 88 76 82 1 0 17 0.04 M M 6.4 15 70 M M 7 M M
10 89 78 84 3 0 19 0.09 M M 7.9 21 70 M M 5 18 25 50
11 88 77 83 2 0 18 0.06 M M 7.6 22 80 M M 6 8 25 80
12 89 78 84 3 0 19 0.06 M M 9.1 21 60 M M 4 24 50
13 87 78 83 2 0 18 0.29 M M 5.9 20 60 M M 4 18 24 60
14 88 77 83 2 0 18 0.03 M M 8.2 22 60 M M 4 26 70
15 89 77 83 3 0 18 0.03 M M 8.2 25 90 M M 3 32 90
16 87 77 82 2 0 17 0.03 M M 9.3 21 80 M M 4 25 80
17 88 78 83 3 0 18 0.19 M M 14.7 24 70 M M 5 8 28 70
18 86 78 82 2 0 17 0.13 M M 14.7 25 80 M M 6 34 90
19 85 77 81 1 0 16 0.07 M M 7.9 20 70 M M 3 8 24 70
20 87 76 82 2 0 17 0.01 M M 7.1 15 70 M M 4 23 30
21 87 76 82 2 0 17 0.07 M M 7.1 15 60 M M 4 M M
22 88 76 82 2 0 17 T M M 6.2 17 60 M M 4 21 60
23 90 76 83 3 0 18 0.01 M M 3.6 14 190 M M 3 20 150
24 88 76 82 2 0 17 T M M 3.9 10 340 M M 2 18 360
25 84 75 80 0 0 15 0.88 M M 7.8 23 40 M M 6 29 50
26 85 77 81 1 0 16 T M M 9.6 18 60 M M 3 24 50
27 86 73 80 0 0 15 T M M 4.4 13 10 M M 3 20 10
28 86 76 81 1 0 16 0.14 M M 5.7 16 70 M M 4 8 21 30
29 92 75 84 4 0 19 T M M 4.6 14 150 M M 3 18 140
30 88 76 82 2 0 17 T 0.0 0 8.1 20 60 M M 4 23 60
================================================================================
SM 2630 2300 0 524 2.79 0.0 212.1 M 121
================================================================================
AV 87.7 76.7 7.1 FASTST M M 4 MAX(MPH)
MISC ----> # 25 90 34 90
================================================================================
NOTES:
# LAST OF SEVERAL OCCURRENCES
COLUMN 17 PEAK WIND IN M.P.H.
PRELIMINARY LOCAL CLIMATOLOGICAL DATA (WS FORM: F-6) , PAGE 2
STATION: SAN JUAN AREA/PR
MONTH: NOVEMBER
YEAR: 2021
LATITUDE: 18 25 N
LONGITUDE: 66 0 W
[TEMPERATURE DATA] [PRECIPITATION DATA] SYMBOLS USED IN COLUMN 16
AVERAGE MONTHLY: 82.2 TOTAL FOR MONTH: 2.79 1 = FOG OR MIST
DPTR FM NORMAL: 1.7 DPTR FM NORMAL: -4.58 2 = FOG REDUCING VISIBILITY
HIGHEST: 92 ON 29 GRTST 24HR 0.88 ON 25-25 TO 1/4 MILE OR LESS
LOWEST: 73 ON 27 3 = THUNDER
SNOW, ICE PELLETS, HAIL 4 = ICE PELLETS
TOTAL MONTH: 0.0 INCH 5 = HAIL
GRTST 24HR 0.0 6 = FREEZING RAIN OR DRIZZLE
GRTST DEPTH: 0 7 = DUSTSTORM OR SANDSTORM:
VSBY 1/2 MILE OR LESS
8 = SMOKE OR HAZE
[NO. OF DAYS WITH] [WEATHER - DAYS WITH] 9 = BLOWING SNOW
X = TORNADO
MAX 32 OR BELOW: 0 0.01 INCH OR MORE: 22
MAX 90 OR ABOVE: 4 0.10 INCH OR MORE: 7
MIN 32 OR BELOW: 0 0.50 INCH OR MORE: 1
MIN 0 OR BELOW: 0 1.00 INCH OR MORE: 0
[HDD (BASE 65) ]
TOTAL THIS MO. 0 CLEAR (SCALE 0-3) 6
DPTR FM NORMAL 0 PTCLDY (SCALE 4-7) 24
TOTAL FM JUL 1 0 CLOUDY (SCALE 8-10) 0
DPTR FM NORMAL 0
[CDD (BASE 65) ]
TOTAL THIS MO. 524
DPTR FM NORMAL 59 [PRESSURE DATA]
TOTAL FM JAN 1 5679 HIGHEST SLP M ON M
DPTR FM NORMAL 306 LOWEST SLP 29.84 ON 23
[REMARKS]
#FINAL-11-21#