000
CXUS54 KFWD 010830
CF6JWY
PRELIMINARY LOCAL CLIMATOLOGICAL DATA (WS FORM: F-6)
STATION: WAXAHACHIE
MONTH: JANUARY
YEAR: 2022
LATITUDE: 32 27 N
LONGITUDE: 96 54 W
TEMPERATURE IN F: :PCPN: SNOW: WIND :SUNSHINE: SKY :PK WND
================================================================================
1 2 3 4 5 6A 6B 7 8 9 10 11 12 13 14 15 16 17 18
12Z AVG MX 2MIN
DY MAX MIN AVG DEP HDD CDD WTR SNW DPTH SPD SPD DIR MIN PSBL S-S WX SPD DR
================================================================================
1 74 25 50 6 15 0 0.06 M M 10.5 22 340 M M 7 1 33 340
2 39 18 29 -15 36 0 0.00 M M 14.6 23 340 M M 3 32 320
3 54 21 38 -6 27 0 0.00 M M 3.6 9 160 M M 0 M M
4 63 29 46 2 19 0 0.00 M M 10.0 23 190 M M 0 30 180
5 61 35 48 4 17 0 0.00 M M 4.5 10 30 M M 1 1 20 30
6 40 25 33 -11 32 0 0.00 M M 10.4 22 360 M M 0 29 330
7 47 20 34 -10 31 0 0.00 M M 5.1 10 160 M M 4 M M
8 63 45 54 10 11 0 0.03 M M 7.4 17 200 M M 10 12 22 200
9 62 41 52 8 13 0 0.00 M M 13.3 24 350 M M 8 1 29 350
10 55 32 44 0 21 0 0.00 M M 6.2 13 10 M M 0 18 10
11 58 27 43 -1 22 0 0.00 M M 3.5 10 210 M M 3 17 190
12 64 36 50 6 15 0 0.00 M M 4.3 10 210 M M 4 16 250
13 74 40 57 13 8 0 0.00 M M 4.5 10 10 M M 1 M M
14 76 39 58 14 7 0 0.00 M M 6.6 17 170 M M 1 8 25 270
15 53 31 42 -2 23 0 0.00 M M 22.1 30 340 M M 5 41 340
16 54 28 41 -3 24 0 0.00 M M 6.7 16 330 M M 0 22 330
17 64 29 47 2 18 0 0.00 M M 2.7 8 160 M M 0 M M
18 73 41 57 12 8 0 0.00 M M 13.2 24 180 M M 0 32 180
19 65 36 51 6 14 0 0.00 M M 14.8 25 350 M M 6 33 350
20 37 23 30 -15 35 0 0.00 M M 17.5 23 10 M M 6 31 360
21 44 18 31 -14 34 0 0.00 M M 4.5 8 360 M M 1 M M
22 51 24 38 -7 27 0 0.00 M M 2.0 6 20 M M 0 M M
23 65 30 48 3 17 0 0.00 M M 5.1 13 290 M M 0 21 310
24 55 44 50 5 15 0 0.30 M M 4.0 12 210 M M 9 1 M M
25 57 40 49 4 16 0 0.00 M M 6.1 13 40 M M 3 1 18 40
26 49 30 40 -5 25 0 0.00 M M 5.0 10 80 M M 2 16 30
27 53 31 42 -3 23 0 0.00 M M 3.2 9 350 M M 6 M M
28 56 31 44 -1 21 0 0.00 M M 8.0 15 320 M M 0 21 320
29 68 30 49 3 16 0 0.00 M M 5.6 14 240 M M 0 18 260
30 72 37 55 9 10 0 0.00 M M 7.6 12 190 M M 0 16 240
31 64 44 54 8 11 0 0.00 M M 6.7 15 170 M M 5 21 170
================================================================================
SM 1810 980 611 0 0.39 M 239.1 M 85
================================================================================
AV 58.4 31.6 7.7 FASTST M M 3 MAX(MPH)
MISC ----> 30 340 41 340
================================================================================
NOTES:
# LAST OF SEVERAL OCCURRENCES
COLUMN 17 PEAK WIND IN M.P.H.
PRELIMINARY LOCAL CLIMATOLOGICAL DATA (WS FORM: F-6) , PAGE 2
STATION: WAXAHACHIE
MONTH: JANUARY
YEAR: 2022
LATITUDE: 32 27 N
LONGITUDE: 96 54 W
[TEMPERATURE DATA] [PRECIPITATION DATA] SYMBOLS USED IN COLUMN 16
AVERAGE MONTHLY: 45.0 TOTAL FOR MONTH: 0.39 1 = FOG OR MIST
DPTR FM NORMAL: 0.4 DPTR FM NORMAL: -1.88 2 = FOG REDUCING VISIBILITY
HIGHEST: 76 ON 14 GRTST 24HR 0.30 ON 24-24 TO 1/4 MILE OR LESS
LOWEST: 18 ON 21, 2 3 = THUNDER
SNOW, ICE PELLETS, HAIL 4 = ICE PELLETS
TOTAL MONTH: M 5 = HAIL
GRTST 24HR M ON M 6 = FREEZING RAIN OR DRIZZLE
GRTST DEPTH: M ON M 7 = DUSTSTORM OR SANDSTORM:
VSBY 1/2 MILE OR LESS
8 = SMOKE OR HAZE
[NO. OF DAYS WITH] [WEATHER - DAYS WITH] 9 = BLOWING SNOW
X = TORNADO
MAX 32 OR BELOW: 0 0.01 INCH OR MORE: 3
MAX 90 OR ABOVE: 0 0.10 INCH OR MORE: 1
MIN 32 OR BELOW: 19 0.50 INCH OR MORE: 0
MIN 0 OR BELOW: 0 1.00 INCH OR MORE: 0
[HDD (BASE 65) ]
TOTAL THIS MO. 611 CLEAR (SCALE 0-3) 18
DPTR FM NORMAL -21 PTCLDY (SCALE 4-7) 11
TOTAL FM JUL 1 946 CLOUDY (SCALE 8-10) 2
DPTR FM NORMAL -679
[CDD (BASE 65) ]
TOTAL THIS MO. 0
DPTR FM NORMAL -1 [PRESSURE DATA]
TOTAL FM JAN 1 0 HIGHEST SLP M ON M
DPTR FM NORMAL -1 LOWEST SLP M ON M
[REMARKS]
#FINAL-01-22#