000
CXUS53 KGRR 310100 RRA
CLSJXN
WRKCLSJXN 000
TTAA00 GRR 310026
CLIMATE REPORT
NATIONAL WEATHER SERVICE GRAND RAPIDS, MICHIGAN
716 PM EST SAT DEC 30 2023
...................................
...THE JACKSON CLIMATE SUMMARY FOR THE SEASON, FROM
3/1/2023 TO 5/31/2023...
CLIMATE NORMAL PERIOD: 1991 TO 2020
CLIMATE RECORD PERIOD: 1944 TO 2023
WEATHER OBSERVED NORMAL DEPART LAST YEAR`S
VALUE DATE(S) VALUE FROM VALUE DATE(S)
NORMAL
................................................................
TEMPERATURE (F)
HIGHEST 84 04/14 MM MM 88 05/31
04/15
LOWEST 16 03/15 MM MM 10 03/12
03/19
03/30
AVG. MAXIMUM 57.7 57.9 -0.2 57.7
AVG. MINIMUM 36.1 37.2 -1.1 37.7
MEAN 46.9 47.5 -0.6 47.7
DAYS MAX >= 90 0 0.2 -0.2 0
DAYS MAX <= 32 2 5.0 -3.0 5
DAYS MIN <= 32 33 34.6 -1.6 36
DAYS MIN <= 0 0 0.3 -0.3 0
PRECIPITATION (INCHES)
TOTALS 7.56 8.27 -0.71 9.84
DAILY AVG. 0.09 0.09 0.00 0.11
DAYS >= .01 39 36.2 2.8 43
DAYS >= .10 18 19.5 -1.5 23
DAYS >= .50 3 5.2 -2.2 6
DAYS >= 1.00 1 1.1 -0.1 0
GREATEST
24 HR. TOTAL 1.43 03/31 TO 03/31
DEGREE DAYS
HEATING TOTAL 1547 1654 -107 1649
SINCE 7/1 5769 6424 -655 MM
COOLING TOTAL 14 45 -31 87
SINCE 1/1 14 45 -31 MM
FREEZE DATES
EARLIEST 10/22
LATEST 05/26
................................................................
WIND (MPH)
AVERAGE WIND SPEED 7.9
RESULTANT WIND SPEED/DIRECTION 1/210
HIGHEST WIND SPEED/DIRECTION 39/240 DATE 04/05
HIGHEST GUST SPEED/DIRECTION 62/250 DATE 04/05
SKY COVER
POSSIBLE SUNSHINE (PERCENT) MM
AVERAGE SKY COVER 0.40
NUMBER OF DAYS FAIR 24
NUMBER OF DAYS PC 18
NUMBER OF DAYS CLOUDY 19
AVERAGE RH (PERCENT) 65
WEATHER CONDITIONS. NUMBER OF DAYS WITH
THUNDERSTORM 8 MIXED PRECIP 0
HEAVY RAIN 10 RAIN 14
LIGHT RAIN 33 FREEZING RAIN 0
LT FREEZING RAIN 0 HAIL 0
HEAVY SNOW 2 SNOW 5
LIGHT SNOW 17 SLEET 0
FOG 48 FOG W/VIS <= 1/4 MILE 3
HAZE 16
- INDICATES NEGATIVE NUMBERS.
R INDICATES RECORD WAS SET OR TIED.
MM INDICATES DATA IS MISSING.
T INDICATES TRACE AMOUNT.
$$