000
CXUS53 KGID 020410 AAA
CF6JYR
PRELIMINARY LOCAL CLIMATOLOGICAL DATA (WS FORM: F-6)
STATION: YORK NE
MONTH: DECEMBER
YEAR: 2021
LATITUDE: 40 54 N
LONGITUDE: 97 37 W
TEMPERATURE IN F: :PCPN: SNOW: WIND :SUNSHINE: SKY :PK WND
================================================================================
1 2 3 4 5 6A 6B 7 8 9 10 11 12 13 14 15 16 17 18
12Z AVG MX 2MIN
DY MAX MIN AVG DEP HDD CDD WTR SNW DPTH SPD SPD DIR MIN PSBL S-S WX SPD DR
================================================================================
1 66 34 50 M 15 0 0.00 M M 11.3 18 250 M M 0 25 250
2 70 41 56 M 9 0 0.00 M M 8.1 15 290 M M 0 12 290
3 59 34 47 M 18 0 0.00 M M 13.4 23 360 M M 0 30 360
4 45 27 36 M 29 0 0.00 M M 9.7 14 150 M M 4 1 17 40
5 54 27 41 M 24 0 0.00 M M 16.5 29 320 M M 1 33 350
6 30 16 23 M 42 0 0.00 M M 10.5 18 320 M M 3 27 320
7 43 23 33 M 32 0 0.00 M M 11.4 18 230 M M 3 24 170
8 50 19 35 M 30 0 0.00 M M 8.1 15 170 M M 1 20 150
9 55 28 42 M 23 0 0.00 M M 11.3 24 320 M M 1 24 310
10 41 28 35 M 30 0 M M M 18.6 24 10 M M 10 1 31 360
11 39 21 30 M 35 0 0.00 M M 13.2 18 310 M M 2 24 310
12 50 27 39 M 26 0 0.00 M M 11.9 16 180 M M 0 22 180
13 55 25 40 M 25 0 0.00 M M 6.1 10 100 M M 0 M M
14 55 25 40 M 25 0 0.00 M M 6.4 13 170 M M 0 21 170
15 70 30 50 M 15 0 0.25 M M 22.6 45 290 M M 3 8 61 290
16 43 25 34 M 31 0 0.00 M M 10.3 25 300 M M 0 33 300
17 41 25 33 M 32 0 0.00 M M 8.9 20 320 M M 0 21 310
18 27 10 19 M 46 0 0.00 M M 10.8 22 330 M M 6 30 330
19 41 10 26 M 39 0 0.00 M M 14.5 25 190 M M 0 32 190
20 32 12 22 M 43 0 0.00 M M 11.9 29 360 M M 0 35 350
21 48 14 31 M 34 0 0.00 M M 9.2 18 340 M M 0 25 330
22 55 19 37 M 28 0 0.00 M M 10.1 18 220 M M 0 13 240
23 59 30 45 M 20 0 0.00 M M 8.3 13 180 M M 0 M M
24 61 25 43 M 22 0 0.00 M M 10.3 18 10 M M 3 1 25 10
25 55 19 37 M 28 0 0.00 M M 7.2 14 270 M M 1 21 340
26 54 19 37 M 28 0 0.00 M M 8.2 18 120 M M 1 1 27 110
27 34 19 27 M 38 0 0.00 M M 8.2 13 140 M M 0 M M
28 36 10 23 M 42 0 0.00 M M 10.5 25 320 M M 1 32 320
29 28 9 19 M 46 0 0.00 M M 6.2 12 70 M M 4 14 40
30 41 10 26 M 39 0 0.00 M M 8.6 18 190 M M 1 25 190
31 27 7 17 M 48 0 T M M 17.1 33 10 M M 7 1 41 10
================================================================================
SM 1464 668 942 0 M M 339.4 M 52
================================================================================
AV 47.2 21.5 10.9 FASTST M M 2 MAX(MPH)
MISC ----> 45 290 M M
================================================================================
NOTES:
# LAST OF SEVERAL OCCURRENCES
COLUMN 17 PEAK WIND IN M.P.H.
PRELIMINARY LOCAL CLIMATOLOGICAL DATA (WS FORM: F-6) , PAGE 2
STATION: YORK NE
MONTH: DECEMBER
YEAR: 2021
LATITUDE: 40 54 N
LONGITUDE: 97 37 W
[TEMPERATURE DATA] [PRECIPITATION DATA] SYMBOLS USED IN COLUMN 16
AVERAGE MONTHLY: 34.4 TOTAL FOR MONTH: M 1 = FOG OR MIST
DPTR FM NORMAL: M DPTR FM NORMAL: M 2 = FOG REDUCING VISIBILITY
HIGHEST: 70 ON 15, 2 GRTST 24HR M ON M TO 1/4 MILE OR LESS
LOWEST: 7 ON 31 3 = THUNDER
SNOW, ICE PELLETS, HAIL 4 = ICE PELLETS
TOTAL MONTH: M 5 = HAIL
GRTST 24HR M ON M 6 = FREEZING RAIN OR DRIZZLE
GRTST DEPTH: M ON M 7 = DUSTSTORM OR SANDSTORM:
VSBY 1/2 MILE OR LESS
8 = SMOKE OR HAZE
[NO. OF DAYS WITH] [WEATHER - DAYS WITH] 9 = BLOWING SNOW
X = TORNADO
MAX 32 OR BELOW: 5 0.01 INCH OR MORE: M
MAX 90 OR ABOVE: 0 0.10 INCH OR MORE: M
MIN 32 OR BELOW: 28 0.50 INCH OR MORE: M
MIN 0 OR BELOW: 0 1.00 INCH OR MORE: M
[HDD (BASE 65) ]
TOTAL THIS MO. 942 CLEAR (SCALE 0-3) 25
DPTR FM NORMAL M PTCLDY (SCALE 4-7) 5
TOTAL FM JUL 1 1941 CLOUDY (SCALE 8-10) 1
DPTR FM NORMAL M
[CDD (BASE 65) ]
TOTAL THIS MO. 0
DPTR FM NORMAL M [PRESSURE DATA]
TOTAL FM JAN 1 1099 HIGHEST SLP M ON M
DPTR FM NORMAL M LOWEST SLP M ON M
[REMARKS]
#FINAL-12-21#