000
CXUS53 KIND 010600
CF6LAF
PRELIMINARY LOCAL CLIMATOLOGICAL DATA (WS FORM: F-6)
STATION: LAFAYETTE IN
MONTH: JUNE
YEAR: 2021
LATITUDE: 40 25 N
LONGITUDE: 86 56 W
TEMPERATURE IN F: :PCPN: SNOW: WIND :SUNSHINE: SKY :PK WND
================================================================================
1 2 3 4 5 6A 6B 7 8 9 10 11 12 13 14 15 16 17 18
12Z AVG MX 2MIN
DY MAX MIN AVG DEP HDD CDD WTR SNW DPTH SPD SPD DIR MIN PSBL S-S WX SPD DR
================================================================================
1 79 60 70 3 0 5 0.00 M M 1.2 8 20 M M 3 11 110
2 73 63 68 1 0 3 0.03 M M 3.0 12 110 M M 9 8 15 90
3 88 62 75 7 0 10 0.00 M M 3.0 13 20 M M 2 8 18 10
4 93 61 77 9 0 12 0.00 M M 6.3 16 270 M M 0 8 24 280
5 91 64 78 10 0 13 0.00 M M 5.6 16 270 M M 1 21 220
6 88 66 77 9 0 12 0.00 M M 6.7 14 190 M M 2 23 170
7 89 74 82 13 0 17 0.16 M M 5.7 13 240 M M 6 21 250
8 92 73 83 14 0 18 T M M 3.2 15 200 M M 4 25 190
9 90 73 82 13 0 17 T M M 6.3 15 90 M M 6 20 100
10 92 72 82 12 0 17 0.00 M M 3.8 13 70 M M 3 8 16 110
11 96 71 84 14 0 19 0.00 M M 3.2 12 320 M M 3 38 19 320
12 98 68 83 13 0 18 0.33 M M 2.8 26 30 M M 1 38 36 40
13 92 66 79 9 0 14 0.00 M M 6.2 18 350 M M 0 8 25 350
14 87 62 75 4 0 10 0.00 M M 10.2 22 330 M M 0 35 340
15 87 57 72 1 0 7 0.00 M M 7.2 17 350 M M 1 25 350
16 87 53 70 -1 0 5 0.00 M M 3.2 12 350 M M 0 18 360
17 93 54 74 3 0 9 0.00 M M 3.2 12 250 M M 0 17 240
18 100 76 88 16 0 23 0.02 M M 8.4 21 250 M M 1 3 32 250
19 88 73 81 9 0 16 0.83 M M 8.0 18 230 M M 6 3 28 250
20 93 76 85 13 0 20 0.01 M M 5.9 15 270 M M 2 8 25 230
21 86 63 75 3 0 10 0.05 M M 10.3 24 230 M M 7 3 34 220
22 80 53 67 -5 0 2 0.00 M M 3.7 14 280 M M 1 22 260
23 83 63 73 1 0 8 0.02 M M 5.8 16 190 M M 5 29 170
24 85 66 76 3 0 11 0.08 M M 5.7 15 210 M M 3 1 25 220
25 81 70 76 3 0 11 0.77 M M 6.9 16 190 M M 7 13 29 180
26 86 70 78 5 0 13 0.53 M M 10.2 30 280 M M 8 138 48 270
27 88 71 80 7 0 15 1.26 M M 6.0 25 290 M M 7 13 34 210
28 90 69 80 7 0 15 0.05 M M 4.7 13 210 M M 2 13 21 220
29 90 72 81 8 0 16 T M M 2.8 18 300 M M 1 13 25 300
30 78 71 75 2 0 10 0.21 M M 2.8 9 280 M M 6 1 12 290
================================================================================
SM 2643 1992 0 376 4.35 M 162.0 M 97
================================================================================
AV 88.1 66.4 5.4 FASTST M M 3 MAX(MPH)
MISC ----> 30 280 48 270
================================================================================
NOTES:
# LAST OF SEVERAL OCCURRENCES
COLUMN 17 PEAK WIND IN M.P.H.
PRELIMINARY LOCAL CLIMATOLOGICAL DATA (WS FORM: F-6) , PAGE 2
STATION: LAFAYETTE IN
MONTH: JUNE
YEAR: 2021
LATITUDE: 40 25 N
LONGITUDE: 86 56 W
[TEMPERATURE DATA] [PRECIPITATION DATA] SYMBOLS USED IN COLUMN 16
AVERAGE MONTHLY: 77.3 TOTAL FOR MONTH: 4.35 1 = FOG OR MIST
DPTR FM NORMAL: 6.6 DPTR FM NORMAL: -0.21 2 = FOG REDUCING VISIBILITY
HIGHEST: 100 ON 18 GRTST 24HR 1.61 ON 26-27 TO 1/4 MILE OR LESS
LOWEST: 53 ON 22,16 3 = THUNDER
SNOW, ICE PELLETS, HAIL 4 = ICE PELLETS
TOTAL MONTH: M 5 = HAIL
GRTST 24HR M ON M 6 = FREEZING RAIN OR DRIZZLE
GRTST DEPTH: M ON M 7 = DUSTSTORM OR SANDSTORM:
VSBY 1/2 MILE OR LESS
8 = SMOKE OR HAZE
[NO. OF DAYS WITH] [WEATHER - DAYS WITH] 9 = BLOWING SNOW
X = TORNADO
MAX 32 OR BELOW: 0 0.01 INCH OR MORE: 14
MAX 90 OR ABOVE: 13 0.10 INCH OR MORE: 7
MIN 32 OR BELOW: 0 0.50 INCH OR MORE: 4
MIN 0 OR BELOW: 0 1.00 INCH OR MORE: 1
[HDD (BASE 65) ]
TOTAL THIS MO. 0 CLEAR (SCALE 0-3) 18
DPTR FM NORMAL -24 PTCLDY (SCALE 4-7) 11
TOTAL FM JUL 1 4874 CLOUDY (SCALE 8-10) 1
DPTR FM NORMAL -947
[CDD (BASE 65) ]
TOTAL THIS MO. 376
DPTR FM NORMAL 183 [PRESSURE DATA]
TOTAL FM JAN 1 540 HIGHEST SLP M ON M
DPTR FM NORMAL 273 LOWEST SLP 29.49 ON 21
[REMARKS]
#FINAL-06-21#