000
CXUS54 KOUN 011227
CF6LAW
PRELIMINARY LOCAL CLIMATOLOGICAL DATA (WS FORM: F-6)
STATION: LAWTON
MONTH: APRIL
YEAR: 2021
LATITUDE: 34 34 N
LONGITUDE: 98 25 W
TEMPERATURE IN F: :PCPN: SNOW: WIND :SUNSHINE: SKY :PK WND
================================================================================
1 2 3 4 5 6A 6B 7 8 9 10 11 12 13 14 15 16 17 18
12Z AVG MX 2MIN
DY MAX MIN AVG DEP HDD CDD WTR SNW DPTH SPD SPD DIR MIN PSBL S-S WX SPD DR
================================================================================
1 68 32 50 -9 15 0 0.00 0.0 0 4.5 13 150 M M 0 1 17 160
2 70 34 52 -7 13 0 0.00 0.0 0 11.9 24 170 M M 2 30 160
3 76 42 59 0 6 0 0.00 0.0 0 10.0 20 170 M M 0 24 160
4 72 46 59 0 6 0 0.00 0.0 0 7.5 17 170 M M 7 1 23 170
5 81 53 67 7 0 2 0.00 0.0 0 13.9 25 170 M M 2 34 170
6 85 60 73 13 0 8 0.00 0.0 0 18.1 31 170 M M 4 40 170
7 72 47 60 0 5 0 0.00 0.0 0 12.2 26 360 M M 1 36 290
8 82 40 61 1 4 0 0.00 0.0 0 6.0 16 190 M M 0 22 200
9 85 51 68 8 0 3 0.00 0.0 0 14.1 37 360 M M 2 48 360
10 72 39 56 -5 9 0 0.00 0.0 0 8.6 23 10 M M 0 29 10
11 85 36 61 0 4 0 0.00 0.0 0 7.4 20 180 M M 0 25 190
12 68 53 61 0 4 0 0.00 0.0 0 18.9 32 30 M M 0 41 30
13 70 50 60 -1 5 0 0.93 0.0 0 16.1 26 30 M M 8 13 35 30
14 57 49 53 -9 12 0 0.34 0.0 0 12.7 24 30 M M 10 13 32 20
15 56 49 53 -9 12 0 0.26 0.0 0 9.7 21 70 M M 10 1 25 70
16 56 46 51 -11 14 0 0.13 0.0 0 13.0 26 360 M M 10 1 32 360
17 59 39 49 -13 16 0 0.00 0.0 0 9.6 23 360 M M 5 28 10
18 69 36 53 -10 12 0 0.00 0.0 0 5.0 18 360 M M 0 25 330
19 76 36 56 -7 9 0 0.00 0.0 0 6.1 14 250 M M 0 1 20 260
20 56 31 44 -19 21 0 0.00 0.0 0 17.4 33 10 M M 3 40 360
21 63 31 47 -16 18 0 0.00 0.0 0 4.1 13 50 M M 1 18 60
22 59 49 54 -10 11 0 0.00 0.0 0 9.3 20 160 M M 10 26 160
23 66 53 60 -4 5 0 0.47 0.0 0 9.3 24 290 M M 9 13 38 280
24 71 50 61 -3 4 0 0.00 0.0 0 8.7 20 10 M M 5 24 350
25 82 41 62 -2 3 0 0.00 0.0 0 12.4 26 160 M M 1 12 34 170
26 81 59 70 5 0 5 0.00 0.0 0 14.7 26 160 M M 0 36 160
27 74 64 69 4 0 4 1.52 0.0 0 12.1 24 50 M M 4 13 30 130
28 80 64 72 7 0 7 0.21 0.0 0 8.7 28 360 M M 6 13 34 360
29 77 56 67 1 0 2 0.01 0.0 0 14.1 30 20 M M 3 35 20
30 80 57 69 3 0 4 0.00 0.0 0 7.3 18 90 M M 3 24 100
================================================================================
SM 2148 1393 208 35 3.87 0.0 323.4 M 106
================================================================================
AV 71.6 46.4 10.8 FASTST M M 4 MAX(MPH)
MISC ----> 37 360 48 360
================================================================================
NOTES:
# LAST OF SEVERAL OCCURRENCES
COLUMN 17 PEAK WIND IN M.P.H.
PRELIMINARY LOCAL CLIMATOLOGICAL DATA (WS FORM: F-6) , PAGE 2
STATION: LAWTON
MONTH: APRIL
YEAR: 2021
LATITUDE: 34 34 N
LONGITUDE: 98 25 W
[TEMPERATURE DATA] [PRECIPITATION DATA] SYMBOLS USED IN COLUMN 16
AVERAGE MONTHLY: 59.0 TOTAL FOR MONTH: 3.87 1 = FOG OR MIST
DPTR FM NORMAL: -3.1 DPTR FM NORMAL: 1.08 2 = FOG REDUCING VISIBILITY
HIGHEST: 85 ON 11, 9 GRTST 24HR 1.72 ON 27-28 TO 1/4 MILE OR LESS
LOWEST: 31 ON 21,20 3 = THUNDER
SNOW, ICE PELLETS, HAIL 4 = ICE PELLETS
TOTAL MONTH: 0.0 INCH 5 = HAIL
GRTST 24HR 0.0 6 = FREEZING RAIN OR DRIZZLE
GRTST DEPTH: 0 7 = DUSTSTORM OR SANDSTORM:
VSBY 1/2 MILE OR LESS
8 = SMOKE OR HAZE
[NO. OF DAYS WITH] [WEATHER - DAYS WITH] 9 = BLOWING SNOW
X = TORNADO
MAX 32 OR BELOW: 0 0.01 INCH OR MORE: 8
MAX 90 OR ABOVE: 0 0.10 INCH OR MORE: 7
MIN 32 OR BELOW: 3 0.50 INCH OR MORE: 2
MIN 0 OR BELOW: 0 1.00 INCH OR MORE: 1
[HDD (BASE 65) ]
TOTAL THIS MO. 208 CLEAR (SCALE 0-3) 16
DPTR FM NORMAL 63 PTCLDY (SCALE 4-7) 9
TOTAL FM JUL 1 3301 CLOUDY (SCALE 8-10) 5
DPTR FM NORMAL 173
[CDD (BASE 65) ]
TOTAL THIS MO. 35
DPTR FM NORMAL -23 [PRESSURE DATA]
TOTAL FM JAN 1 46 HIGHEST SLP 30.57 ON 1
DPTR FM NORMAL -30 LOWEST SLP 29.52 ON 9
[REMARKS]
#FINAL-04-21#