000
CXUS53 KLBF 011410
CF6LBF
PRELIMINARY LOCAL CLIMATOLOGICAL DATA (WS FORM: F-6)
STATION: NORTH PLATTE
MONTH: AUGUST
YEAR: 2023
LATITUDE: 41 7 N
LONGITUDE: 100 41 W
TEMPERATURE IN F: :PCPN: SNOW: WIND :SUNSHINE: SKY :PK WND
================================================================================
1 2 3 4 5 6A 6B 7 8 9 10 11 12 13 14 15 16 17 18
12Z AVG MX 2MIN
DY MAX MIN AVG DEP HDD CDD WTR SNW DPTH SPD SPD DIR MIN PSBL S-S WX SPD DR
================================================================================
1 87 70 79 3 0 14 0.01 0.0 0 7.3 14 110 M M 3 13 20 110
2 89 67 78 2 0 13 0.10 0.0 0 5.4 15 250 M M 2 13 22 250
3 86 66 76 1 0 11 1.50 0.0 0 6.5 31 290 M M 4 13 41 290
4 88 64 76 1 0 11 0.36 0.0 0 6.5 32 300 M M 3 13 44 290
5 85 61 73 -2 0 8 T 0.0 0 12.3 23 310 M M 1 3 33 300
6 79 58 69 -6 0 4 0.00 0.0 0 13.8 26 320 M M 6 37 320
7 75 54 65 -10 0 0 0.59 0.0 0 6.0 26 360 M M 5 13 40 360
8 82 54 68 -7 0 3 0.09 T 0 4.5 30 360 M M 5 13 42 350
9 84 60 72 -2 0 7 0.03 0.0 0 3.8 12 300 M M 2 3 16 290
10 89 58 74 0 0 9 0.01 0.0 0 6.0 24 290 M M 1 3 36 290
11 92 58 75 1 0 10 T 0.0 0 3.9 14 30 M M 0 18 40
12 85 62 74 0 0 9 T 0.0 0 7.7 17 170 M M 0 26 170
13 75 52 64 -10 1 0 0.00 0.0 0 9.9 22 350 M M 3 31 340
14 79 50 65 -9 0 0 0.00 0.0 0 8.2 21 330 M M 1 30 330
15 88 48 68 -5 0 3 0.00 0.0 0 3.9 12 210 M M 0 18 220
16 100 57 79 6 0 14 0.00 0.0 0 5.4 16 360 M M 0 22 350
17 83 58 71 -2 0 6 0.00 0.0 0 5.9 12 110 M M 0 16 160
18 96 60 78 5 0 13 0.00 0.0 0 10.5 21 180 M M 0 29 180
19 99 66 83 10 0 18 0.00 0.0 0 8.2 16 290 M M 0 1 21 290
20 92 69 81 9 0 16 0.00 0.0 0 11.5 20 120 M M 3 27 120
21 102 66 84 12 0 19 0.00 0.0 0 10.4 23 210 M M 0 1 32 200
22 103 74 89 17 0 24 0.00 0.0 0 13.2 25 200 M M 0 38 190
23 102 71 87 15 0 22 0.00 0.0 0 6.4 22 220 M M 0 28 230
24 100 65 83 12 0 18 0.00 0.0 0 6.8 15 230 M M 1 19 240
25 90 67 79 8 0 14 0.03 0.0 0 12.1 29 20 M M 5 3 41 20
26 82 56 69 -2 0 4 0.00 0.0 0 5.4 12 10 M M 1 17 350
27 88 50 69 -2 0 4 0.00 0.0 0 4.9 10 120 M M 0 1 15 150
28 84 55 70 0 0 5 0.00 0.0 0 5.0 22 280 M M 4 30 290
29 89 50 70 0 0 5 0.00 0.0 0 5.5 15 30 M M 0 8 24 10
30 90 50 70 0 0 5 0.00 0.0 0 8.4 18 170 M M 0 18 29 160
31 94 64 79 9 0 14 0.00 0.0 0 11.4 24 170 M M 0 37 180
================================================================================
SM 2757 1860 1 303 2.72 T 236.7 M 50
================================================================================
AV 88.9 60.0 7.6 FASTST M M 2 MAX(MPH)
MISC ----> 32 300 44 290
================================================================================
NOTES:
# LAST OF SEVERAL OCCURRENCES
COLUMN 17 PEAK WIND IN M.P.H.
PRELIMINARY LOCAL CLIMATOLOGICAL DATA (WS FORM: F-6) , PAGE 2
STATION: NORTH PLATTE
MONTH: AUGUST
YEAR: 2023
LATITUDE: 41 7 N
LONGITUDE: 100 41 W
[TEMPERATURE DATA] [PRECIPITATION DATA] SYMBOLS USED IN COLUMN 16
AVERAGE MONTHLY: 74.5 TOTAL FOR MONTH: 2.72 1 = FOG OR MIST
DPTR FM NORMAL: 1.5 DPTR FM NORMAL: 0.16 2 = FOG REDUCING VISIBILITY
HIGHEST: 103 ON 22 GRTST 24HR 1.58 ON 2- 3 TO 1/4 MILE OR LESS
LOWEST: 48 ON 15 3 = THUNDER
SNOW, ICE PELLETS, HAIL 4 = ICE PELLETS
TOTAL MONTH: T 5 = HAIL
GRTST 24HR T ON 8- 8 6 = FREEZING RAIN OR DRIZZLE
GRTST DEPTH: 0 7 = DUSTSTORM OR SANDSTORM:
VSBY 1/2 MILE OR LESS
8 = SMOKE OR HAZE
[NO. OF DAYS WITH] [WEATHER - DAYS WITH] 9 = BLOWING SNOW
X = TORNADO
MAX 32 OR BELOW: 0 0.01 INCH OR MORE: 9
MAX 90 OR ABOVE: 12 0.10 INCH OR MORE: 4
MIN 32 OR BELOW: 0 0.50 INCH OR MORE: 2
MIN 0 OR BELOW: 0 1.00 INCH OR MORE: 1
[HDD (BASE 65) ]
TOTAL THIS MO. 1 CLEAR (SCALE 0-3) 25
DPTR FM NORMAL -10 PTCLDY (SCALE 4-7) 6
TOTAL FM JUL 1 12 CLOUDY (SCALE 8-10) 0
DPTR FM NORMAL 2
[CDD (BASE 65) ]
TOTAL THIS MO. 303
DPTR FM NORMAL 44 [PRESSURE DATA]
TOTAL FM JAN 1 781 HIGHEST SLP 30.25 ON 14
DPTR FM NORMAL -22 LOWEST SLP 29.68 ON 10
[REMARKS]
#FINAL-08-23#