000
CXUS53 KLBF 011342
CLMLBF
CLIMATE REPORT
NATIONAL WEATHER SERVICE NORTH PLATTE NE
742 AM CST THU FEB 01 2024
...................................
...THE NORTH PLATTE CLIMATE SUMMARY FOR THE MONTH OF JANUARY 2024...
CLIMATE NORMAL PERIOD 1991 TO 2020
CLIMATE RECORD PERIOD 1874 TO 2024
WEATHER OBSERVED NORMAL DEPART LAST YEAR`S
VALUE DATE(S) VALUE FROM VALUE DATE(S)
NORMAL
................................................................
TEMPERATURE (F)
RECORD
HIGH 74 01/27/2015
LOW -35 01/15/1888
HIGHEST 68 01/31 59 9 43 01/09
01/16
01/27
LOWEST -20 01/16 -10 -10 -11 01/31
AVG. MAXIMUM 35.2 40.7 -5.5 33.5
AVG. MINIMUM 9.8 11.9 -2.1 12.5
MEAN 22.5 26.3 -3.8 23.0
DAYS MAX >= 90 0 0.0 0.0 0
DAYS MAX <= 32 14 9.4 4.6 10
DAYS MIN <= 32 31 31.0 0.0 31
DAYS MIN <= 0 9 4.7 4.3 5
PRECIPITATION (INCHES)
RECORD
MAXIMUM 2.33 1879
MINIMUM T 1997
TOTALS 0.28 0.39 -0.11 1.87
DAILY AVG. 0.01 0.01 -0.00 0.06
DAYS >= .01 6 4.4 1.6 8
DAYS >= .10 0 1.3 -1.3 3
DAYS >= .50 0 0.1 -0.1 2
DAYS >= 1.00 0 0.0 0.0 1
GREATEST
24 HR. TOTAL 0.08 01/15 TO 01/15 1.03 01/18 TO 01/18
SNOWFALL (INCHES)
RECORDS
TOTAL 22.6 2023
TOTALS 4.8 5.1 -0.3 22.6
SINCE 7/1 18.3 14.9 3.4 MM
SNOWDEPTH AVG. 1 6
DAYS >= 1.0 3 1.5 1.5 3
GREATEST
SNOW DEPTH 2 01/14 15 01/19
01/15
01/16
24 HR TOTAL 1.6 01/15 TO 01/15
DEGREE DAYS
HEATING TOTAL 1310 1200 110 1296
SINCE 7/1 3543 3801 -258 MM
COOLING TOTAL 0 0 0 0
SINCE 1/1 0 0 0 MM
................................................................
WIND (MPH)
AVERAGE WIND SPEED 7.3
HIGHEST WIND SPEED/DIRECTION 32/340 DATE 01/18
HIGHEST GUST SPEED/DIRECTION 42/350 DATE 01/08
42/340 01/18
SKY COVER
POSSIBLE SUNSHINE (PERCENT) MM
AVERAGE SKY COVER 0.37
NUMBER OF DAYS FAIR 15
NUMBER OF DAYS PC 7
NUMBER OF DAYS CLOUDY 9
AVERAGE RH (PERCENT) 72
WEATHER CONDITIONS. NUMBER OF DAYS WITH
THUNDERSTORM 0 MIXED PRECIP 0
HEAVY RAIN 0 RAIN 0
LIGHT RAIN 0 FREEZING RAIN 0
LT FREEZING RAIN 0 HAIL 0
HEAVY SNOW 0 SNOW 1
LIGHT SNOW 6 SLEET 0
FOG 11 FOG W/VIS <= 1/4 MILE 4
HAZE 6
- INDICATES NEGATIVE NUMBERS.
R INDICATES RECORD WAS SET OR TIED.
MM INDICATES DATA IS MISSING.
T INDICATES TRACE AMOUNT.
$$