000
CXUS54 KHGX 021208
CF6LBX
PRELIMINARY LOCAL CLIMATOLOGICAL DATA (WS FORM: F-6)
STATION: ANGLETON/LAKE_JACKS
MONTH: APRIL
YEAR: 2023
LATITUDE: 29 6 N
LONGITUDE: 95 28 W
TEMPERATURE IN F: :PCPN: SNOW: WIND :SUNSHINE: SKY :PK WND
================================================================================
1 2 3 4 5 6A 6B 7 8 9 10 11 12 13 14 15 16 17 18
12Z AVG MX 2MIN
DY MAX MIN AVG DEP HDD CDD WTR SNW DPTH SPD SPD DIR MIN PSBL S-S WX SPD DR
================================================================================
1 86 65 76 9 0 11 T 0.0 0 5.3 15 80 M M 6 1 21 140
2 85 65 75 8 0 10 0.00 0.0 0 10.4 25 190 M M 5 1 31 170
3 84 73 79 12 0 14 0.00 0.0 0 14.4 22 180 M M 10 1 32 190
4 81 73 77 9 0 12 0.00 0.0 0 16.9 29 180 M M 10 1 39 170
5 83 60 72 4 0 7 0.15 0.0 0 14.5 24 160 M M 9 13 31 160
6 72 56 64 -4 1 0 0.11 0.0 0 14.0 28 40 M M 10 13 40 40
7 64 57 61 -7 4 0 0.59 0.0 0 10.3 20 30 M M 9 13 30 280
8 67 56 62 -6 3 0 0.00 0.0 0 6.5 15 10 M M 8 1 21 10
9 77 52 65 -3 0 0 0.00 0.0 0 5.7 13 110 M M 8 12 20 90
10 74 57 66 -3 0 1 0.01 0.0 0 5.9 13 20 M M 8 17 40
11 76 54 65 -4 0 0 T 0.0 0 5.6 15 130 M M 6 13 22 40
12 78 52 65 -4 0 0 0.08 0.0 0 6.0 21 30 M M 3 123 30 30
13 78 50 64 -5 1 0 0.00 0.0 0 4.7 16 150 M M 3 12 22 150
14 78 57 68 -1 0 3 0.00 0.0 0 10.4 23 160 M M 5 1 29 170
15 87 71 79 9 0 14 0.00 0.0 0 8.2 23 360 M M 5 1 32 360
16 79 50 65 -5 0 0 0.00 0.0 0 8.9 24 10 M M 0 33 20
17 76 47 62 -8 3 0 0.00 0.0 0 6.0 17 120 M M 1 25 110
18 82 53 68 -2 0 3 0.03 0.0 0 10.4 25 150 M M 3 34 170
19 83 69 76 6 0 11 0.00 0.0 0 13.0 23 170 M M 7 31 160
20 80 72 76 5 0 11 T 0.0 0 11.2 21 160 M M 10 3 26 160
21 83 63 73 2 0 8 1.53 0.0 0 6.6 29 350 M M 6 13 41 350
22 78 58 68 -3 0 3 0.00 0.0 0 8.7 20 140 M M 1 32 110
23 69 56 63 -8 2 0 0.63 0.0 0 8.7 23 120 M M 5 13 33 120
24 71 53 62 -10 3 0 0.06 0.0 0 7.6 16 110 M M 6 1 23 110
25 79 62 71 -1 0 6 0.00 0.0 0 8.8 17 140 M M 8 24 120
26 80 70 75 3 0 10 0.03 0.0 0 9.1 17 150 M M 10 1 23 140
27 79 60 70 -2 0 5 0.80 0.0 0 5.5 25 50 M M 6 13 33 60
28 83 55 69 -3 0 4 0.34 0.0 0 7.1 21 330 M M 3 13 38 310
29 73 52 63 -10 2 0 0.01 0.0 0 M M M M M M M M
30 84 51 68 -5 0 3 0.00 0.0 0 M M M M M M M M
================================================================================
SM 2349 1769 19 136 4.37 0.0 250.4 M 171
================================================================================
AV 78.3 59.0 8.9 FASTST M M 6 MAX(MPH)
MISC ----> # 29 180 41 350
================================================================================
NOTES:
# LAST OF SEVERAL OCCURRENCES
COLUMN 17 PEAK WIND IN M.P.H.
PRELIMINARY LOCAL CLIMATOLOGICAL DATA (WS FORM: F-6) , PAGE 2
STATION: ANGLETON/LAKE_JACKS
MONTH: APRIL
YEAR: 2023
LATITUDE: 29 6 N
LONGITUDE: 95 28 W
[TEMPERATURE DATA] [PRECIPITATION DATA] SYMBOLS USED IN COLUMN 16
AVERAGE MONTHLY: 68.6 TOTAL FOR MONTH: 4.37 1 = FOG OR MIST
DPTR FM NORMAL: -1.2 DPTR FM NORMAL: 2.01 2 = FOG REDUCING VISIBILITY
HIGHEST: 87 ON 15 GRTST 24HR 1.53 ON 20-21 TO 1/4 MILE OR LESS
LOWEST: 47 ON 17 3 = THUNDER
SNOW, ICE PELLETS, HAIL 4 = ICE PELLETS
TOTAL MONTH: 0.0 INCH 5 = HAIL
GRTST 24HR 0.0 6 = FREEZING RAIN OR DRIZZLE
GRTST DEPTH: 0 7 = DUSTSTORM OR SANDSTORM:
VSBY 1/2 MILE OR LESS
8 = SMOKE OR HAZE
[NO. OF DAYS WITH] [WEATHER - DAYS WITH] 9 = BLOWING SNOW
X = TORNADO
MAX 32 OR BELOW: 0 0.01 INCH OR MORE: 13
MAX 90 OR ABOVE: 0 0.10 INCH OR MORE: 7
MIN 32 OR BELOW: 0 0.50 INCH OR MORE: 4
MIN 0 OR BELOW: 0 1.00 INCH OR MORE: 1
[HDD (BASE 65) ]
TOTAL THIS MO. 19 CLEAR (SCALE 0-3) 7
DPTR FM NORMAL -12 PTCLDY (SCALE 4-7) 13
TOTAL FM JUL 1 981 CLOUDY (SCALE 8-10) 10
DPTR FM NORMAL -146
[CDD (BASE 65) ]
TOTAL THIS MO. 136
DPTR FM NORMAL -39 [PRESSURE DATA]
TOTAL FM JAN 1 463 HIGHEST SLP M ON M
DPTR FM NORMAL 138 LOWEST SLP 29.66 ON 4
[REMARKS]
#FINAL-04-23#