000
CXUS54 KHGX 011410
CF6LBX
PRELIMINARY LOCAL CLIMATOLOGICAL DATA (WS FORM: F-6)
STATION: ANGLETON/LAKE_JACKS
MONTH: JUNE
YEAR: 2022
LATITUDE: 29 6 N
LONGITUDE: 95 28 W
TEMPERATURE IN F: :PCPN: SNOW: WIND :SUNSHINE: SKY :PK WND
================================================================================
1 2 3 4 5 6A 6B 7 8 9 10 11 12 13 14 15 16 17 18
12Z AVG MX 2MIN
DY MAX MIN AVG DEP HDD CDD WTR SNW DPTH SPD SPD DIR MIN PSBL S-S WX SPD DR
================================================================================
1 91 74 83 2 0 18 0.02 0.0 0 8.5 17 130 M M 2 22 140
2 91 71 81 0 0 16 0.09 0.0 0 4.6 15 60 M M 2 1238 22 60
3 93 69 81 0 0 16 0.00 0.0 0 6.0 15 10 M M 2 1 23 50
4 93 69 81 0 0 16 0.03 0.0 0 3.0 13 160 M M 2 123 16 130
5 92 69 81 0 0 16 0.00 0.0 0 6.5 17 170 M M 2 1 22 190
6 91 77 84 3 0 19 0.00 0.0 0 15.0 23 180 M M 4 32 160
7 93 79 86 4 0 21 0.00 0.0 0 12.7 22 190 M M 4 28 180
8 95 78 87 5 0 22 0.00 0.0 0 11.7 22 180 M M 2 28 180
9 94 75 85 3 0 20 0.00 0.0 0 6.3 17 180 M M 3 1 24 160
10 96 75 86 4 0 21 0.00 0.0 0 7.1 20 180 M M 1 1 26 190
11 96 75 86 4 0 21 0.00 0.0 0 8.9 21 180 M M 1 1 27 170
12 96 80 88 6 0 23 0.00 0.0 0 11.5 20 180 M M 5 28 200
13 94 81 88 6 0 23 0.00 0.0 0 13.6 23 190 M M 4 33 180
14 92 80 86 4 0 21 M 0.0 0 13.3 22 170 M M 8 32 180
15 M M M M M M M 0.0 0 M M M M M M M M
16 96 73 85 3 0 20 0.00 0.0 0 4.9 16 170 M M 3 18 23 180
17 95 73 84 2 0 19 0.00 0.0 0 4.3 16 170 M M 2 1 22 170
18 96 73 85 3 0 20 0.00 0.0 0 3.7 15 150 M M 2 1 24 110
19 99 71 85 2 0 20 T 0.0 0 4.2 15 170 M M 1 12 21 140
20 99 72 86 3 0 21 0.00 0.0 0 5.5 15 150 M M 2 1 22 140
21 97 76 87 4 0 22 T 0.0 0 5.0 20 150 M M 1 1 28 120
22 95 75 85 2 0 20 0.45 0.0 0 3.8 21 170 M M 2 38 25 170
23 97 71 84 1 0 19 0.00 0.0 0 4.4 16 180 M M 1 1 21 180
24 96 73 85 2 0 20 0.00 0.0 0 6.6 17 190 M M 1 1 25 170
25 97 71 84 1 0 19 0.00 0.0 0 4.6 16 180 M M 1 12 22 170
26 97 70 84 1 0 19 0.00 0.0 0 4.7 16 180 M M 1 12 26 180
27 99 74 87 4 0 22 T 0.0 0 3.5 17 170 M M 1 3 23 160
28 94 73 84 1 0 19 T 0.0 0 6.9 16 60 M M 2 3 22 120
29 91 73 82 -1 0 17 0.01 0.0 0 6.0 15 130 M M 1 13 20 140
30 84 74 79 -4 0 14 0.06 0.0 0 4.5 16 170 M M 4 13 23 40
================================================================================
SM 2739 2144 0 564 0.66 0.0 201.3 M 67
================================================================================
AV 94.4 73.9 6.9 FASTST M M 2 MAX(MPH)
MISC ----> # 23 180 33 180
================================================================================
NOTES:
# LAST OF SEVERAL OCCURRENCES
COLUMN 17 PEAK WIND IN M.P.H.
PRELIMINARY LOCAL CLIMATOLOGICAL DATA (WS FORM: F-6) , PAGE 2
STATION: ANGLETON/LAKE_JACKS
MONTH: JUNE
YEAR: 2022
LATITUDE: 29 6 N
LONGITUDE: 95 28 W
[TEMPERATURE DATA] [PRECIPITATION DATA] SYMBOLS USED IN COLUMN 16
AVERAGE MONTHLY: 84.2 TOTAL FOR MONTH: 0.66 1 = FOG OR MIST
DPTR FM NORMAL: 2.1 DPTR FM NORMAL: -3.18 2 = FOG REDUCING VISIBILITY
HIGHEST: 99 ON 27,20 GRTST 24HR 0.45 ON 22-22 TO 1/4 MILE OR LESS
LOWEST: 69 ON 5, 4 3 = THUNDER
SNOW, ICE PELLETS, HAIL 4 = ICE PELLETS
TOTAL MONTH: 0.0 INCH 5 = HAIL
GRTST 24HR 0.0 6 = FREEZING RAIN OR DRIZZLE
GRTST DEPTH: 0 7 = DUSTSTORM OR SANDSTORM:
VSBY 1/2 MILE OR LESS
8 = SMOKE OR HAZE
[NO. OF DAYS WITH] [WEATHER - DAYS WITH] 9 = BLOWING SNOW
X = TORNADO
MAX 32 OR BELOW: 0 0.01 INCH OR MORE: 6
MAX 90 OR ABOVE: 28 0.10 INCH OR MORE: 1
MIN 32 OR BELOW: 0 0.50 INCH OR MORE: 0
MIN 0 OR BELOW: 0 1.00 INCH OR MORE: 0
[HDD (BASE 65) ]
TOTAL THIS MO. 0 CLEAR (SCALE 0-3) 22
DPTR FM NORMAL 0 PTCLDY (SCALE 4-7) 7
TOTAL FM JUL 1 1034 CLOUDY (SCALE 8-10) 1
DPTR FM NORMAL -96
[CDD (BASE 65) ]
TOTAL THIS MO. 564
DPTR FM NORMAL 50 [PRESSURE DATA]
TOTAL FM JAN 1 1455 HIGHEST SLP 30.13 ON 22
DPTR FM NORMAL 241 LOWEST SLP 29.73 ON 6
[REMARKS]
#FINAL-06-22#