000
CXUS54 KLCH 010837
CF6LCH
PRELIMINARY LOCAL CLIMATOLOGICAL DATA (WS FORM: F-6)
STATION: LAKE CHARLES
MONTH: MAY
YEAR: 2023
LATITUDE: 30 7 N
LONGITUDE: 93 13 W
TEMPERATURE IN F: :PCPN: SNOW: WIND :SUNSHINE: SKY :PK WND
================================================================================
1 2 3 4 5 6A 6B 7 8 9 10 11 12 13 14 15 16 17 18
12Z AVG MX 2MIN
DY MAX MIN AVG DEP HDD CDD WTR SNW DPTH SPD SPD DIR MIN PSBL S-S WX SPD DR
================================================================================
1 82 56 69 -3 0 4 0.00 0.0 M 4.0 15 70 M M 0 20 80
2 79 56 68 -5 0 3 0.00 0.0 M 3.6 12 80 M M 0 1 16 70
3 83 62 73 0 0 8 0.00 0.0 M 5.5 15 10 M M 0 1 19 80
4 84 61 73 0 0 8 0.00 0.0 M 6.9 16 190 M M 2 1 23 200
5 83 72 78 4 0 13 T 0.0 M 9.9 15 160 M M 7 13 23 230
6 82 65 74 0 0 9 1.08 0.0 M 10.8 31 310 M M 6 13 45 310
7 79 69 74 0 0 9 0.00 0.0 M 8.9 18 160 M M 7 1 23 180
8 81 66 74 0 0 9 0.24 0.0 M 9.2 18 170 M M 5 13 26 170
9 80 66 73 -2 0 8 2.03 0.0 M 7.7 25 180 M M 7 1238 34 180
10 76 67 72 -3 0 7 1.11 0.0 M 9.2 26 130 M M 5 13 34 140
11 82 70 76 1 0 11 T 0.0 M 13.6 22 170 M M 9 13 28 170
12 84 74 79 4 0 14 0.00 0.0 M 12.7 21 160 M M 6 1 27 160
13 85 72 79 3 0 14 0.00 0.0 M 10.9 23 150 M M 2 1 28 140
14 85 70 78 2 0 13 0.00 0.0 M 8.8 20 160 M M 2 1 26 120
15 87 68 78 2 0 13 0.00 0.0 0 3.8 13 100 M M 3 128 16 110
16 88 68 78 2 0 13 0.37 0.0 M 6.8 24 280 M M 0 138 38 280
17 83 66 75 -2 0 10 0.00 0.0 M 6.6 15 360 M M 2 20 20
18 88 63 76 -1 0 11 0.00 0.0 M 3.7 13 10 M M 1 21 30
19 89 67 78 1 0 13 0.00 0.0 M 2.9 12 210 M M 0 1 16 200
20 90 72 81 4 0 16 0.00 0.0 M 7.4 17 10 M M 2 13 24 10
21 81 68 75 -3 0 10 0.00 0.0 M 9.4 15 10 M M 2 22 60
22 84 67 76 -2 0 11 0.00 0.0 M 4.0 10 340 M M 2 8 16 20
23 87 65 76 -2 0 11 0.00 0.0 M 3.3 10 80 M M 2 18 14 60
24 87 67 77 -1 0 12 0.13 0.0 M 6.5 16 30 M M 2 138 21 60
25 86 65 76 -3 0 11 0.00 0.0 M 8.7 17 50 M M 1 29 50
26 87 64 76 -3 0 11 0.00 0.0 0 6.7 18 50 M M 2 8 25 50
27 87 63 75 -4 0 10 0.00 0.0 0 6.1 16 70 M M 2 18 23 30
28 85 66 76 -3 0 11 0.39 0.0 0 4.6 17 120 M M 2 18 26 90
29 86 68 77 -3 0 12 0.00 0.0 0 4.7 13 140 M M 1 1 17 140
30 87 66 77 -3 0 12 0.31 0.0 M 4.6 31 140 M M 1 138 41 140
31 84 67 76 -4 0 11 0.09 0.0 M 2.3 20 90 M M 3 138 26 90
================================================================================
SM 2611 2056 0 328 5.75 0.0 213.8 M 86
================================================================================
AV 84.2 66.3 6.9 FASTST M M 3 MAX(MPH)
MISC ----> # 31 310 45 310
================================================================================
NOTES:
# LAST OF SEVERAL OCCURRENCES
COLUMN 17 PEAK WIND IN M.P.H.
PRELIMINARY LOCAL CLIMATOLOGICAL DATA (WS FORM: F-6) , PAGE 2
STATION: LAKE CHARLES
MONTH: MAY
YEAR: 2023
LATITUDE: 30 7 N
LONGITUDE: 93 13 W
[TEMPERATURE DATA] [PRECIPITATION DATA] SYMBOLS USED IN COLUMN 16
AVERAGE MONTHLY: 75.3 TOTAL FOR MONTH: 5.75 1 = FOG OR MIST
DPTR FM NORMAL: -1.1 DPTR FM NORMAL: 0.35 2 = FOG REDUCING VISIBILITY
HIGHEST: 90 ON 20 GRTST 24HR 2.35 ON 9-10 TO 1/4 MILE OR LESS
LOWEST: 56 ON 2, 1 3 = THUNDER
SNOW, ICE PELLETS, HAIL 4 = ICE PELLETS
TOTAL MONTH: 0.0 INCH 5 = HAIL
GRTST 24HR 0.0 6 = FREEZING RAIN OR DRIZZLE
GRTST DEPTH: 0 7 = DUSTSTORM OR SANDSTORM:
VSBY 1/2 MILE OR LESS
8 = SMOKE OR HAZE
[NO. OF DAYS WITH] [WEATHER - DAYS WITH] 9 = BLOWING SNOW
X = TORNADO
MAX 32 OR BELOW: 0 0.01 INCH OR MORE: 9
MAX 90 OR ABOVE: 1 0.10 INCH OR MORE: 8
MIN 32 OR BELOW: 0 0.50 INCH OR MORE: 3
MIN 0 OR BELOW: 0 1.00 INCH OR MORE: 3
[HDD (BASE 65) ]
TOTAL THIS MO. 0 CLEAR (SCALE 0-3) 22
DPTR FM NORMAL -2 PTCLDY (SCALE 4-7) 8
TOTAL FM JUL 1 1225 CLOUDY (SCALE 8-10) 1
DPTR FM NORMAL -87
[CDD (BASE 65) ]
TOTAL THIS MO. 328
DPTR FM NORMAL -26 [PRESSURE DATA]
TOTAL FM JAN 1 656 HIGHEST SLP 30.22 ON 15
DPTR FM NORMAL 34 LOWEST SLP 29.81 ON 17
[REMARKS]
#FINAL-05-23#