000
CXUS54 KLCH 011514
CF6LCH
PRELIMINARY LOCAL CLIMATOLOGICAL DATA (WS FORM: F-6)
STATION: LAKE CHARLES
MONTH: AUGUST
YEAR: 2022
LATITUDE: 30 7 N
LONGITUDE: 93 13 W
TEMPERATURE IN F: :PCPN: SNOW: WIND :SUNSHINE: SKY :PK WND
================================================================================
1 2 3 4 5 6A 6B 7 8 9 10 11 12 13 14 15 16 17 18
12Z AVG MX 2MIN
DY MAX MIN AVG DEP HDD CDD WTR SNW DPTH SPD SPD DIR MIN PSBL S-S WX SPD DR
================================================================================
1 92 75 84 0 0 19 0.02 0.0 M 7.3 16 140 M M 1 1 23 200
2 88 77 83 -1 0 18 T 0.0 M 5.8 17 200 M M 2 3 26 210
3 91 77 84 0 0 19 0.00 0.0 M 7.6 20 190 M M 1 28 190
4 93 74 84 0 0 19 0.42 0.0 M 5.8 37 70 M M 2 13 47 60
5 89 73 81 -3 0 16 0.65 0.0 0 6.5 22 140 M M 3 1238 26 140
6 89 74 82 -2 0 17 0.31 0.0 0 7.3 18 200 M M 2 13 28 190
7 90 75 83 -1 0 18 T 0.0 M 6.4 13 190 M M 1 3 17 190
8 93 73 83 -1 0 18 0.01 0.0 M 4.9 16 180 M M 2 3 21 200
9 89 74 82 -2 0 17 0.11 0.0 M 4.6 14 170 M M 1 13 16 170
10 92 73 83 -1 0 18 1.63 0.0 M 3.3 35 110 M M 3 123 46 110
11 88 72 80 -4 0 15 0.01 0.0 M 4.2 18 280 M M 6 123 26 290
12 91 73 82 -2 0 17 T 0.0 M 8.4 24 110 M M 4 1 29 110
13 88 74 81 -3 0 16 0.44 0.0 M 8.6 26 130 M M 6 1 34 140
14 89 75 82 -2 0 17 0.01 0.0 M 6.7 14 170 M M 3 1 19 170
15 91 73 82 -2 0 17 0.00 0.0 M 2.8 10 230 M M 0 1 15 240
16 91 75 83 -1 0 18 0.00 0.0 M 4.4 14 200 M M 1 19 190
17 93 75 84 0 0 19 0.00 0.0 M 6.6 16 190 M M 0 1 22 190
18 90 73 82 -2 0 17 0.46 0.0 M 6.2 23 280 M M 3 13 32 280
19 87 74 81 -3 0 16 0.00 0.0 M 5.1 18 220 M M 3 1 28 220
20 86 74 80 -4 0 15 0.43 0.0 M 5.3 23 270 M M 2 13 30 270
21 88 74 81 -3 0 16 0.05 0.0 M 5.3 18 110 M M 0 13 25 120
22 88 76 82 -2 0 17 T 0.0 M 8.2 17 200 M M 1 1 27 200
23 86 72 79 -5 0 14 0.74 0.0 M 6.7 23 260 M M 3 138 33 250
24 80 74 77 -7 0 12 1.29 0.0 M 5.6 16 250 M M 6 13 24 200
25 87 73 80 -4 0 15 0.17 0.0 M 6.5 15 320 M M 5 13 20 190
26 89 73 81 -2 0 16 0.02 0.0 M 4.3 13 140 M M 4 13 18 150
27 87 74 81 -2 0 16 0.00 0.0 M 4.8 16 210 M M 3 3 25 210
28 91 75 83 0 0 18 0.00 0.0 M 8.1 17 180 M M 1 24 190
29 90 75 83 0 0 18 0.01 0.0 M 6.9 20 160 M M 2 13 26 170
30 91 73 82 -1 0 17 0.33 0.0 M 4.6 21 50 M M 3 123 29 50
31 92 71 82 -1 0 17 0.00 0.0 0 4.5 12 60 M M 1 17 30
================================================================================
SM 2769 2293 0 522 7.11 0.0 183.3 M 75
================================================================================
AV 89.3 74.0 5.9 FASTST M M 2 MAX(MPH)
MISC ----> 37 70 47 60
================================================================================
NOTES:
# LAST OF SEVERAL OCCURRENCES
COLUMN 17 PEAK WIND IN M.P.H.
PRELIMINARY LOCAL CLIMATOLOGICAL DATA (WS FORM: F-6) , PAGE 2
STATION: LAKE CHARLES
MONTH: AUGUST
YEAR: 2022
LATITUDE: 30 7 N
LONGITUDE: 93 13 W
[TEMPERATURE DATA] [PRECIPITATION DATA] SYMBOLS USED IN COLUMN 16
AVERAGE MONTHLY: 81.6 TOTAL FOR MONTH: 7.11 1 = FOG OR MIST
DPTR FM NORMAL: -2.4 DPTR FM NORMAL: 0.92 2 = FOG REDUCING VISIBILITY
HIGHEST: 93 ON 8, 4 GRTST 24HR 1.63 ON 10-10 TO 1/4 MILE OR LESS
LOWEST: 71 ON 31 3 = THUNDER
SNOW, ICE PELLETS, HAIL 4 = ICE PELLETS
TOTAL MONTH: 0.0 INCH 5 = HAIL
GRTST 24HR 0.0 6 = FREEZING RAIN OR DRIZZLE
GRTST DEPTH: 0 7 = DUSTSTORM OR SANDSTORM:
VSBY 1/2 MILE OR LESS
8 = SMOKE OR HAZE
[NO. OF DAYS WITH] [WEATHER - DAYS WITH] 9 = BLOWING SNOW
X = TORNADO
MAX 32 OR BELOW: 0 0.01 INCH OR MORE: 19
MAX 90 OR ABOVE: 15 0.10 INCH OR MORE: 12
MIN 32 OR BELOW: 0 0.50 INCH OR MORE: 4
MIN 0 OR BELOW: 0 1.00 INCH OR MORE: 2
[HDD (BASE 65) ]
TOTAL THIS MO. 0 CLEAR (SCALE 0-3) 23
DPTR FM NORMAL 0 PTCLDY (SCALE 4-7) 8
TOTAL FM JUL 1 0 CLOUDY (SCALE 8-10) 0
DPTR FM NORMAL 0
[CDD (BASE 65) ]
TOTAL THIS MO. 522
DPTR FM NORMAL -65 [PRESSURE DATA]
TOTAL FM JAN 1 2259 HIGHEST SLP 30.18 ON 7
DPTR FM NORMAL -49 LOWEST SLP 29.84 ON 23
[REMARKS]
#FINAL-08-22#