000
CXUS53 KLMK 010710
CF6LEX
PRELIMINARY LOCAL CLIMATOLOGICAL DATA (WS FORM: F-6)
STATION: LEXINGTON KY
MONTH: MAY
YEAR: 2022
LATITUDE: 38 1 N
LONGITUDE: 84 36 W
TEMPERATURE IN F: :PCPN: SNOW: WIND :SUNSHINE: SKY :PK WND
================================================================================
1 2 3 4 5 6A 6B 7 8 9 10 11 12 13 14 15 16 17 18
12Z AVG MX 2MIN
DY MAX MIN AVG DEP HDD CDD WTR SNW DPTH SPD SPD DIR MIN PSBL S-S WX SPD DR
================================================================================
1 76 59 68 7 0 3 0.20 0.0 0 12.4 24 220 M M 4 13 35 210
2 77 47 62 0 3 0 0.00 0.0 0 4.1 12 230 M M 0 16 260
3 81 62 72 10 0 7 0.52 0.0 0 13.3 35 280 M M 4 13 46 280
4 65 53 59 -3 6 0 T 0.0 0 6.4 13 290 M M 8 18 20 290
5 74 53 64 2 1 0 T 0.0 0 6.6 14 90 M M 5 19 90
6 73 59 66 3 0 1 0.72 0.0 0 7.1 18 260 M M 9 13 25 250
7 60 53 57 -6 8 0 0.10 0.0 0 10.0 16 10 M M 10 18 26 20
8 71 48 60 -3 5 0 0.00 0.0 0 9.0 16 70 M M 2 22 60
9 78 53 66 2 0 1 0.00 0.0 0 8.1 14 130 M M 0 19 130
10 83 57 70 6 0 5 0.00 0.0 0 5.6 14 230 M M 2 19 210
11 87 65 76 12 0 11 0.00 0.0 0 4.6 14 70 M M 4 19 50
12 84 54 69 5 0 4 0.00 0.0 0 6.8 16 70 M M 0 21 70
13 85 64 75 10 0 10 0.00 0.0 0 6.6 14 140 M M 1 20 160
14 84 62 73 8 0 8 0.01 0.0 0 7.1 15 280 M M 2 3 24 290
15 86 57 72 7 0 7 0.00 0.0 0 4.4 13 260 M M 1 12 15 260
16 77 59 68 3 0 3 0.40 0.0 0 7.4 26 320 M M 4 13 40 310
17 83 54 69 3 0 4 0.00 0.0 0 6.8 18 280 M M 1 28 260
18 81 58 70 4 0 5 0.40 0.0 0 6.6 22 190 M M 4 123 31 180
19 83 61 72 6 0 7 0.12 0.0 0 7.0 15 130 M M 5 123 24 130
20 88 71 80 14 0 15 0.00 0.0 0 14.7 31 210 M M 1 42 210
21 88 68 78 11 0 13 0.10 0.0 0 9.9 23 330 M M 3 13 34 330
22 71 60 66 -1 0 1 0.03 0.0 0 5.8 15 340 M M 8 1 21 330
23 61 52 57 -10 8 0 0.06 0.0 0 10.2 18 30 M M 10 1 24 20
24 73 53 63 -5 2 0 T 0.0 0 8.3 18 80 M M 7 1 25 90
25 86 64 75 7 0 10 0.04 0.0 0 12.3 23 190 M M 5 33 170
26 77 63 70 2 0 5 0.92 0.0 0 10.8 21 160 M M 8 13 28 160
27 71 60 66 -2 0 1 0.22 0.0 0 8.3 21 290 M M 7 18 29 300
28 75 58 67 -2 0 2 T 0.0 0 5.9 12 300 M M 7 1 18 300
29 83 56 70 1 0 5 0.00 0.0 0 6.6 15 160 M M 1 20 150
30 89 66 78 9 0 13 0.00 0.0 0 9.2 18 170 M M 0 26 190
31 89 70 80 10 0 15 0.00 0.0 0 6.3 13 240 M M 1 18 240
================================================================================
SM 2439 1819 33 156 3.84 0.0 248.2 M 124
================================================================================
AV 78.7 58.7 8.0 FASTST M M 4 MAX(MPH)
MISC ----> 35 280 46 280
================================================================================
NOTES:
# LAST OF SEVERAL OCCURRENCES
COLUMN 17 PEAK WIND IN M.P.H.
PRELIMINARY LOCAL CLIMATOLOGICAL DATA (WS FORM: F-6) , PAGE 2
STATION: LEXINGTON KY
MONTH: MAY
YEAR: 2022
LATITUDE: 38 1 N
LONGITUDE: 84 36 W
[TEMPERATURE DATA] [PRECIPITATION DATA] SYMBOLS USED IN COLUMN 16
AVERAGE MONTHLY: 68.7 TOTAL FOR MONTH: 3.84 1 = FOG OR MIST
DPTR FM NORMAL: 3.3 DPTR FM NORMAL: -1.60 2 = FOG REDUCING VISIBILITY
HIGHEST: 89 ON 31,30 GRTST 24HR 0.92 ON 26-26 TO 1/4 MILE OR LESS
LOWEST: 47 ON 2 3 = THUNDER
SNOW, ICE PELLETS, HAIL 4 = ICE PELLETS
TOTAL MONTH: 0.0 INCH 5 = HAIL
GRTST 24HR 0.0 6 = FREEZING RAIN OR DRIZZLE
GRTST DEPTH: 0 7 = DUSTSTORM OR SANDSTORM:
VSBY 1/2 MILE OR LESS
8 = SMOKE OR HAZE
[NO. OF DAYS WITH] [WEATHER - DAYS WITH] 9 = BLOWING SNOW
X = TORNADO
MAX 32 OR BELOW: 0 0.01 INCH OR MORE: 14
MAX 90 OR ABOVE: 0 0.10 INCH OR MORE: 10
MIN 32 OR BELOW: 0 0.50 INCH OR MORE: 3
MIN 0 OR BELOW: 0 1.00 INCH OR MORE: 0
[HDD (BASE 65) ]
TOTAL THIS MO. 33 CLEAR (SCALE 0-3) 14
DPTR FM NORMAL -63 PTCLDY (SCALE 4-7) 13
TOTAL FM JUL 1 4162 CLOUDY (SCALE 8-10) 4
DPTR FM NORMAL -262
[CDD (BASE 65) ]
TOTAL THIS MO. 156
DPTR FM NORMAL 48 [PRESSURE DATA]
TOTAL FM JAN 1 187 HIGHEST SLP M ON M
DPTR FM NORMAL 52 LOWEST SLP 29.50 ON 6
[REMARKS]
#FINAL-05-22#