000
CXUS53 KLMK 010710
CF6LEX
PRELIMINARY LOCAL CLIMATOLOGICAL DATA (WS FORM: F-6)
STATION: LEXINGTON KY
MONTH: JUNE
YEAR: 2021
LATITUDE: 38 1 N
LONGITUDE: 84 36 W
TEMPERATURE IN F: :PCPN: SNOW: WIND :SUNSHINE: SKY :PK WND
================================================================================
1 2 3 4 5 6A 6B 7 8 9 10 11 12 13 14 15 16 17 18
12Z AVG MX 2MIN
DY MAX MIN AVG DEP HDD CDD WTR SNW DPTH SPD SPD DIR MIN PSBL S-S WX SPD DR
================================================================================
1 73 54 64 -6 1 0 0.01 0.0 0 3.9 9 200 M M 4 12 180
2 67 62 65 -5 0 0 0.26 0.0 0 9.4 20 160 M M 10 1 28 170
3 73 60 67 -3 0 2 0.99 0.0 0 8.2 28 270 M M 9 13 37 260
4 84 59 72 1 0 7 0.00 0.0 M 4.2 8 190 M M 3 12 13 190
5 84 57 71 0 0 6 0.00 0.0 0 4.4 10 210 M M 1 1 17 210
6 81 64 73 2 0 8 0.11 0.0 0 4.7 16 180 M M 6 1 22 180
7 79 70 75 4 0 10 0.01 0.0 0 7.8 16 180 M M 6 22 180
8 83 68 76 4 0 11 1.40 0.0 0 6.6 17 320 M M 3 123 25 310
9 78 68 73 1 0 8 0.35 0.0 0 4.0 12 140 M M 9 1 17 140
10 82 67 75 3 0 10 0.23 0.0 0 4.4 20 260 M M 8 13 27 250
11 85 66 76 4 0 11 0.35 0.0 0 3.1 17 20 M M 7 123 26 20
12 88 64 76 3 0 11 0.04 0.0 0 4.6 21 90 M M 1 123 33 350
13 88 66 77 4 0 12 0.34 0.0 0 4.1 18 340 M M 2 13 27 340
14 87 63 75 2 0 10 0.00 0.0 0 6.6 17 250 M M 0 1 22 340
15 79 57 68 -5 0 3 0.00 0.0 0 5.8 16 20 M M 1 25 350
16 79 56 68 -6 0 3 0.00 0.0 0 4.5 14 20 M M 1 17 10
17 82 55 69 -5 0 4 0.00 0.0 0 5.5 12 220 M M 0 8 15 230
18 88 65 77 3 0 12 T 0.0 0 11.1 23 220 M M 2 38 31 210
19 83 65 74 0 0 9 0.10 0.0 0 10.2 23 190 M M 2 13 32 260
20 87 67 77 3 0 12 0.00 0.0 0 7.7 13 220 M M 1 17 220
21 83 63 73 -2 0 8 1.72 0.0 0 10.9 31 240 M M 5 1238 48 240
22 71 52 62 -13 3 0 T 0.0 0 7.1 15 360 M M 3 24 20
23 76 47 62 -13 3 0 0.00 0.0 0 7.0 16 120 M M 0 8 22 110
24 83 59 71 -4 0 6 0.00 0.0 0 8.8 16 190 M M 1 8 23 210
25 83 69 76 1 0 11 T 0.0 0 11.0 22 180 M M 1 30 190
26 85 68 77 1 0 12 0.00 0.0 0 10.9 22 200 M M 1 8 31 190
27 88 69 79 3 0 14 0.00 0.0 0 9.4 20 210 M M 1 25 210
28 90 71 81 5 0 16 0.00 0.0 0 5.9 13 200 M M 1 3 17 220
29 92 70 81 5 0 16 0.00 0.0 0 4.5 12 190 M M 1 8 17 150
30 87 68 78 2 0 13 0.79 0.0 0 7.5 29 250 M M 3 138 44 250
================================================================================
SM 2468 1889 7 245 6.70 0.0 203.8 M 93
================================================================================
AV 82.3 63.0 6.8 FASTST M M 3 MAX(MPH)
MISC ----> 31 240 48 240
================================================================================
NOTES:
# LAST OF SEVERAL OCCURRENCES
COLUMN 17 PEAK WIND IN M.P.H.
PRELIMINARY LOCAL CLIMATOLOGICAL DATA (WS FORM: F-6) , PAGE 2
STATION: LEXINGTON KY
MONTH: JUNE
YEAR: 2021
LATITUDE: 38 1 N
LONGITUDE: 84 36 W
[TEMPERATURE DATA] [PRECIPITATION DATA] SYMBOLS USED IN COLUMN 16
AVERAGE MONTHLY: 72.6 TOTAL FOR MONTH: 6.70 1 = FOG OR MIST
DPTR FM NORMAL: -0.7 DPTR FM NORMAL: 1.74 2 = FOG REDUCING VISIBILITY
HIGHEST: 92 ON 29 GRTST 24HR 1.72 ON 21-21 TO 1/4 MILE OR LESS
LOWEST: 47 ON 23 3 = THUNDER
SNOW, ICE PELLETS, HAIL 4 = ICE PELLETS
TOTAL MONTH: 0.0 INCH 5 = HAIL
GRTST 24HR 0.0 6 = FREEZING RAIN OR DRIZZLE
GRTST DEPTH: 0 7 = DUSTSTORM OR SANDSTORM:
VSBY 1/2 MILE OR LESS
8 = SMOKE OR HAZE
[NO. OF DAYS WITH] [WEATHER - DAYS WITH] 9 = BLOWING SNOW
X = TORNADO
MAX 32 OR BELOW: 0 0.01 INCH OR MORE: 14
MAX 90 OR ABOVE: 2 0.10 INCH OR MORE: 11
MIN 32 OR BELOW: 0 0.50 INCH OR MORE: 4
MIN 0 OR BELOW: 0 1.00 INCH OR MORE: 2
[HDD (BASE 65) ]
TOTAL THIS MO. 7 CLEAR (SCALE 0-3) 21
DPTR FM NORMAL -1 PTCLDY (SCALE 4-7) 6
TOTAL FM JUL 1 4716 CLOUDY (SCALE 8-10) 3
DPTR FM NORMAL 286
[CDD (BASE 65) ]
TOTAL THIS MO. 245
DPTR FM NORMAL -12 [PRESSURE DATA]
TOTAL FM JAN 1 328 HIGHEST SLP M ON M
DPTR FM NORMAL -64 LOWEST SLP 29.70 ON 21
[REMARKS]
#FINAL-06-21#