000
CXUS53 KLMK 010710
CF6LEX
PRELIMINARY LOCAL CLIMATOLOGICAL DATA (WS FORM: F-6)
STATION: LEXINGTON KY
MONTH: AUGUST
YEAR: 2023
LATITUDE: 38 1 N
LONGITUDE: 84 36 W
TEMPERATURE IN F: :PCPN: SNOW: WIND :SUNSHINE: SKY :PK WND
================================================================================
1 2 3 4 5 6A 6B 7 8 9 10 11 12 13 14 15 16 17 18
12Z AVG MX 2MIN
DY MAX MIN AVG DEP HDD CDD WTR SNW DPTH SPD SPD DIR MIN PSBL S-S WX SPD DR
================================================================================
1 84 60 72 -5 0 7 0.00 0.0 0 7.3 16 60 M M 0 25 50
2 81 62 72 -5 0 7 0.00 0.0 0 4.6 10 90 M M 3 14 90
3 85 69 77 0 0 12 0.58 0.0 0 3.3 8 40 M M 8 18 10 60
4 90 65 78 1 0 13 0.00 0.0 0 2.4 8 310 M M 3 12 11 220
5 89 66 78 2 0 13 0.00 0.0 0 5.8 14 220 M M 2 18 19 170
6 87 75 81 5 0 16 T 0.0 0 8.6 16 220 M M 5 21 210
7 86 69 78 2 0 13 0.17 0.0 0 11.9 26 250 M M 6 3 39 250
8 83 67 75 -1 0 10 0.00 0.0 0 6.0 14 240 M M 5 1 19 270
9 82 67 75 -1 0 10 T 0.0 0 8.4 15 200 M M 4 8 22 220
10 84 70 77 1 0 12 T 0.0 0 7.0 17 280 M M 7 1 26 270
11 88 66 77 1 0 12 0.00 0.0 0 5.4 14 230 M M 1 1 22 220
12 89 71 80 4 0 15 0.01 0.0 0 8.4 24 210 M M 1 3 32 210
13 91 71 81 5 0 16 0.03 0.0 0 4.2 14 210 M M 5 13 18 220
14 86 72 79 3 0 14 0.35 0.0 0 8.2 18 220 M M 7 1 25 220
15 77 66 72 -4 0 7 0.02 0.0 0 7.4 20 270 M M 6 1 24 280
16 80 63 72 -4 0 7 0.00 0.0 0 3.5 13 40 M M 7 12 16 60
17 83 60 72 -4 0 7 T 0.0 0 8.1 20 230 M M 3 1 27 230
18 81 60 71 -5 0 6 0.10 0.0 0 5.0 14 260 M M 1 1 27 280
19 84 56 70 -6 0 5 0.00 0.0 0 3.4 9 140 M M 0 14 150
20 93 64 79 3 0 14 0.00 0.0 0 6.6 13 210 M M 0 20 210
21 95 70 83 7 0 18 0.00 0.0 0 3.5 10 10 M M 2 14 10
22 93 73 83 8 0 18 0.00 0.0 0 6.1 15 20 M M 2 18 20 40
23 94 67 81 6 0 16 0.00 0.0 0 3.9 10 220 M M 0 15 220
24 91 72 82 7 0 17 0.46 0.0 0 8.2 20 30 M M 2 138 26 30
25 98 71 85 10 0 20 0.68 0.0 0 8.3 31 40 M M 2 138 46 40
26 89 71 80 5 0 15 T 0.0 0 6.4 20 20 M M 4 13 24 10
27 80 69 75 0 0 10 0.00 0.0 0 9.9 18 60 M M 3 22 50
28 85 67 76 2 0 11 0.00 0.0 0 9.6 16 40 M M 3 21 40
29 85 64 75 1 0 10 0.00 0.0 0 5.0 12 20 M M 6 16 50
30 81 59 70 -4 0 5 0.00 0.0 0 9.0 20 40 M M 2 18 25 50
31 77 55 66 -8 0 1 0.00 0.0 0 9.1 17 50 M M 3 24 40
================================================================================
SM 2671 2057 0 357 2.40 0.0 204.5 M 103
================================================================================
AV 86.2 66.4 6.6 FASTST M M 3 MAX(MPH)
MISC ----> 31 40 46 40
================================================================================
NOTES:
# LAST OF SEVERAL OCCURRENCES
COLUMN 17 PEAK WIND IN M.P.H.
PRELIMINARY LOCAL CLIMATOLOGICAL DATA (WS FORM: F-6) , PAGE 2
STATION: LEXINGTON KY
MONTH: AUGUST
YEAR: 2023
LATITUDE: 38 1 N
LONGITUDE: 84 36 W
[TEMPERATURE DATA] [PRECIPITATION DATA] SYMBOLS USED IN COLUMN 16
AVERAGE MONTHLY: 76.3 TOTAL FOR MONTH: 2.40 1 = FOG OR MIST
DPTR FM NORMAL: 0.6 DPTR FM NORMAL: -1.31 2 = FOG REDUCING VISIBILITY
HIGHEST: 98 ON 25 GRTST 24HR 0.68 ON 25-25 TO 1/4 MILE OR LESS
LOWEST: 55 ON 31 3 = THUNDER
SNOW, ICE PELLETS, HAIL 4 = ICE PELLETS
TOTAL MONTH: 0.0 INCH 5 = HAIL
GRTST 24HR 0.0 6 = FREEZING RAIN OR DRIZZLE
GRTST DEPTH: 0 7 = DUSTSTORM OR SANDSTORM:
VSBY 1/2 MILE OR LESS
8 = SMOKE OR HAZE
[NO. OF DAYS WITH] [WEATHER - DAYS WITH] 9 = BLOWING SNOW
X = TORNADO
MAX 32 OR BELOW: 0 0.01 INCH OR MORE: 9
MAX 90 OR ABOVE: 8 0.10 INCH OR MORE: 6
MIN 32 OR BELOW: 0 0.50 INCH OR MORE: 2
MIN 0 OR BELOW: 0 1.00 INCH OR MORE: 0
[HDD (BASE 65) ]
TOTAL THIS MO. 0 CLEAR (SCALE 0-3) 18
DPTR FM NORMAL -1 PTCLDY (SCALE 4-7) 12
TOTAL FM JUL 1 0 CLOUDY (SCALE 8-10) 1
DPTR FM NORMAL 0
[CDD (BASE 65) ]
TOTAL THIS MO. 357
DPTR FM NORMAL 24 [PRESSURE DATA]
TOTAL FM JAN 1 1083 HIGHEST SLP M ON M
DPTR FM NORMAL -5 LOWEST SLP 29.70 ON 10
[REMARKS]
#FINAL-08-23#