918
CXUS54 KSHV 011400
CF6LFK
PRELIMINARY LOCAL CLIMATOLOGICAL DATA (WS FORM: F-6)
STATION: LUFKIN
MONTH: JANUARY
YEAR: 2021
LATITUDE: 31 14 N
LONGITUDE: 94 45 W
TEMPERATURE IN F: :PCPN: SNOW: WIND :SUNSHINE: SKY :PK WND
================================================================================
1 2 3 4 5 6A 6B 7 8 9 10 11 12 13 14 15 16 17 18
12Z AVG MX 2MIN
DY MAX MIN AVG DEP HDD CDD WTR SNW DPTH SPD SPD DIR MIN PSBL S-S WX SPD DR
================================================================================
1 46 40 43 -6 22 0 T 0.0 0 9.2 18 240 M M 10 27 220
2 55 35 45 -4 20 0 0.00 0.0 0 5.3 14 300 M M 5 19 310
3 65 33 49 1 16 0 0.00 0.0 0 6.9 18 200 M M 0 25 200
4 73 40 57 9 8 0 0.00 0.0 0 3.3 10 250 M M 1 18 14 250
5 68 35 52 4 13 0 0.00 0.0 0 4.4 12 120 M M 0 16 100
6 65 48 57 8 8 0 0.91 0.0 0 10.1 22 210 M M 9 13 31 220
7 49 44 47 -2 18 0 0.00 0.0 0 8.7 17 320 M M 10 26 310
8 48 33 41 -8 24 0 0.00 0.0 0 4.9 13 310 M M 8 17 350
9 52 28 40 -9 25 0 0.00 0.0 0 4.1 9 60 M M 0 1 11 70
10 40 33 37 -12 28 0 0.66 2.5 0 5.5 10 70 M M 9 1 16 10
11 38 28 33 -16 32 0 T T 3 5.1 10 330 M M 8 1 15 10
12 53 25 39 -10 26 0 0.00 0.0 T 3.3 8 270 M M 2 12 12 270
13 59 33 46 -3 19 0 0.00 0.0 0 4.9 15 210 M M 2 19 220
14 67 38 53 4 12 0 0.00 0.0 0 8.1 20 210 M M 0 28 200
15 56 35 46 -3 19 0 0.00 0.0 0 8.1 26 290 M M 0 38 320
16 57 29 43 -6 22 0 0.00 0.0 0 4.1 14 320 M M 0 19 310
17 65 30 48 -1 17 0 0.00 0.0 0 3.9 14 300 M M 1 8 18 310
18 69 31 50 1 15 0 0.00 0.0 0 10.3 18 160 M M 4 24 190
19 71 50 61 12 4 0 0.00 0.0 0 6.2 14 200 M M 9 20 200
20 65 50 58 9 7 0 T 0.0 0 6.0 12 140 M M 10 18 14 150
21 67 55 61 12 4 0 0.25 0.0 0 4.1 9 210 M M 10 18 13 220
22 64 53 59 10 6 0 0.02 0.0 0 4.1 12 20 M M 10 1 15 30
23 57 52 55 6 10 0 0.00 0.0 0 6.5 12 80 M M 10 1 14 80
24 70 55 63 14 2 0 0.03 0.0 0 7.6 18 150 M M 10 12 24 140
25 76 50 63 13 2 0 0.09 0.0 0 7.1 21 170 M M 9 13 30 150
26 71 46 59 9 6 0 0.00 0.0 0 4.5 12 80 M M 4 15 70
27 64 42 53 3 12 0 0.00 0.0 0 8.3 18 320 M M 1 27 330
28 57 33 45 -5 20 0 0.00 0.0 0 4.4 12 10 M M 0 16 350
29 64 34 49 -1 16 0 0.00 0.0 0 6.2 14 200 M M 1 17 150
30 67 47 57 7 8 0 0.03 0.0 0 8.6 17 170 M M 8 1 23 170
31 64 43 54 4 11 0 0.00 0.0 0 9.0 17 320 M M 1 25 300
================================================================================
SM 1882 1228 452 0 1.99 2.5 192.8 M 152
================================================================================
AV 60.7 39.6 6.2 FASTST M M 5 MAX(MPH)
MISC ----> 26 290 38 320
================================================================================
NOTES:
# LAST OF SEVERAL OCCURRENCES
COLUMN 17 PEAK WIND IN M.P.H.
PRELIMINARY LOCAL CLIMATOLOGICAL DATA (WS FORM: F-6) , PAGE 2
STATION: LUFKIN
MONTH: JANUARY
YEAR: 2021
LATITUDE: 31 14 N
LONGITUDE: 94 45 W
[TEMPERATURE DATA] [PRECIPITATION DATA] SYMBOLS USED IN COLUMN 16
AVERAGE MONTHLY: 50.2 TOTAL FOR MONTH: 1.99 1 = FOG OR MIST
DPTR FM NORMAL: 1.2 DPTR FM NORMAL: -2.19 2 = FOG REDUCING VISIBILITY
HIGHEST: 76 ON 25 GRTST 24HR 2.45 ON 6- 6 TO 1/4 MILE OR LESS
LOWEST: 25 ON 12 3 = THUNDER
SNOW, ICE PELLETS, HAIL 4 = ICE PELLETS
TOTAL MONTH: 2.5 INCHES 5 = HAIL
GRTST 24HR 2.5 ON 10-10 6 = FREEZING RAIN OR DRIZZLE
GRTST DEPTH: 3 ON 11 7 = DUSTSTORM OR SANDSTORM:
VSBY 1/2 MILE OR LESS
8 = SMOKE OR HAZE
[NO. OF DAYS WITH] [WEATHER - DAYS WITH] 9 = BLOWING SNOW
X = TORNADO
MAX 32 OR BELOW: 0 0.01 INCH OR MORE: 7
MAX 90 OR ABOVE: 0 0.10 INCH OR MORE: 3
MIN 32 OR BELOW: 6 0.50 INCH OR MORE: 2
MIN 0 OR BELOW: 0 1.00 INCH OR MORE: 0
[HDD (BASE 65) ]
TOTAL THIS MO. 452 CLEAR (SCALE 0-3) 14
DPTR FM NORMAL -50 PTCLDY (SCALE 4-7) 5
TOTAL FM JUL 1 1075 CLOUDY (SCALE 8-10) 12
DPTR FM NORMAL -206
[CDD (BASE 65) ]
TOTAL THIS MO. 0
DPTR FM NORMAL -8 [PRESSURE DATA]
TOTAL FM JAN 1 0 HIGHEST SLP 30.61 ON 28
DPTR FM NORMAL -8 LOWEST SLP 29.68 ON 25
[REMARKS]
#FINAL-01-21#