000
CXUS51 KOKX 012017
CF6LGA
PRELIMINARY LOCAL CLIMATOLOGICAL DATA (WS FORM: F-6)
STATION: LAGUARDIA NY
MONTH: NOVEMBER
YEAR: 2021
LATITUDE: 40 46 N
LONGITUDE: 73 54 W
TEMPERATURE IN F: :PCPN: SNOW: WIND :SUNSHINE: SKY :PK WND
================================================================================
1 2 3 4 5 6A 6B 7 8 9 10 11 12 13 14 15 16 17 18
12Z AVG MX 2MIN
DY MAX MIN AVG DEP HDD CDD WTR SNW DPTH SPD SPD DIR MIN PSBL S-S WX SPD DR
================================================================================
1 62 54 58 4 7 0 0.00 0.0 0 12.2 21 270 M M 3 27 330
2 55 48 52 -2 13 0 T 0.0 0 7.7 16 270 M M 9 23 270
3 55 45 50 -3 15 0 0.00 0.0 0 11.2 21 310 M M 3 8 25 320
4 52 42 47 -6 18 0 0.00 0.0 0 6.9 12 360 M M 6 19 40
5 53 42 48 -4 17 0 0.00 0.0 0 8.1 16 350 M M 1 19 340
6 54 44 49 -3 16 0 0.00 0.0 0 5.1 10 40 M M 2 13 50
7 57 43 50 -2 15 0 0.00 0.0 0 4.5 9 40 M M 6 17 30
8 66 49 58 6 7 0 0.00 0.0 0 6.0 16 350 M M 2 21 330
9 72 51 62 11 3 0 0.00 0.0 0 3.3 13 290 M M 1 15 290
10 66 53 60 9 5 0 0.00 0.0 0 8.4 21 310 M M 4 27 330
11 62 46 54 4 11 0 0.00 0.0 0 8.9 22 130 M M 7 32 130
12 69 56 63 13 2 0 0.35 0.0 0 13.6 30 160 M M 7 8 43 160
13 64 43 54 4 11 0 0.23 0.0 0 13.1 40 300 M M 3 3 52 300
14 49 42 46 -4 19 0 0.01 0.0 0 10.4 21 230 M M 6 30 240
15 50 42 46 -3 19 0 0.01 0.0 0 13.2 24 280 M M 6 33 270
16 51 40 46 -3 19 0 0.00 0.0 0 12.2 21 260 M M 3 27 260
17 58 40 49 0 16 0 0.00 0.0 0 6.9 22 170 M M 6 26 170
18 70 49 60 12 5 0 0.05 0.0 0 9.3 35 300 M M 4 46 300
19 50 42 46 -2 19 0 0.03 0.0 0 16.8 29 300 M M 4 37 270
20 48 39 44 -4 21 0 0.00 0.0 0 7.0 15 320 M M 5 19 340
21 57 47 52 5 13 0 T 0.0 0 8.7 15 180 M M 8 20 210
22 57 38 48 1 17 0 0.04 0.0 0 13.1 23 330 M M 9 30 320
23 44 35 40 -7 25 0 0.00 0.0 0 17.4 29 310 M M 2 38 310
24 47 33 40 -6 25 0 0.00 0.0 0 11.8 22 310 M M 2 28 310
25 57 41 49 3 16 0 T 0.0 0 6.1 13 260 M M 6 16 270
26 51 38 45 -1 20 0 0.08 0.0 0 16.0 31 290 M M 9 8 40 280
27 42 36 39 -6 26 0 0.00 0.0 0 17.6 32 290 M M 7 41 310
28 44 34 39 -6 26 0 T T T 5.1 16 270 M M 9 4 19 270
29 43 35 39 -6 26 0 0.01 0.0 0 13.2 24 320 M M 6 30 310
30 43 34 39 -5 26 0 T 0.0 0 9.4 24 260 M M 7 33 260
================================================================================
SM 1648 1281 478 0 0.81 T 303.2 M 153
================================================================================
AV 54.9 42.7 10.1 FASTST M M 5 MAX(MPH)
MISC ----> 40 300 52 300
================================================================================
NOTES:
# LAST OF SEVERAL OCCURRENCES
COLUMN 17 PEAK WIND IN M.P.H.
PRELIMINARY LOCAL CLIMATOLOGICAL DATA (WS FORM: F-6) , PAGE 2
STATION: LAGUARDIA NY
MONTH: NOVEMBER
YEAR: 2021
LATITUDE: 40 46 N
LONGITUDE: 73 54 W
[TEMPERATURE DATA] [PRECIPITATION DATA] SYMBOLS USED IN COLUMN 16
AVERAGE MONTHLY: 48.8 TOTAL FOR MONTH: 0.81 1 = FOG OR MIST
DPTR FM NORMAL: -0.3 DPTR FM NORMAL: -2.34 2 = FOG REDUCING VISIBILITY
HIGHEST: 72 ON 9 GRTST 24HR 0.35 ON 12-12 TO 1/4 MILE OR LESS
LOWEST: 33 ON 24 3 = THUNDER
SNOW, ICE PELLETS, HAIL 4 = ICE PELLETS
TOTAL MONTH: T 5 = HAIL
GRTST 24HR T ON 28-28 6 = FREEZING RAIN OR DRIZZLE
GRTST DEPTH: T 7 = DUSTSTORM OR SANDSTORM:
VSBY 1/2 MILE OR LESS
8 = SMOKE OR HAZE
[NO. OF DAYS WITH] [WEATHER - DAYS WITH] 9 = BLOWING SNOW
X = TORNADO
MAX 32 OR BELOW: 0 0.01 INCH OR MORE: 9
MAX 90 OR ABOVE: 0 0.10 INCH OR MORE: 2
MIN 32 OR BELOW: 0 0.50 INCH OR MORE: 0
MIN 0 OR BELOW: 0 1.00 INCH OR MORE: 0
[HDD (BASE 65) ]
TOTAL THIS MO. 478 CLEAR (SCALE 0-3) 8
DPTR FM NORMAL 0 PTCLDY (SCALE 4-7) 18
TOTAL FM JUL 1 560 CLOUDY (SCALE 8-10) 4
DPTR FM NORMAL -136
[CDD (BASE 65) ]
TOTAL THIS MO. 0
DPTR FM NORMAL -1 [PRESSURE DATA]
TOTAL FM JAN 1 1597 HIGHEST SLP 30.58 ON 20
DPTR FM NORMAL 189 LOWEST SLP 29.54 ON 13
[REMARKS]
#FINAL-11-21#