000
CXUS56 KLOX 011655
CF6LGB
PRELIMINARY LOCAL CLIMATOLOGICAL DATA (WS FORM: F-6)
STATION: LONG BEACH AIRPORT CA
MONTH: APRIL
YEAR: 2020
LATITUDE: 33 49 N
LONGITUDE: 118 9 W
TEMPERATURE IN F: :PCPN: SNOW: WIND :SUNSHINE: SKY :PK WND
================================================================================
1 2 3 4 5 6A 6B 7 8 9 10 11 12 13 14 15 16 17 18
12Z AVG MX 2MIN
DY MAX MIN AVG DEP HDD CDD WTR SNW DPTH SPD SPD DIR MIN PSBL S-S WX SPD DR
================================================================================
1 66 57 62 1 3 0 0.00 0.0 0 6.4 12 120 M M 5 1 16 210
2 67 58 63 2 2 0 0.00 0.0 0 6.4 14 160 M M 7 19 180
3 66 55 61 0 4 0 0.00 0.0 0 5.5 14 220 M M 3 23 320
4 65 54 60 -1 5 0 T 0.0 0 7.1 13 200 M M 6 19 170
5 64 55 60 -1 5 0 0.14 0.0 0 6.8 14 210 M M 9 1 22 180
6 61 55 58 -3 7 0 0.74 0.0 0 7.1 16 160 M M 9 1 23 150
7 63 50 57 -4 8 0 0.82 0.0 0 4.2 18 290 M M 10 1 25 250
8 61 50 56 -6 9 0 0.08 0.0 0 5.1 16 300 M M 4 1 20 210
9 56 50 53 -9 12 0 0.89 0.0 0 5.7 12 80 M M 8 1 14 90
10 63 50 57 -5 8 0 0.36 0.0 0 6.7 17 40 M M 8 1 23 350
11 65 50 58 -4 7 0 0.00 0.0 0 5.6 14 200 M M 2 21 160
12 62 57 60 -2 5 0 0.00 0.0 0 4.5 10 210 M M 10 14 210
13 64 54 59 -3 6 0 0.00 0.0 0 4.6 10 310 M M 7 15 210
14 74 51 63 1 2 0 0.00 0.0 0 5.6 17 290 M M 2 18 20 280
15 80 53 67 5 0 2 0.00 0.0 0 4.6 18 300 M M 0 22 290
16 67 55 61 -1 4 0 0.00 0.0 0 5.2 12 200 M M 1 1 16 200
17 66 55 61 -2 4 0 0.00 0.0 0 6.2 14 220 M M 5 M M
18 65 58 62 -1 3 0 0.00 0.0 0 7.2 16 290 M M 9 20 300
19 66 56 61 -2 4 0 0.00 0.0 0 6.7 17 300 M M 7 23 320
20 67 57 62 -1 3 0 0.00 0.0 0 6.6 15 290 M M 6 21 300
21 69 54 62 -1 3 0 0.00 0.0 0 5.4 15 290 M M 1 19 310
22 80 55 68 5 0 3 0.00 0.0 0 4.2 16 290 M M 0 20 290
23 85 59 72 9 0 7 0.00 0.0 0 3.8 12 150 M M 0 13 210
24 93 61 77 13 0 12 0.00 0.0 0 5.8 18 290 M M 0 22 300
25 80 59 70 6 0 5 0.00 0.0 0 5.1 10 180 M M 1 1 13 200
26 82 58 70 6 0 5 0.00 0.0 0 4.6 12 290 M M 5 128 13 300
27 70 59 65 1 0 0 0.00 0.0 0 4.6 13 220 M M 4 18 19 200
28 72 61 67 3 0 2 0.00 0.0 0 5.5 13 180 M M 4 18 17 170
29 70 61 66 2 0 1 0.00 0.0 0 4.6 14 200 M M 6 18 18 200
30 72 61 67 3 0 2 0.00 0.0 0 5.8 13 210 M M 6 18 16 180
================================================================================
SM 2081 1668 104 39 3.03 0.0 167.2 M 145
================================================================================
AV 69.4 55.6 5.6 FASTST M M 5 MAX(MPH)
MISC ----> # 18 290 # 25 250
================================================================================
NOTES:
# LAST OF SEVERAL OCCURRENCES
COLUMN 17 PEAK WIND IN M.P.H.
PRELIMINARY LOCAL CLIMATOLOGICAL DATA (WS FORM: F-6) , PAGE 2
STATION: LONG BEACH AIRPORT CA
MONTH: APRIL
YEAR: 2020
LATITUDE: 33 49 N
LONGITUDE: 118 9 W
[TEMPERATURE DATA] [PRECIPITATION DATA] SYMBOLS USED IN COLUMN 16
AVERAGE MONTHLY: 62.5 TOTAL FOR MONTH: 3.03 1 = FOG OR MIST
DPTR FM NORMAL: 0.1 DPTR FM NORMAL: 2.43 2 = FOG REDUCING VISIBILITY
HIGHEST: 93 ON 24 GRTST 24HR 0.89 ON 9- 9 TO 1/4 MILE OR LESS
LOWEST: 50 ON 11,10 3 = THUNDER
SNOW, ICE PELLETS, HAIL 4 = ICE PELLETS
TOTAL MONTH: 0.0 INCH 5 = HAIL
GRTST 24HR 0.0 6 = FREEZING RAIN OR DRIZZLE
GRTST DEPTH: 0 7 = DUSTSTORM OR SANDSTORM:
VSBY 1/2 MILE OR LESS
8 = SMOKE OR HAZE
[NO. OF DAYS WITH] [WEATHER - DAYS WITH] 9 = BLOWING SNOW
X = TORNADO
MAX 32 OR BELOW: 0 0.01 INCH OR MORE: 6
MAX 90 OR ABOVE: 1 0.10 INCH OR MORE: 5
MIN 32 OR BELOW: 0 0.50 INCH OR MORE: 3
MIN 0 OR BELOW: 0 1.00 INCH OR MORE: 0
[HDD (BASE 65) ]
TOTAL THIS MO. 104 CLEAR (SCALE 0-3) 10
DPTR FM NORMAL -2 PTCLDY (SCALE 4-7) 14
TOTAL FM JUL 1 1132 CLOUDY (SCALE 8-10) 6
DPTR FM NORMAL -44
[CDD (BASE 65) ]
TOTAL THIS MO. 39
DPTR FM NORMAL 10 [PRESSURE DATA]
TOTAL FM JAN 1 52 HIGHEST SLP 30.15 ON 14
DPTR FM NORMAL 5 LOWEST SLP 29.82 ON 24
[REMARKS]
#FINAL-04-20#