000
CXUS55 KPIH 011200
CF6LLJ
PRELIMINARY LOCAL CLIMATOLOGICAL DATA (WS FORM: F-6)
STATION: CHALLIS
MONTH: FEBRUARY
YEAR: 2023
LATITUDE: 44 31 N
LONGITUDE: 114 13 W
TEMPERATURE IN F: :PCPN: SNOW: WIND :SUNSHINE: SKY :PK WND
================================================================================
1 2 3 4 5 6A 6B 7 8 9 10 11 12 13 14 15 16 17 18
12Z AVG MX 2MIN
DY MAX MIN AVG DEP HDD CDD WTR SNW DPTH SPD SPD DIR MIN PSBL S-S WX SPD DR
================================================================================
1 22 -4 9 -13 56 0 0.00 M M 0.9 6 170 M M 4 8 7 160
2 22 -7 8 -15 57 0 0.00 M M 0.9 7 180 M M 0 18 8 170
3 24 -1 12 -11 53 0 0.00 M M 1.2 7 330 M M 4 8 10 150
4 40 13 27 4 38 0 0.00 M M 1.1 6 240 M M 5 7 340
5 39 15 27 3 38 0 T M M 3.6 13 220 M M 8 16 220
6 40 19 30 6 35 0 0.00 M M 2.5 14 340 M M 9 18 340
7 37 16 27 3 38 0 0.00 M M 1.8 8 310 M M 5 11 220
8 34 9 22 -2 43 0 T M M 5.7 23 290 M M 5 8 29 300
9 25 -1 12 -13 53 0 0.00 M M 1.1 7 320 M M 0 9 150
10 28 1 15 -10 50 0 0.00 M M 0.3 5 210 M M 0 6 290
11 28 3 16 -9 49 0 0.00 M M 0.9 8 340 M M 0 9 350
12 28 -1 14 -12 51 0 0.00 M M 1.7 7 210 M M 0 8 9 150
13 32 3 18 -8 47 0 0.01 M M 3.8 20 310 M M 3 8 25 310
14 30 14 22 -4 43 0 0.00 M M 7.2 21 340 M M 7 29 350
15 28 0 14 -13 51 0 0.00 M M 1.4 13 310 M M 1 15 310
16 25 -5 10 -17 55 0 0.00 M M 0.6 6 200 M M 0 8 6 200
17 26 -3 12 -16 53 0 0.00 M M 1.4 8 160 M M 0 9 160
18 26 -1 13 -15 52 0 0.00 M M 2.2 8 330 M M 6 10 330
19 38 5 22 -6 43 0 0.00 M M 2.9 13 180 M M 9 19 180
20 48 32 40 11 25 0 0.00 M M 5.8 18 180 M M 9 25 180
21 45 20 33 4 32 0 0.03 M M 8.7 24 240 M M 7 1 35 240
22 23 5 14 -16 51 0 0.00 M M 12.1 22 40 M M 7 31 30
23 15 -1 7 -23 58 0 0.01 M M 1.6 9 350 M M 5 8 13 10
24 26 -2 12 -18 53 0 0.00 M M 2.3 15 190 M M 1 22 210
25 33 2 18 -13 47 0 0.00 M M 0.9 6 180 M M 0 8 220
26 41 10 26 -5 39 0 T M M 3.9 22 270 M M 7 32 280
27 33 11 22 -10 43 0 0.02 M M 5.3 23 150 M M 4 18 33 150
28 31 12 22 -10 43 0 T M M 6.2 21 150 M M 4 1 34 140
================================================================================
SM 867 164 1296 0 0.07 M 88.0 M 110
================================================================================
AV 31.0 5.9 3.1 FASTST M M 4 MAX(MPH)
MISC ----> 24 240 35 240
================================================================================
NOTES:
# LAST OF SEVERAL OCCURRENCES
COLUMN 17 PEAK WIND IN M.P.H.
PRELIMINARY LOCAL CLIMATOLOGICAL DATA (WS FORM: F-6) , PAGE 2
STATION: CHALLIS
MONTH: FEBRUARY
YEAR: 2023
LATITUDE: 44 31 N
LONGITUDE: 114 13 W
[TEMPERATURE DATA] [PRECIPITATION DATA] SYMBOLS USED IN COLUMN 16
AVERAGE MONTHLY: 18.4 TOTAL FOR MONTH: 0.07 1 = FOG OR MIST
DPTR FM NORMAL: -8.4 DPTR FM NORMAL: -0.29 2 = FOG REDUCING VISIBILITY
HIGHEST: 48 ON 20 GRTST 24HR 0.03 ON 21-21 TO 1/4 MILE OR LESS
LOWEST: -7 ON 2 3 = THUNDER
SNOW, ICE PELLETS, HAIL 4 = ICE PELLETS
TOTAL MONTH: M 5 = HAIL
GRTST 24HR M ON M 6 = FREEZING RAIN OR DRIZZLE
GRTST DEPTH: M ON M 7 = DUSTSTORM OR SANDSTORM:
VSBY 1/2 MILE OR LESS
8 = SMOKE OR HAZE
[NO. OF DAYS WITH] [WEATHER - DAYS WITH] 9 = BLOWING SNOW
X = TORNADO
MAX 32 OR BELOW: 17 0.01 INCH OR MORE: 4
MAX 90 OR ABOVE: 0 0.10 INCH OR MORE: 0
MIN 32 OR BELOW: 28 0.50 INCH OR MORE: 0
MIN 0 OR BELOW: 11 1.00 INCH OR MORE: 0
[HDD (BASE 65) ]
TOTAL THIS MO. 1296 CLEAR (SCALE 0-3) 10
DPTR FM NORMAL 228 PTCLDY (SCALE 4-7) 15
TOTAL FM JUL 1 6323 CLOUDY (SCALE 8-10) 3
DPTR FM NORMAL 532
[CDD (BASE 65) ]
TOTAL THIS MO. 0
DPTR FM NORMAL 0 [PRESSURE DATA]
TOTAL FM JAN 1 0 HIGHEST SLP 30.78 ON 9
DPTR FM NORMAL 0 LOWEST SLP 29.24 ON 21
[REMARKS]
#FINAL-02-23#