000
CXUS55 KPIH 011100
CF6LLJ
PRELIMINARY LOCAL CLIMATOLOGICAL DATA (WS FORM: F-6)
STATION: CHALLIS
MONTH: OCTOBER
YEAR: 2022
LATITUDE: 44 31 N
LONGITUDE: 114 13 W
TEMPERATURE IN F: :PCPN: SNOW: WIND :SUNSHINE: SKY :PK WND
================================================================================
1 2 3 4 5 6A 6B 7 8 9 10 11 12 13 14 15 16 17 18
12Z AVG MX 2MIN
DY MAX MIN AVG DEP HDD CDD WTR SNW DPTH SPD SPD DIR MIN PSBL S-S WX SPD DR
================================================================================
1 65 36 51 -1 14 0 0.00 M M 3.7 10 310 M M 4 14 150
2 58 43 51 -1 14 0 0.01 M M 1.1 7 320 M M 9 9 160
3 72 37 55 4 10 0 0.00 M M 2.4 9 330 M M 0 14 320
4 74 37 56 5 9 0 0.00 M M 1.2 8 150 M M 0 9 130
5 77 36 57 7 8 0 0.00 M M 2.4 9 310 M M 0 15 330
6 77 38 58 8 7 0 0.00 M M 1.9 12 330 M M 0 15 340
7 76 37 57 8 8 0 0.00 M M 2.0 9 320 M M 0 13 340
8 73 38 56 7 9 0 0.00 M M 2.3 10 320 M M 0 13 320
9 75 35 55 7 10 0 0.00 M M 1.0 6 140 M M 0 8 9 290
10 75 32 54 6 11 0 0.00 M M 3.5 14 310 M M 0 8 20 320
11 72 40 56 8 9 0 0.00 M M 5.0 16 360 M M 1 8 23 30
12 73 33 53 6 12 0 0.00 M M 3.8 16 10 M M 0 21 10
13 72 33 53 7 12 0 0.00 M M 1.5 7 270 M M 0 8 60
14 72 30 51 5 14 0 0.00 M M 1.3 7 200 M M 0 9 270
15 69 32 51 5 14 0 0.00 M M 3.6 12 330 M M 0 18 340
16 68 27 48 3 17 0 0.00 M M 1.6 6 180 M M 0 8 50
17 72 28 50 5 15 0 0.00 M M 0.6 5 210 M M 0 8 7 120
18 73 31 52 8 13 0 0.00 M M 0.8 5 200 M M 0 8 8 20
19 72 29 51 7 14 0 0.00 M M 0.5 6 180 M M 0 18 8 170
20 73 28 51 8 14 0 0.00 M M 3.0 14 270 M M 1 19 270
21 68 37 53 10 12 0 T M M 8.6 26 300 M M 4 8 39 270
22 50 31 41 -1 24 0 0.04 M M 6.1 26 300 M M 10 1 35 310
23 41 26 34 -8 31 0 0.00 M M 7.9 20 310 M M 9 26 320
24 48 18 33 -8 32 0 T M M 3.6 15 230 M M 3 21 190
25 50 25 38 -3 27 0 0.00 M M 2.7 13 240 M M 0 2 16 240
26 41 27 34 -6 31 0 T M M 4.4 18 330 M M 7 23 330
27 46 20 33 -7 32 0 0.00 M M 1.2 6 330 M M 0 8 310
28 45 18 32 -7 33 0 0.00 M M 1.9 8 190 M M 0 9 190
29 53 21 37 -2 28 0 0.00 M M 0.5 6 220 M M 1 8 7 130
30 55 20 38 0 27 0 0.00 M M 2.5 12 250 M M 4 8 15 240
31 63 36 50 12 15 0 0.00 M M 3.7 18 190 M M 4 25 180
================================================================================
SM 1998 959 526 0 0.05 M 86.3 M 57
================================================================================
AV 64.5 30.9 2.8 FASTST M M 2 MAX(MPH)
MISC ----> # 26 300 39 270
================================================================================
NOTES:
# LAST OF SEVERAL OCCURRENCES
COLUMN 17 PEAK WIND IN M.P.H.
PRELIMINARY LOCAL CLIMATOLOGICAL DATA (WS FORM: F-6) , PAGE 2
STATION: CHALLIS
MONTH: OCTOBER
YEAR: 2022
LATITUDE: 44 31 N
LONGITUDE: 114 13 W
[TEMPERATURE DATA] [PRECIPITATION DATA] SYMBOLS USED IN COLUMN 16
AVERAGE MONTHLY: 47.7 TOTAL FOR MONTH: 0.05 1 = FOG OR MIST
DPTR FM NORMAL: 2.7 DPTR FM NORMAL: -0.51 2 = FOG REDUCING VISIBILITY
HIGHEST: 77 ON 6, 5 GRTST 24HR 0.04 ON 21-22 TO 1/4 MILE OR LESS
LOWEST: 18 ON 28,24 3 = THUNDER
SNOW, ICE PELLETS, HAIL 4 = ICE PELLETS
TOTAL MONTH: M 5 = HAIL
GRTST 24HR M ON M 6 = FREEZING RAIN OR DRIZZLE
GRTST DEPTH: M ON M 7 = DUSTSTORM OR SANDSTORM:
VSBY 1/2 MILE OR LESS
8 = SMOKE OR HAZE
[NO. OF DAYS WITH] [WEATHER - DAYS WITH] 9 = BLOWING SNOW
X = TORNADO
MAX 32 OR BELOW: 0 0.01 INCH OR MORE: 2
MAX 90 OR ABOVE: 0 0.10 INCH OR MORE: 0
MIN 32 OR BELOW: 17 0.50 INCH OR MORE: 0
MIN 0 OR BELOW: 0 1.00 INCH OR MORE: 0
[HDD (BASE 65) ]
TOTAL THIS MO. 526 CLEAR (SCALE 0-3) 23
DPTR FM NORMAL -92 PTCLDY (SCALE 4-7) 5
TOTAL FM JUL 1 671 CLOUDY (SCALE 8-10) 3
DPTR FM NORMAL -220
[CDD (BASE 65) ]
TOTAL THIS MO. 0
DPTR FM NORMAL 0 [PRESSURE DATA]
TOTAL FM JAN 1 515 HIGHEST SLP 30.47 ON 19
DPTR FM NORMAL 203 LOWEST SLP 29.23 ON 22
[REMARKS]
#FINAL-10-22#