000
CXUS55 KPIH 011207
CF6LLJ
PRELIMINARY LOCAL CLIMATOLOGICAL DATA (WS FORM: F-6)
STATION: CHALLIS ID
MONTH: JANUARY
YEAR: 2021
LATITUDE: 44 31 N
LONGITUDE: 114 13 W
TEMPERATURE IN F: :PCPN: SNOW: WIND :SUNSHINE: SKY :PK WND
================================================================================
1 2 3 4 5 6A 6B 7 8 9 10 11 12 13 14 15 16 17 18
12Z AVG MX 2MIN
DY MAX MIN AVG DEP HDD CDD WTR SNW DPTH SPD SPD DIR MIN PSBL S-S WX SPD DR
================================================================================
1 21 1 11 -6 54 0 0.01 M M 1.7 8 170 M M 6 128 10 170
2 28 6 17 0 48 0 0.01 M M 2.0 8 220 M M 7 1 10 340
3 42 14 28 11 37 0 0.00 M M 2.7 20 290 M M 5 27 280
4 30 7 19 1 46 0 0.05 M M 1.8 10 210 M M 7 1 14 200
5 36 7 22 4 43 0 0.01 M M 2.8 18 350 M M 3 1 25 360
6 28 7 18 0 47 0 0.00 M M 1.9 7 200 M M 4 8 200
7 30 14 22 4 43 0 0.00 M M 1.8 9 160 M M 9 11 160
8 26 7 17 -1 48 0 0.00 M M 2.1 8 300 M M 2 10 300
9 28 2 15 -3 50 0 0.00 M M 0.5 6 180 M M 4 18 6 160
10 19 -3 8 -10 57 0 0.00 M M 0.6 6 170 M M 2 8 7 170
11 22 -1 11 -7 54 0 0.00 M M 1.2 7 140 M M 0 8 8 140
12 26 7 17 -1 48 0 T M M 0.8 8 220 M M 6 1 8 220
13 50 15 33 14 32 0 0.01 M M 9.1 38 280 M M 6 1 56 280
14 32 5 19 0 46 0 0.00 M M 0.7 8 150 M M 1 9 150
15 30 5 18 -1 47 0 0.02 M M 1.8 16 170 M M 4 1 21 170
16 29 20 25 6 40 0 0.00 M M 2.5 8 340 M M 8 1 9 350
17 35 20 28 9 37 0 0.00 M M 2.4 8 220 M M 7 1 12 310
18 34 13 24 5 41 0 0.00 M M 3.4 14 360 M M 7 18 360
19 29 3 16 -3 49 0 0.00 M M 2.4 6 160 M M 0 8 8 30
20 26 4 15 -5 50 0 0.00 M M 1.3 6 150 M M 7 7 120
21 32 19 26 6 39 0 0.03 M M 1.7 8 350 M M 10 18 10 360
22 33 24 29 9 36 0 0.00 M M 2.3 10 320 M M 10 1 13 290
23 31 4 18 -2 47 0 0.00 M M 1.8 8 300 M M 4 10 290
24 25 -1 12 -8 53 0 0.00 M M 1.2 7 20 M M 0 8 20
25 21 -2 10 -10 55 0 0.00 M M 0.7 5 310 M M 0 8 7 290
26 22 -6 8 -12 57 0 0.00 M M 1.1 6 140 M M 0 7 150
27 35 -1 17 -3 48 0 0.00 M M 5.7 25 150 M M 7 37 150
28 41 20 31 11 34 0 0.00 M M 5.4 18 150 M M 9 28 150
29 41 26 34 13 31 0 0.12 M M 1.8 13 20 M M 10 1 16 340
30 38 15 27 6 38 0 T M M 2.1 9 160 M M 6 1 13 260
31 31 7 19 -2 46 0 0.00 M M 1.2 6 130 M M 0 7 120
================================================================================
SM 951 258 1401 0 0.26 M 68.5 M 151
================================================================================
AV 30.7 8.3 2.2 FASTST M M 5 MAX(MPH)
MISC ----> 38 280 56 280
================================================================================
NOTES:
# LAST OF SEVERAL OCCURRENCES
COLUMN 17 PEAK WIND IN M.P.H.
PRELIMINARY LOCAL CLIMATOLOGICAL DATA (WS FORM: F-6) , PAGE 2
STATION: CHALLIS ID
MONTH: JANUARY
YEAR: 2021
LATITUDE: 44 31 N
LONGITUDE: 114 13 W
[TEMPERATURE DATA] [PRECIPITATION DATA] SYMBOLS USED IN COLUMN 16
AVERAGE MONTHLY: 19.5 TOTAL FOR MONTH: 0.26 1 = FOG OR MIST
DPTR FM NORMAL: 0.5 DPTR FM NORMAL: -0.25 2 = FOG REDUCING VISIBILITY
HIGHEST: 50 ON 13 GRTST 24HR 0.48 ON 13-13 TO 1/4 MILE OR LESS
LOWEST: -6 ON 26 3 = THUNDER
SNOW, ICE PELLETS, HAIL 4 = ICE PELLETS
TOTAL MONTH: M 5 = HAIL
GRTST 24HR M ON M 6 = FREEZING RAIN OR DRIZZLE
GRTST DEPTH: M ON M 7 = DUSTSTORM OR SANDSTORM:
VSBY 1/2 MILE OR LESS
8 = SMOKE OR HAZE
[NO. OF DAYS WITH] [WEATHER - DAYS WITH] 9 = BLOWING SNOW
X = TORNADO
MAX 32 OR BELOW: 21 0.01 INCH OR MORE: 8
MAX 90 OR ABOVE: 0 0.10 INCH OR MORE: 1
MIN 32 OR BELOW: 31 0.50 INCH OR MORE: 0
MIN 0 OR BELOW: 6 1.00 INCH OR MORE: 0
[HDD (BASE 65) ]
TOTAL THIS MO. 1401 CLEAR (SCALE 0-3) 9
DPTR FM NORMAL -25 PTCLDY (SCALE 4-7) 17
TOTAL FM JUL 1 4538 CLOUDY (SCALE 8-10) 5
DPTR FM NORMAL -384
[CDD (BASE 65) ]
TOTAL THIS MO. 0
DPTR FM NORMAL 0 [PRESSURE DATA]
TOTAL FM JAN 1 0 HIGHEST SLP 30.76 ON 14
DPTR FM NORMAL 0 LOWEST SLP 29.56 ON 29
[REMARKS]
13TH: HIGH OF 50 BREAKS OLD RECORD OF 49 SET IN 1973.
#FINAL-01-21#