000
CXUS55 KPIH 020602
CF6LLJ
PRELIMINARY LOCAL CLIMATOLOGICAL DATA (WS FORM: F-6)
STATION: CHALLIS ID
MONTH: SEPTEMBER
YEAR: 2020
LATITUDE: 44 31 N
LONGITUDE: 114 13 W
TEMPERATURE IN F: :PCPN: SNOW: WIND :SUNSHINE: SKY :PK WND
================================================================================
1 2 3 4 5 6A 6B 7 8 9 10 11 12 13 14 15 16 17 18
12Z AVG MX 2MIN
DY MAX MIN AVG DEP HDD CDD WTR SNW DPTH SPD SPD DIR MIN PSBL S-S WX SPD DR
================================================================================
1 81 39 60 -1 5 0 0.00 M M 3.0 9 340 M M 0 12 170
2 91 46 69 8 0 4 0.00 M M 5.8 21 290 M M 0 27 250
3 91 48 70 10 0 5 0.00 M M 3.7 9 320 M M 0 13 330
4 96 48 72 12 0 7 0.00 M M 1.5 7 160 M M 0 11 330
5 98 51 75 15 0 10 0.00 M M 5.5 31 270 M M 0 38 280
6 92 48 70 10 0 5 0.00 M M 2.7 12 300 M M 0 16 300
7 80 42 61 2 4 0 T M M 11.1 40 40 M M 3 3 55 40
8 63 33 48 -11 17 0 0.00 M M 9.2 18 10 M M 1 29 10
9 75 32 54 -4 11 0 0.00 M M 3.0 10 320 M M 0 8 13 320
10 84 38 61 3 4 0 0.00 M M 1.7 10 310 M M 0 12 310
11 86 41 64 6 1 0 0.00 M M 3.7 13 360 M M 0 19 360
12 87 42 65 8 0 0 0.00 M M 1.2 8 200 M M 0 9 10
13 83 41 62 5 3 0 0.00 M M 1.1 8 300 M M 3 8 9 160
14 88 42 65 8 0 0 0.00 M M 3.0 20 270 M M 0 8 26 270
15 86 44 65 9 0 0 0.00 M M 1.8 9 300 M M 3 8 13 310
16 84 43 64 8 1 0 0.00 M M 1.7 10 310 M M 6 8 13 310
17 83 43 63 7 2 0 0.00 M M 1.9 7 150 M M 4 8 9 140
18 71 44 58 3 7 0 T M M 3.7 35 240 M M 3 48 240
19 69 46 58 3 7 0 0.01 M M 6.0 32 270 M M 8 3 43 270
20 72 37 55 1 10 0 0.00 M M 2.5 8 270 M M 0 13 80
21 80 36 58 4 7 0 0.00 M M 2.8 15 150 M M 0 23 150
22 83 40 62 8 3 0 0.00 M M 5.2 20 270 M M 0 26 270
23 82 47 65 12 0 0 0.00 M M 4.2 17 230 M M 0 8 23 220
24 72 44 58 5 7 0 0.00 M M 6.9 24 230 M M 3 34 230
25 70 37 54 2 11 0 0.01 M M 6.3 26 220 M M 4 39 290
26 65 42 54 2 11 0 0.02 M M 6.7 18 260 M M 5 29 290
27 62 36 49 -3 16 0 0.00 M M 3.7 14 360 M M 4 21 360
28 73 32 53 2 12 0 0.00 M M 1.7 7 310 M M 0 11 310
29 79 34 57 6 8 0 0.00 M M 1.2 7 140 M M 0 8 9 140
30 81 37 59 9 6 0 0.00 M M 1.6 10 320 M M 0 8 13 320
================================================================================
SM 2407 1233 153 31 0.04 M 114.1 M 47
================================================================================
AV 80.2 41.1 3.8 FASTST M M 2 MAX(MPH)
MISC ----> # 40 40 # 55 40
================================================================================
NOTES:
# LAST OF SEVERAL OCCURRENCES
PRECIPITATION SUSPECT DURING FREEZING/FROZEN EVENTS
COLUMN 17 PEAK WIND IN M.P.H.
PRELIMINARY LOCAL CLIMATOLOGICAL DATA (WS FORM: F-6) , PAGE 2
STATION: CHALLIS ID
MONTH: SEPTEMBER
YEAR: 2020
LATITUDE: 44 31 N
LONGITUDE: 114 13 W
[TEMPERATURE DATA] [PRECIPITATION DATA] SYMBOLS USED IN COLUMN 16
AVERAGE MONTHLY: 60.7 TOTAL FOR MONTH: 0.04 1 = FOG OR MIST
DPTR FM NORMAL: 4.7 DPTR FM NORMAL: -0.70 2 = FOG REDUCING VISIBILITY
HIGHEST: 98 ON 5 GRTST 24HR 0.09 ON 31- 1 TO 1/4 MILE OR LESS
LOWEST: 32 ON 28, 9 3 = THUNDER
SNOW, ICE PELLETS, HAIL 4 = ICE PELLETS
TOTAL MONTH: M 5 = HAIL
GRTST 24HR M ON M 6 = FREEZING RAIN OR DRIZZLE
GRTST DEPTH: M ON M 7 = DUSTSTORM OR SANDSTORM:
VSBY 1/2 MILE OR LESS
8 = SMOKE OR HAZE
[NO. OF DAYS WITH] [WEATHER - DAYS WITH] 9 = BLOWING SNOW
X = TORNADO
MAX 32 OR BELOW: 0 0.01 INCH OR MORE: 3
MAX 90 OR ABOVE: 5 0.10 INCH OR MORE: 0
MIN 32 OR BELOW: 2 0.50 INCH OR MORE: 0
MIN 0 OR BELOW: 0 1.00 INCH OR MORE: 0
[HDD (BASE 65) ]
TOTAL THIS MO. 153 CLEAR (SCALE 0-3) 23
DPTR FM NORMAL -123 PTCLDY (SCALE 4-7) 7
TOTAL FM JUL 1 189 CLOUDY (SCALE 8-10) 0
DPTR FM NORMAL -160
[CDD (BASE 65) ]
TOTAL THIS MO. 31
DPTR FM NORMAL 25 [PRESSURE DATA]
TOTAL FM JAN 1 428 HIGHEST SLP 30.54 ON 28
DPTR FM NORMAL 180 LOWEST SLP 29.66 ON 7
[REMARKS]
4TH: HIGH OF 96 BREAKS OLD RECORD OF 95 SET IN 2019.
5TH: HIGH OF 98 BREAKS OLD RECORD OF 93 SET IN 1928. THIS ALSO
BREAKS THE PREVIOUS MONTHLY RECORD OF 96 SET IN 2017.
6TH: HIGH OF 92 BREAKS OLD RECORD OF 90 SET IN 1988.
#FINAL-09-20#