000
CXUS56 KMFR 010930
CF6LMT
PRELIMINARY LOCAL CLIMATOLOGICAL DATA (WS FORM: F-6)
STATION: KLAMATH FALLS OR
MONTH: APRIL
YEAR: 2021
LATITUDE: 42 9 N
LONGITUDE: 121 44 W
TEMPERATURE IN F: :PCPN: SNOW: WIND :SUNSHINE: SKY :PK WND
================================================================================
1 2 3 4 5 6A 6B 7 8 9 10 11 12 13 14 15 16 17 18
12Z AVG MX 2MIN
DY MAX MIN AVG DEP HDD CDD WTR SNW DPTH SPD SPD DIR MIN PSBL S-S WX SPD DR
================================================================================
1 69 23 46 6 19 0 0.00 M M 6.0 24 280 M M 0 8 30 280
2 70 23 47 7 18 0 0.00 M M 5.4 21 190 M M 0 27 190
3 68 23 46 6 19 0 0.00 M M 5.6 17 250 M M 0 21 260
4 67 22 45 5 20 0 0.00 M M 5.8 23 320 M M 0 29 290
5 57 25 41 0 24 0 0.00 M M 8.3 25 320 M M 0 29 330
6 66 16 41 0 24 0 0.00 M M 3.5 15 280 M M 0 17 280
7 64 25 45 4 20 0 0.00 M M 9.0 23 280 M M 0 8 30 270
8 55 26 41 0 24 0 0.00 M M 7.8 20 280 M M 1 24 280
9 65 17 41 0 24 0 0.00 M M 6.4 22 340 M M 0 28 280
10 54 25 40 -2 25 0 0.00 M M 9.8 20 270 M M 0 26 330
11 59 18 39 -3 26 0 0.00 M M 7.4 16 330 M M 0 19 340
12 61 25 43 1 22 0 0.00 M M 7.8 20 340 M M 0 27 340
13 55 33 44 2 21 0 0.00 M M 14.6 28 60 M M 4 8 35 40
14 58 30 44 2 21 0 0.00 M M 9.6 21 320 M M 1 24 310
15 61 18 40 -3 25 0 0.00 M M 5.8 17 320 M M 0 27 300
16 66 27 47 4 18 0 0.00 M M 7.6 17 60 M M 0 24 70
17 70 29 50 7 15 0 0.00 M M 5.4 17 80 M M 0 28 80
18 76 25 51 7 14 0 0.00 M M 5.5 20 340 M M 0 26 330
19 72 29 51 7 14 0 0.00 M M 5.9 18 340 M M 2 22 340
20 62 41 52 8 13 0 0.17 M M 9.0 20 20 M M 6 1 24 350
21 66 33 50 6 15 0 0.00 M M 9.0 20 320 M M 0 23 320
22 67 28 48 3 17 0 0.00 M M 9.2 26 340 M M 0 32 330
23 68 19 44 -1 21 0 0.08 M M 7.2 23 250 M M 2 1 31 250
24 51 38 45 0 20 0 0.17 M M 7.4 28 260 M M 9 1 32 270
25 42 32 37 -9 28 0 0.24 M M 5.9 29 280 M M 10 1 34 290
26 48 30 39 -7 26 0 0.03 M M 7.1 17 260 M M 8 1 22 350
27 62 24 43 -3 22 0 0.00 M M 2.0 12 320 M M 0 1 15 320
28 71 25 48 2 17 0 0.00 M M 1.6 9 160 M M 0 12 170
29 81 33 57 10 8 0 0.00 M M 5.0 16 340 M M 0 19 330
30 78 34 56 9 9 0 0.00 M M 6.4 20 290 M M 0 23 290
================================================================================
SM 1909 796 589 0 0.69 M 207.0 M 43
================================================================================
AV 63.6 26.5 6.9 FASTST M M 1 MAX(MPH)
MISC ----> 29 280 35 40
================================================================================
NOTES:
# LAST OF SEVERAL OCCURRENCES
COLUMN 17 PEAK WIND IN M.P.H.
PRELIMINARY LOCAL CLIMATOLOGICAL DATA (WS FORM: F-6) , PAGE 2
STATION: KLAMATH FALLS OR
MONTH: APRIL
YEAR: 2021
LATITUDE: 42 9 N
LONGITUDE: 121 44 W
[TEMPERATURE DATA] [PRECIPITATION DATA] SYMBOLS USED IN COLUMN 16
AVERAGE MONTHLY: 45.1 TOTAL FOR MONTH: 0.69 1 = FOG OR MIST
DPTR FM NORMAL: 2.0 DPTR FM NORMAL: -0.68 2 = FOG REDUCING VISIBILITY
HIGHEST: 81 ON 29 GRTST 24HR 0.27 ON 24-25 TO 1/4 MILE OR LESS
LOWEST: 16 ON 6 3 = THUNDER
SNOW, ICE PELLETS, HAIL 4 = ICE PELLETS
TOTAL MONTH: M 5 = HAIL
GRTST 24HR M ON M 6 = FREEZING RAIN OR DRIZZLE
GRTST DEPTH: M ON M 7 = DUSTSTORM OR SANDSTORM:
VSBY 1/2 MILE OR LESS
8 = SMOKE OR HAZE
[NO. OF DAYS WITH] [WEATHER - DAYS WITH] 9 = BLOWING SNOW
X = TORNADO
MAX 32 OR BELOW: 0 0.01 INCH OR MORE: 5
MAX 90 OR ABOVE: 0 0.10 INCH OR MORE: 3
MIN 32 OR BELOW: 24 0.50 INCH OR MORE: 0
MIN 0 OR BELOW: 0 1.00 INCH OR MORE: 0
[HDD (BASE 65) ]
TOTAL THIS MO. 589 CLEAR (SCALE 0-3) 25
DPTR FM NORMAL -68 PTCLDY (SCALE 4-7) 3
TOTAL FM JUL 1 5784 CLOUDY (SCALE 8-10) 2
DPTR FM NORMAL -535
[CDD (BASE 65) ]
TOTAL THIS MO. 0
DPTR FM NORMAL 0 [PRESSURE DATA]
TOTAL FM JAN 1 0 HIGHEST SLP M ON M
DPTR FM NORMAL 0 LOWEST SLP 29.70 ON 25
[REMARKS]
#FINAL-04-21#