000
CXUS55 KRIW 011110
CF6LND
PRELIMINARY LOCAL CLIMATOLOGICAL DATA (WS FORM: F-6)
STATION: LANDER WY
MONTH: FEBRUARY
YEAR: 2023
LATITUDE: 42 49 N
LONGITUDE: 108 44 W
TEMPERATURE IN F: :PCPN: SNOW: WIND :SUNSHINE: SKY :PK WND
================================================================================
1 2 3 4 5 6A 6B 7 8 9 10 11 12 13 14 15 16 17 18
12Z AVG MX 2MIN
DY MAX MIN AVG DEP HDD CDD WTR SNW DPTH SPD SPD DIR MIN PSBL S-S WX SPD DR
================================================================================
1 15 -11 2 -20 63 0 0.00 0.0 18 3.6 16 240 M M 0 18 250
2 20 2 11 -11 54 0 0.00 0.0 18 2.7 12 10 M M 0 14 10
3 22 2 12 -10 53 0 0.00 0.0 18 4.1 12 280 M M 0 17 290
4 40 7 24 2 41 0 0.00 0.0 18 5.1 14 140 M M 0 23 230
5 34 13 24 2 41 0 0.00 0.0 18 5.1 15 250 M M 0 25 240
6 34 18 26 3 39 0 0.00 0.0 18 4.5 12 250 M M 6 13 290
7 26 10 18 -5 47 0 0.00 0.0 18 3.4 14 230 M M 0 16 230
8 39 9 24 1 41 0 T T 18 7.2 28 350 M M 3 1 36 350
9 27 6 17 -6 48 0 0.00 0.0 18 3.6 15 230 M M 1 18 220
10 17 0 9 -14 56 0 0.00 0.0 18 2.5 10 340 M M 0 12 340
11 21 2 12 -12 53 0 0.00 0.0 18 3.5 12 330 M M 0 13 330
12 25 3 14 -10 51 0 0.00 0.0 18 3.9 14 230 M M 0 16 240
13 22 2 12 -12 53 0 0.00 0.0 18 3.4 16 260 M M 0 128 18 250
14 30 6 18 -6 47 0 0.25 2.0 16 6.9 22 20 M M 7 128 27 20
15 12 -3 5 -20 60 0 0.04 0.9 18 3.1 12 140 M M 4 18 14 140
16 5 -9 -2 -27 67 0 0.00 0.0 18 2.2 7 310 M M 0 8 310
17 15 -10 3 -22 62 0 0.00 0.0 18 3.5 12 320 M M 0 22 280
18 29 -5 12 -14 53 0 0.00 0.0 18 5.5 17 250 M M 0 21 260
19 31 10 21 -5 44 0 0.00 0.0 18 2.9 15 160 M M 0 19 150
20 45 17 31 5 34 0 0.00 0.0 17 8.5 18 150 M M 0 22 140
21 47 9 28 1 37 0 0.45 4.0 17 10.2 29 210 M M 4 12 46 210
22 9 -13 -2 -29 67 0 0.60 4.1 23 7.7 20 90 M M 8 128 23 90
23 -7 -21 -14 -41 79 0 0.00 0.0 23 2.9 9 240 M M 4 10 230
24 -1 -21 -11 -39 76 0 0.00 0.0 23 2.0 13 330 M M 0 21 20
25 36 -5 16 -12 49 0 0.00 0.0 23 5.4 18 310 M M 0 31 310
26 39 9 24 -5 41 0 0.00 0.0 22 4.3 21 250 M M 1 26 190
27 36 17 27 -2 38 0 0.00 0.0 20 7.2 33 220 M M 4 43 220
28 33 15 24 -6 41 0 0.00 0.0 19 8.3 24 280 M M 2 35 290
================================================================================
SM 701 59 1435 0 1.34 11.0 133.2 M 44
================================================================================
AV 25.0 2.1 4.8 FASTST M M 2 MAX(MPH)
MISC ----> 33 220 46 210
================================================================================
NOTES:
# LAST OF SEVERAL OCCURRENCES
COLUMN 17 PEAK WIND IN M.P.H.
PRELIMINARY LOCAL CLIMATOLOGICAL DATA (WS FORM: F-6) , PAGE 2
STATION: LANDER WY
MONTH: FEBRUARY
YEAR: 2023
LATITUDE: 42 49 N
LONGITUDE: 108 44 W
[TEMPERATURE DATA] [PRECIPITATION DATA] SYMBOLS USED IN COLUMN 16
AVERAGE MONTHLY: 13.6 TOTAL FOR MONTH: 1.34 1 = FOG OR MIST
DPTR FM NORMAL: -11.4 DPTR FM NORMAL: 0.64 2 = FOG REDUCING VISIBILITY
HIGHEST: 47 ON 21 GRTST 24HR 1.04 ON 21-22 TO 1/4 MILE OR LESS
LOWEST: -21 ON 24,23 3 = THUNDER
SNOW, ICE PELLETS, HAIL 4 = ICE PELLETS
TOTAL MONTH: 11.0 INCHES 5 = HAIL
GRTST 24HR 4.1 ON 22-22 6 = FREEZING RAIN OR DRIZZLE
GRTST DEPTH: 23 ON 25,24 7 = DUSTSTORM OR SANDSTORM:
VSBY 1/2 MILE OR LESS
8 = SMOKE OR HAZE
[NO. OF DAYS WITH] [WEATHER - DAYS WITH] 9 = BLOWING SNOW
X = TORNADO
MAX 32 OR BELOW: 18 0.01 INCH OR MORE: 4
MAX 90 OR ABOVE: 0 0.10 INCH OR MORE: 3
MIN 32 OR BELOW: 28 0.50 INCH OR MORE: 1
MIN 0 OR BELOW: 10 1.00 INCH OR MORE: 0
[HDD (BASE 65) ]
TOTAL THIS MO. 1435 CLEAR (SCALE 0-3) 20
DPTR FM NORMAL 314 PTCLDY (SCALE 4-7) 7
TOTAL FM JUL 1 6269 CLOUDY (SCALE 8-10) 1
DPTR FM NORMAL 618
[CDD (BASE 65) ]
TOTAL THIS MO. 0
DPTR FM NORMAL 0 [PRESSURE DATA]
TOTAL FM JAN 1 0 HIGHEST SLP 30.62 ON 9
DPTR FM NORMAL 0 LOWEST SLP 29.19 ON 21
[REMARKS]
#FINAL-02-23#