000
CXUS55 KRIW 060057
CF6LND
PRELIMINARY LOCAL CLIMATOLOGICAL DATA (WS FORM: F-6)
STATION: LANDER WY
MONTH: OCTOBER
YEAR: 2022
LATITUDE: 42 49 N
LONGITUDE: 108 44 W
TEMPERATURE IN F: :PCPN: SNOW: WIND :SUNSHINE: SKY :PK WND
================================================================================
1 2 3 4 5 6A 6B 7 8 9 10 11 12 13 14 15 16 17 18
12Z AVG MX 2MIN
DY MAX MIN AVG DEP HDD CDD WTR SNW DPTH SPD SPD DIR MIN PSBL S-S WX SPD DR
================================================================================
1 53 44 49 -3 16 0 0.27 0.0 0 4.8 13 320 M M 9 1 16 320
2 65 42 54 2 11 0 0.00 0.0 0 3.3 13 20 M M 5 16 360
3 65 41 53 2 12 0 0.00 0.0 0 3.8 12 240 M M 3 15 80
4 67 40 54 3 11 0 0.00 0.0 0 4.6 13 230 M M 0 16 220
5 69 41 55 5 10 0 0.00 0.0 0 2.3 10 230 M M 0 24 170
6 68 41 55 5 10 0 0.00 0.0 0 3.7 14 360 M M 2 17 360
7 56 37 47 -3 18 0 0.00 0.0 0 3.3 9 240 M M 5 1 13 40
8 65 37 51 2 14 0 0.00 0.0 0 3.2 13 240 M M 0 16 240
9 70 39 55 7 10 0 0.00 0.0 0 3.9 13 240 M M 2 17 250
10 74 42 58 10 7 0 0.00 0.0 0 4.6 18 270 M M 0 23 270
11 64 41 53 5 12 0 0.00 0.0 0 4.9 20 60 M M 1 29 70
12 63 37 50 3 15 0 0.00 0.0 0 3.7 15 40 M M 0 21 80
13 66 34 50 3 15 0 0.00 0.0 0 4.1 12 260 M M 0 14 240
14 71 36 54 8 11 0 0.00 0.0 0 4.5 16 120 M M 0 20 120
15 55 38 47 1 18 0 0.00 0.0 0 5.3 14 240 M M 6 17 250
16 59 31 45 0 20 0 0.00 0.0 0 3.4 13 240 M M 0 16 80
17 68 33 51 6 14 0 0.00 0.0 0 2.6 13 240 M M 0 16 240
18 73 38 56 12 9 0 0.00 0.0 0 3.3 14 250 M M 0 16 250
19 73 39 56 12 9 0 0.00 0.0 0 3.9 14 250 M M 0 17 240
20 76 33 55 11 10 0 0.00 0.0 0 5.3 21 280 M M 0 29 300
21 75 37 56 13 9 0 0.00 0.0 0 9.0 29 260 M M 0 43 250
22 65 40 53 10 12 0 T 0.0 0 12.1 41 200 M M 2 70 200
23 41 31 36 -6 29 0 0.03 T 0 5.2 21 320 M M 9 1 30 340
24 50 26 38 -4 27 0 0.01 T 0 5.4 15 150 M M 3 1 19 120
25 52 27 40 -2 25 0 0.00 0.0 0 5.6 35 330 M M 4 47 330
26 50 19 35 -6 30 0 0.00 0.0 0 6.2 21 340 M M 2 27 340
27 49 25 37 -4 28 0 0.00 0.0 0 4.8 16 300 M M 1 20 310
28 55 22 39 -1 26 0 0.00 0.0 0 3.2 13 250 M M 0 15 250
29 54 28 41 1 24 0 0.00 0.0 0 3.7 10 320 M M 0 12 330
30 59 27 43 4 22 0 0.00 0.0 0 5.5 15 230 M M 0 19 110
31 65 30 48 9 17 0 0.00 0.0 0 3.4 10 120 M M 0 15 180
================================================================================
SM 1935 1076 501 0 0.31 T 142.6 M 54
================================================================================
AV 62.4 34.7 4.6 FASTST M M 2 MAX(MPH)
MISC ----> 41 200 70 200
================================================================================
NOTES:
# LAST OF SEVERAL OCCURRENCES
COLUMN 17 PEAK WIND IN M.P.H.
PRELIMINARY LOCAL CLIMATOLOGICAL DATA (WS FORM: F-6) , PAGE 2
STATION: LANDER WY
MONTH: OCTOBER
YEAR: 2022
LATITUDE: 42 49 N
LONGITUDE: 108 44 W
[TEMPERATURE DATA] [PRECIPITATION DATA] SYMBOLS USED IN COLUMN 16
AVERAGE MONTHLY: 48.6 TOTAL FOR MONTH: 0.31 1 = FOG OR MIST
DPTR FM NORMAL: 3.2 DPTR FM NORMAL: -1.09 2 = FOG REDUCING VISIBILITY
HIGHEST: 76 ON 20 GRTST 24HR 0.28 ON 30- 1 TO 1/4 MILE OR LESS
LOWEST: 19 ON 26 3 = THUNDER
SNOW, ICE PELLETS, HAIL 4 = ICE PELLETS
TOTAL MONTH: T 5 = HAIL
GRTST 24HR T ON 23-23 6 = FREEZING RAIN OR DRIZZLE
GRTST DEPTH: 0 7 = DUSTSTORM OR SANDSTORM:
VSBY 1/2 MILE OR LESS
8 = SMOKE OR HAZE
[NO. OF DAYS WITH] [WEATHER - DAYS WITH] 9 = BLOWING SNOW
X = TORNADO
MAX 32 OR BELOW: 0 0.01 INCH OR MORE: 3
MAX 90 OR ABOVE: 0 0.10 INCH OR MORE: 1
MIN 32 OR BELOW: 10 0.50 INCH OR MORE: 0
MIN 0 OR BELOW: 0 1.00 INCH OR MORE: 0
[HDD (BASE 65) ]
TOTAL THIS MO. 501 CLEAR (SCALE 0-3) 24
DPTR FM NORMAL -106 PTCLDY (SCALE 4-7) 5
TOTAL FM JUL 1 609 CLOUDY (SCALE 8-10) 2
DPTR FM NORMAL -233
[CDD (BASE 65) ]
TOTAL THIS MO. 0
DPTR FM NORMAL -1 [PRESSURE DATA]
TOTAL FM JAN 1 720 HIGHEST SLP 30.41 ON 8
DPTR FM NORMAL 235 LOWEST SLP 29.13 ON 22
[REMARKS]
#FINAL-10-22#