000
CXUS53 KOAX 010930
CF6LNK
PRELIMINARY LOCAL CLIMATOLOGICAL DATA (WS FORM: F-6)
STATION: LINCOLN NE
MONTH: JULY
YEAR: 2022
LATITUDE: 40 50 N
LONGITUDE: 96 45 W
TEMPERATURE IN F: :PCPN: SNOW: WIND :SUNSHINE: SKY :PK WND
================================================================================
1 2 3 4 5 6A 6B 7 8 9 10 11 12 13 14 15 16 17 18
12Z AVG MX 2MIN
DY MAX MIN AVG DEP HDD CDD WTR SNW DPTH SPD SPD DIR MIN PSBL S-S WX SPD DR
================================================================================
1 83 64 74 -3 0 9 0.01 0.0 0 7.9 24 360 M M 5 30 360
2 84 62 73 -4 0 8 0.03 0.0 0 6.8 14 160 M M 5 1 19 160
3 87 67 77 0 0 12 T 0.0 0 10.0 20 160 M M 6 18 26 170
4 98 74 86 8 0 21 0.08 0.0 0 13.2 25 190 M M 1 3 35 210
5 99 76 88 10 0 23 T 0.0 0 10.8 30 10 M M 0 42 30
6 87 72 80 2 0 15 0.34 0.0 0 6.9 17 50 M M 4 1 21 50
7 84 72 78 0 0 13 1.77 0.0 0 6.1 28 340 M M 7 138 34 330
8 86 72 79 1 0 14 0.00 0.0 0 9.9 17 340 M M 7 1 24 330
9 88 67 78 0 0 13 0.00 0.0 0 7.4 13 160 M M 0 1 23 130
10 93 69 81 3 0 16 0.00 0.0 0 12.2 28 190 M M 0 37 180
11 88 63 76 -2 0 11 T 0.0 0 10.4 37 20 M M 1 51 10
12 87 58 73 -5 0 8 0.00 0.0 0 5.0 15 320 M M 0 22 320
13 91 62 77 -1 0 12 0.00 0.0 0 7.6 17 180 M M 1 23 180
14 93 71 82 4 0 17 0.03 0.0 0 14.4 26 160 M M 2 3 34 160
15 96 74 85 7 0 20 0.00 0.0 0 9.4 17 190 M M 0 25 190
16 87 74 81 3 0 16 0.13 0.0 0 7.7 32 150 M M 5 1 41 150
17 89 70 80 2 0 15 0.01 0.0 0 6.5 17 50 M M 5 18 20 50
18 91 65 78 0 0 13 0.00 0.0 0 7.9 17 180 M M 0 18 24 180
19 95 65 80 2 0 15 0.00 0.0 0 9.7 22 210 M M 0 31 180
20 93 62 78 0 0 13 0.00 0.0 0 8.1 18 350 M M 0 25 310
21 95 66 81 3 0 16 0.00 0.0 0 8.4 21 310 M M 0 27 310
22 98 69 84 6 0 19 0.00 0.0 0 10.5 21 240 M M 0 26 250
23 102 75 89 11 0 24 T 0.0 0 14.0 26 200 M M 1 3 36 190
24 90 71 81 3 0 16 0.00 0.0 0 10.0 24 20 M M 1 30 30
25 74 65 70 -8 0 5 0.01 0.0 0 5.2 15 100 M M 6 22 140
26 86 67 77 -1 0 12 0.16 0.0 0 6.4 23 170 M M 7 13 30 190
27 91 66 79 1 0 14 0.00 0.0 0 4.3 12 220 M M 0 1 16 190
28 84 60 72 -6 0 7 0.00 0.0 0 8.1 17 30 M M 1 25 20
29 83 54 69 -9 0 4 0.00 0.0 0 3.5 9 260 M M 0 12 260
30 85 55 70 -8 0 5 0.00 0.0 0 5.7 14 190 M M 0 21 190
31 94 62 78 0 0 13 0.00 0.0 0 9.9 16 210 M M 1 27 220
================================================================================
SM 2781 2069 0 419 2.57 0.0 263.9 M 66
================================================================================
AV 89.7 66.7 8.5 FASTST M M 2 MAX(MPH)
MISC ----> 37 20 51 10
================================================================================
NOTES:
# LAST OF SEVERAL OCCURRENCES
COLUMN 17 PEAK WIND IN M.P.H.
PRELIMINARY LOCAL CLIMATOLOGICAL DATA (WS FORM: F-6) , PAGE 2
STATION: LINCOLN NE
MONTH: JULY
YEAR: 2022
LATITUDE: 40 50 N
LONGITUDE: 96 45 W
[TEMPERATURE DATA] [PRECIPITATION DATA] SYMBOLS USED IN COLUMN 16
AVERAGE MONTHLY: 78.2 TOTAL FOR MONTH: 2.57 1 = FOG OR MIST
DPTR FM NORMAL: 0.1 DPTR FM NORMAL: -0.68 2 = FOG REDUCING VISIBILITY
HIGHEST: 102 ON 23 GRTST 24HR 1.77 ON 7- 7 TO 1/4 MILE OR LESS
LOWEST: 54 ON 29 3 = THUNDER
SNOW, ICE PELLETS, HAIL 4 = ICE PELLETS
TOTAL MONTH: 0.0 INCH 5 = HAIL
GRTST 24HR 0.0 6 = FREEZING RAIN OR DRIZZLE
GRTST DEPTH: 0 7 = DUSTSTORM OR SANDSTORM:
VSBY 1/2 MILE OR LESS
8 = SMOKE OR HAZE
[NO. OF DAYS WITH] [WEATHER - DAYS WITH] 9 = BLOWING SNOW
X = TORNADO
MAX 32 OR BELOW: 0 0.01 INCH OR MORE: 10
MAX 90 OR ABOVE: 15 0.10 INCH OR MORE: 4
MIN 32 OR BELOW: 0 0.50 INCH OR MORE: 1
MIN 0 OR BELOW: 0 1.00 INCH OR MORE: 1
[HDD (BASE 65) ]
TOTAL THIS MO. 0 CLEAR (SCALE 0-3) 21
DPTR FM NORMAL -1 PTCLDY (SCALE 4-7) 10
TOTAL FM JUL 1 0 CLOUDY (SCALE 8-10) 0
DPTR FM NORMAL 0
[CDD (BASE 65) ]
TOTAL THIS MO. 419
DPTR FM NORMAL 14 [PRESSURE DATA]
TOTAL FM JAN 1 882 HIGHEST SLP 30.19 ON 9
DPTR FM NORMAL 109 LOWEST SLP 29.66 ON 23
[REMARKS]
#FINAL-07-22#