000
CXUS53 KJKL 011732
CLSLOZ
CLIMATE REPORT
NATIONAL WEATHER SERVICE JACKSON KY
1232 PM EST FRI DEC 01 2023
...................................
...THE LONDON KY CLIMATE SUMMARY FOR THE SEASON, FROM
9/1/2023 TO 11/30/2023...
CLIMATE NORMAL PERIOD 1991 TO 2020
CLIMATE RECORD PERIOD 1954 TO 2023
WEATHER OBSERVED NORMAL DEPART LAST YEAR`S
VALUE DATE(S) VALUE FROM VALUE DATE(S)
NORMAL
................................................................
TEMPERATURE (F)
RECORD
HIGH 97 09/05/2007
LOW 2 11/30/1976
HIGHEST 89 09/04 MM MM 90 09/21
09/05
LOWEST 17 11/29 MM MM 17 11/21
AVG. MAXIMUM 70.6 69.1 1.5 67.9
AVG. MINIMUM 46.5 46.2 0.3 MM
MEAN 58.5 57.7 0.8 MM
DAYS MAX >= 90 0 3.2 -3.2 1
DAYS MAX <= 32 0 0.2 -0.2 0
DAYS MIN <= 32 13 15.0 -2.0 21
DAYS MIN <= 0 0 0.0 0.0 0
PRECIPITATION (INCHES)
RECORD
MAXIMUM 20.16 2004
MINIMUM 4.07 2008
TOTALS 4.53 10.36 -5.83 MM
DAILY AVG. 0.05 0.11 -0.06 0.08
DAYS >= .01 21 27.1 -6.1 26
DAYS >= .10 11 17.7 -6.7 15
DAYS >= .50 2 6.7 -4.7 4
DAYS >= 1.00 2 2.6 -0.6 3
GREATEST
24 HR. TOTAL MM 1.32
SNOWFALL (INCHES)
RECORDS
TOTAL 4.5 1963
TOTALS MM MM MM MM
SINCE 7/1 MM MM MM MM
SNOWDEPTH AVG. MM MM
DAYS >= 1.0 MM MM MM MM
GREATEST
24 HR TOTAL MM MM
DEGREE DAYS
HEATING TOTAL 740 846 -106 MM
SINCE 7/1 740 845 -105 MM
COOLING TOTAL 176 177 -1 131
SINCE 1/1 1070 1217 -147 MM
................................................................
WIND (MPH)
AVERAGE WIND SPEED 3.6
RESULTANT WIND SPEED/DIRECTION 1/280
HIGHEST WIND SPEED/DIRECTION 24/290 DATE 11/27
HIGHEST GUST SPEED/DIRECTION 34/280 DATE 10/20
SKY COVER
POSSIBLE SUNSHINE (PERCENT) MM
NUMBER OF DAYS FAIR 51
NUMBER OF DAYS PC 28
NUMBER OF DAYS CLOUDY 12
AVERAGE RH (PERCENT) 70
WEATHER CONDITIONS. NUMBER OF DAYS WITH
THUNDERSTORM 4 MIXED PRECIP 0
HEAVY RAIN 5 RAIN 10
LIGHT RAIN 25 FREEZING RAIN 0
LT FREEZING RAIN 0 HAIL 0
HEAVY SNOW 0 SNOW 0
LIGHT SNOW 0 SLEET 0
FOG 53 FOG W/VIS <= 1/4 MILE 12
HAZE 8
- INDICATES NEGATIVE NUMBERS.
R INDICATES RECORD WAS SET OR TIED.
MM INDICATES DATA IS MISSING.
T INDICATES TRACE AMOUNT.
$$