000
CXUS54 KLZK 011130
CF6LRF
PRELIMINARY LOCAL CLIMATOLOGICAL DATA (WS FORM: F-6)
STATION: JACKSONVILLE/LITTLE ROCK AFB
MONTH: MAY
YEAR: 2022
LATITUDE: 34 55 N
LONGITUDE: 92 9 W
TEMPERATURE IN F: :PCPN: SNOW: WIND :SUNSHINE: SKY :PK WND
================================================================================
1 2 3 4 5 6A 6B 7 8 9 10 11 12 13 14 15 16 17 18
12Z AVG MX 2MIN
DY MAX MIN AVG DEP HDD CDD WTR SNW DPTH SPD SPD DIR MIN PSBL S-S WX SPD DR
================================================================================
1 83 48 66 0 0 1 0.00 0.0 0 1.8 8 240 M M 0 M M
2 77 53 65 -1 0 0 0.30 0.0 0 4.7 14 300 M M 6 3 21 170
3 75 62 69 3 0 4 T 0.0 0 9.1 23 290 M M 8 3 36 310
4 72 57 65 -2 0 0 0.00 0.0 0 8.4 13 70 M M 7 M M
5 66 60 63 -4 2 0 0.84 0.0 0 5.3 18 290 M M 8 13 28 290
6 73 55 64 -3 1 0 T 0.0 0 10.6 18 270 M M 6 31 260
7 78 51 65 -3 0 0 0.00 0.0 0 4.0 12 90 M M 0 M M
8 80 51 66 -2 0 1 0.00 0.0 0 5.6180 82 M M 4 21 130
9 89 77 83 15 0 18 0.00 0.0 0 6.5 14 220 M M 3 23 190
10 89 71 80 12 0 15 0.00 0.0 0 6.0 15 210 M M 3 23 210
11 92 67 80 11 0 15 0.00 0.0 0 3.5 9 160 M M 2 1 M M
12 95 64 80 11 0 15 0.00 0.0 0 1.5 9 290 M M 0 M M
13 94 65 80 11 0 15 0.00 0.0 0 4.9 16 120 M M 0 1 30 150
14 88 65 77 8 0 12 T 0.0 0 5.0 10 80 M M 5 20 280
15 88 63 76 6 0 11 T 0.0 M 3.0 27 320 M M 3 3 58 290
16 82 60 71 1 0 6 0.00 0.0 M 4.2 13 80 M M 5 3 M M
17 83 55 69 -1 0 4 T 0.0 M 2.5 9 100 M M 2 M M
18 90 62 76 6 0 11 0.00 0.0 0 5.8 16 240 M M 3 18 210
19 91 70 81 10 0 16 0.00 0.0 0 10.5 20 200 M M 3 18 29 200
20 89 73 81 10 0 16 0.00 0.0 0 11.3 18 210 M M 4 31 210
21 90 62 76 5 0 11 2.14 0.0 0 8.2 38 10 M M 6 38 46 310
22 66 59 63 -9 2 0 0.40 0.0 M 7.3 15 40 M M 10 13 18 40
23 73 56 65 -7 0 0 0.00 0.0 0 5.8 12 50 M M 8 M M
24 73 64 69 -3 0 4 T 0.0 M 7.8 14 160 M M 9 13 17 160
25 80 64 72 0 0 7 0.08 0.0 0 10.5 22 250 M M 7 31 140
26 69 56 63 -10 2 0 0.00 0.0 0 10.8 21 270 M M 6 8 28 270
27 81 55 68 -5 0 3 0.00 0.0 0 5.9 13 310 M M 1 23 270
28 83 55 69 -4 0 4 0.00 0.0 0 3.5 9 130 M M 0 1 M M
29 88 58 73 0 0 8 0.00 0.0 0 5.9 14 140 M M 0 20 140
30 89 68 79 5 0 14 0.00 0.0 0 7.8 17 220 M M 2 23 210
31 92 66 79 5 0 14 0.00 0.0 0 4.5 13 160 M M 3 17 200
================================================================================
SM 2558 1892 7 225 3.76 0.0 192.2 M 124
================================================================================
AV 82.5 61.0 6.2 FASTST M M 4 MAX(MPH)
MISC ----> 180 82 58 290
================================================================================
NOTES:
# LAST OF SEVERAL OCCURRENCES
COLUMN 17 PEAK WIND IN M.P.H.
PRELIMINARY LOCAL CLIMATOLOGICAL DATA (WS FORM: F-6) , PAGE 2
STATION: JACKSONVILLE/LITTLE ROCK AFB
MONTH: MAY
YEAR: 2022
LATITUDE: 34 55 N
LONGITUDE: 92 9 W
[TEMPERATURE DATA] [PRECIPITATION DATA] SYMBOLS USED IN COLUMN 16
AVERAGE MONTHLY: 71.8 TOTAL FOR MONTH: 3.76 1 = FOG OR MIST
DPTR FM NORMAL: 1.8 DPTR FM NORMAL: M 2 = FOG REDUCING VISIBILITY
HIGHEST: 95 ON 12 GRTST 24HR 2.14 ON 21-21 TO 1/4 MILE OR LESS
LOWEST: 48 ON 1 3 = THUNDER
SNOW, ICE PELLETS, HAIL 4 = ICE PELLETS
TOTAL MONTH: 0.0 INCH 5 = HAIL
GRTST 24HR 0.0 6 = FREEZING RAIN OR DRIZZLE
GRTST DEPTH: 0 7 = DUSTSTORM OR SANDSTORM:
VSBY 1/2 MILE OR LESS
8 = SMOKE OR HAZE
[NO. OF DAYS WITH] [WEATHER - DAYS WITH] 9 = BLOWING SNOW
X = TORNADO
MAX 32 OR BELOW: 0 0.01 INCH OR MORE: 5
MAX 90 OR ABOVE: 7 0.10 INCH OR MORE: 4
MIN 32 OR BELOW: 0 0.50 INCH OR MORE: 2
MIN 0 OR BELOW: 0 1.00 INCH OR MORE: 1
[HDD (BASE 65) ]
TOTAL THIS MO. 7 CLEAR (SCALE 0-3) 16
DPTR FM NORMAL -24 PTCLDY (SCALE 4-7) 11
TOTAL FM JUL 1 3004 CLOUDY (SCALE 8-10) 4
DPTR FM NORMAL -165
[CDD (BASE 65) ]
TOTAL THIS MO. 225
DPTR FM NORMAL 45 [PRESSURE DATA]
TOTAL FM JAN 1 293 HIGHEST SLP M ON M
DPTR FM NORMAL 39 LOWEST SLP M ON M
[REMARKS]
#FINAL-05-22#