000
CXUS54 KHGX 021159
CF6LVJ
PRELIMINARY LOCAL CLIMATOLOGICAL DATA (WS FORM: F-6)
STATION: HOUSTON/CLOVER_FIELD
MONTH: FEBRUARY
YEAR: 2023
LATITUDE: 29 31 N
LONGITUDE: 95 14 W
TEMPERATURE IN F: :PCPN: SNOW: WIND :SUNSHINE: SKY :PK WND
================================================================================
1 2 3 4 5 6A 6B 7 8 9 10 11 12 13 14 15 16 17 18
12Z AVG MX 2MIN
DY MAX MIN AVG DEP HDD CDD WTR SNW DPTH SPD SPD DIR MIN PSBL S-S WX SPD DR
================================================================================
1 44 40 42 -15 23 0 0.10 0.0 0 9.7 17 10 M M 10 1 28 350
2 44 41 43 -14 22 0 0.02 0.0 0 9.2 17 340 M M 10 1 28 350
3 61 41 51 -6 14 0 0.00 0.0 0 6.3 16 340 M M 10 1 23 340
4 65 38 52 -5 13 0 0.00 0.0 0 4.7 14 150 M M M 18 110
5 74 49 62 4 3 0 0.00 0.0 0 M M M M M M M M
6 75 54 65 7 0 0 0.00 0.0 0 M M M M M M M M
7 78 64 71 13 0 6 T 0.0 0 M M M M M M M M
8 80 49 65 7 0 0 0.08 0.0 0 M M M M M M M M
9 73 42 58 0 7 0 0.00 0.0 0 M M M M M M M M
10 63 46 55 -3 10 0 0.00 0.0 0 M M M M M M M M
11 56 40 48 -10 17 0 0.00 0.0 0 M M M M M M M M
12 66 38 52 -7 13 0 0.00 0.0 0 M M M M M M M M
13 73 45 59 0 6 0 0.00 0.0 0 M M M M M M M M
14 80 65 73 14 0 8 0.10 0.0 0 10.2 22 180 M M 2 18 36 180
15 76 66 71 12 0 6 T 0.0 0 9.2 17 160 M M 10 128 27 150
16 73 50 62 2 3 0 0.12 0.0 0 13.7 24 340 M M 10 1 46 350
17 56 39 48 -12 17 0 0.00 0.0 0 13.2 26 350 M M 1 42 340
18 57 37 47 -13 18 0 0.00 0.0 0 5.7 16 80 M M 0 25 90
19 74 46 60 0 5 0 0.00 0.0 0 3.6 14 180 M M 3 1 23 180
20 81 57 69 9 0 4 T 0.0 0 6.7 18 230 M M 8 12 30 220
21 82 70 76 16 0 11 0.00 0.0 0 10.8 20 180 M M 9 31 190
22 81 70 76 15 0 11 0.03 0.0 0 11.3 20 180 M M 9 18 35 220
23 82 70 76 15 0 11 0.00 0.0 0 6.1 9 180 M M 9 18 15 160
24 80 70 75 14 0 10 0.00 0.0 0 7.9 15 170 M M 10 18 19 150
25 83 70 77 16 0 12 0.00 0.0 0 7.3 16 140 M M 7 18 21 150
26 81 70 76 15 0 11 0.00 0.0 0 11.9 22 180 M M 7 18 32 170
27 82 70 76 14 0 11 0.00 0.0 0 7.9 24 180 M M 7 18 36 190
28 83 67 75 13 0 10 0.00 0.0 0 6.5 17 180 M M 8 128 24 170
================================================================================
SM 2003 1504 171 111 0.45 0.0 161.9 M 130
================================================================================
AV 71.5 53.7 8.5 FASTST M M 7 MAX(MPH)
MISC ----> 26 350 46 350
================================================================================
NOTES:
# LAST OF SEVERAL OCCURRENCES
COLUMN 17 PEAK WIND IN M.P.H.
PRELIMINARY LOCAL CLIMATOLOGICAL DATA (WS FORM: F-6) , PAGE 2
STATION: HOUSTON/CLOVER_FIELD
MONTH: FEBRUARY
YEAR: 2023
LATITUDE: 29 31 N
LONGITUDE: 95 14 W
[TEMPERATURE DATA] [PRECIPITATION DATA] SYMBOLS USED IN COLUMN 16
AVERAGE MONTHLY: 62.6 TOTAL FOR MONTH: 0.45 1 = FOG OR MIST
DPTR FM NORMAL: 3.4 DPTR FM NORMAL: -2.49 2 = FOG REDUCING VISIBILITY
HIGHEST: 83 ON 28,25 GRTST 24HR 0.12 ON 1- 2 TO 1/4 MILE OR LESS
LOWEST: 37 ON 18 3 = THUNDER
SNOW, ICE PELLETS, HAIL 4 = ICE PELLETS
TOTAL MONTH: 0.0 INCH 5 = HAIL
GRTST 24HR 0.0 6 = FREEZING RAIN OR DRIZZLE
GRTST DEPTH: 0 7 = DUSTSTORM OR SANDSTORM:
VSBY 1/2 MILE OR LESS
8 = SMOKE OR HAZE
[NO. OF DAYS WITH] [WEATHER - DAYS WITH] 9 = BLOWING SNOW
X = TORNADO
MAX 32 OR BELOW: 0 0.01 INCH OR MORE: 6
MAX 90 OR ABOVE: 0 0.10 INCH OR MORE: 3
MIN 32 OR BELOW: 0 0.50 INCH OR MORE: 0
MIN 0 OR BELOW: 0 1.00 INCH OR MORE: 0
[HDD (BASE 65) ]
TOTAL THIS MO. 171 CLEAR (SCALE 0-3) 3
DPTR FM NORMAL -30 PTCLDY (SCALE 4-7) 6
TOTAL FM JUL 1 842 CLOUDY (SCALE 8-10) 19
DPTR FM NORMAL -102
[CDD (BASE 65) ]
TOTAL THIS MO. 111
DPTR FM NORMAL 72 [PRESSURE DATA]
TOTAL FM JAN 1 170 HIGHEST SLP 30.56 ON 3
DPTR FM NORMAL 112 LOWEST SLP 29.67 ON 22
[REMARKS]
#FINAL-02-23#