000
CXUS53 KTOP 010810
CF6LWC
PRELIMINARY LOCAL CLIMATOLOGICAL DATA (WS FORM: F-6)
STATION: LAWRENCE KS
MONTH: MAY
YEAR: 2021
LATITUDE: 39 0 N
LONGITUDE: 95 13 W
TEMPERATURE IN F: :PCPN: SNOW: WIND :SUNSHINE: SKY :PK WND
================================================================================
1 2 3 4 5 6A 6B 7 8 9 10 11 12 13 14 15 16 17 18
12Z AVG MX 2MIN
DY MAX MIN AVG DEP HDD CDD WTR SNW DPTH SPD SPD DIR MIN PSBL S-S WX SPD DR
================================================================================
1 82 55 69 9 0 4 0.00 M M 12.4 26 210 M M 0 36 210
2 76 61 69 9 0 4 0.00 M M 10.0 18 170 M M 5 24 200
3 72 59 66 6 0 1 T M M 11.7 23 330 M M 5 32 340
4 67 38 53 -8 12 0 0.07 M M 12.0 24 330 M M 4 1 32 330
5 71 33 52 -9 13 0 0.06 M M 6.1 17 360 M M 3 138 25 350
6 66 41 54 -7 11 0 0.00 M M 8.6 22 360 M M 2 1 30 10
7 71 36 54 -8 11 0 0.00 M M 5.9 16 210 M M 6 20 240
8 81 54 68 6 0 3 0.97 M M 13.6 28 350 M M 6 13 39 330
9 57 43 50 -12 15 0 0.44 M M 10.5 41 60 M M 9 13 59 50
10 65 39 52 -11 13 0 0.00 M M 3.3 15 340 M M 2 12 19 340
11 64 45 55 -8 10 0 0.01 M M 5.0 18 90 M M 8 24 50
12 65 40 53 -11 12 0 0.00 M M 6.3 16 100 M M 3 26 110
13 70 35 53 -11 12 0 0.00 M M 4.9 13 150 M M 0 8 22 120
14 74 49 62 -2 3 0 0.00 M M 9.0 18 180 M M 6 26 170
15 72 57 65 0 0 0 0.37 M M 6.9 14 170 M M 7 1 19 170
16 67 56 62 -3 3 0 1.20 M M 6.6 16 90 M M 8 13 20 90
17 71 62 67 1 0 2 0.06 M M 8.5 15 60 M M 10 1 20 60
18 80 64 72 6 0 7 0.44 M M 6.0 16 100 M M 7 138 25 170
19 75 64 70 4 0 5 1.04 M M 8.1 18 110 M M 8 13 26 110
20 73 63 68 1 0 3 1.82 M M 8.3 17 150 M M 10 12 25 150
21 78 68 73 6 0 8 0.01 M M 12.2 23 160 M M 9 1 31 160
22 71 64 68 0 0 3 0.26 M M 8.6 25 200 M M 9 1 35 200
23 80 64 72 4 0 7 T M M 6.9 17 200 M M 4 1 26 200
24 81 64 73 5 0 8 0.03 M M 6.9 21 170 M M 4 1 29 170
25 81 66 74 5 0 9 0.00 M M 9.5 20 210 M M 6 26 190
26 89 68 79 10 0 14 T M M 6.3 16 170 M M 4 24 180
27 80 59 70 1 0 5 1.53 M M 8.4 33 170 M M 7 123 49 170
28 62 52 57 -13 8 0 0.00 M M 11.9 23 340 M M 9 31 340
29 68 49 59 -11 6 0 0.00 M M 5.8 14 50 M M 7 19 40
30 68 46 57 -13 8 0 T M M 4.5 13 120 M M 4 18 140
31 66 59 63 -8 2 0 0.24 M M 3.1 9 50 M M 10 1 13 50
================================================================================
SM 2243 1653 139 83 8.55 M 247.8 M 182
================================================================================
AV 72.4 53.3 8.0 FASTST M M 6 MAX(MPH)
MISC ----> 41 60 59 50
================================================================================
NOTES:
# LAST OF SEVERAL OCCURRENCES
COLUMN 17 PEAK WIND IN M.P.H.
PRELIMINARY LOCAL CLIMATOLOGICAL DATA (WS FORM: F-6) , PAGE 2
STATION: LAWRENCE KS
MONTH: MAY
YEAR: 2021
LATITUDE: 39 0 N
LONGITUDE: 95 13 W
[TEMPERATURE DATA] [PRECIPITATION DATA] SYMBOLS USED IN COLUMN 16
AVERAGE MONTHLY: 62.8 TOTAL FOR MONTH: 8.55 1 = FOG OR MIST
DPTR FM NORMAL: -2.4 DPTR FM NORMAL: 3.81 2 = FOG REDUCING VISIBILITY
HIGHEST: 89 ON 26 GRTST 24HR 2.81 ON 19-20 TO 1/4 MILE OR LESS
LOWEST: 33 ON 5 3 = THUNDER
SNOW, ICE PELLETS, HAIL 4 = ICE PELLETS
TOTAL MONTH: M 5 = HAIL
GRTST 24HR M ON M 6 = FREEZING RAIN OR DRIZZLE
GRTST DEPTH: M ON M 7 = DUSTSTORM OR SANDSTORM:
VSBY 1/2 MILE OR LESS
8 = SMOKE OR HAZE
[NO. OF DAYS WITH] [WEATHER - DAYS WITH] 9 = BLOWING SNOW
X = TORNADO
MAX 32 OR BELOW: 0 0.01 INCH OR MORE: 16
MAX 90 OR ABOVE: 0 0.10 INCH OR MORE: 10
MIN 32 OR BELOW: 0 0.50 INCH OR MORE: 5
MIN 0 OR BELOW: 0 1.00 INCH OR MORE: 4
[HDD (BASE 65) ]
TOTAL THIS MO. 139 CLEAR (SCALE 0-3) 6
DPTR FM NORMAL 34 PTCLDY (SCALE 4-7) 16
TOTAL FM JUL 1 5007 CLOUDY (SCALE 8-10) 9
DPTR FM NORMAL 9
[CDD (BASE 65) ]
TOTAL THIS MO. 83
DPTR FM NORMAL -29 [PRESSURE DATA]
TOTAL FM JAN 1 112 HIGHEST SLP M ON M
DPTR FM NORMAL -24 LOWEST SLP 29.43 ON 3
[REMARKS]
#FINAL-05-21#