000
CXUS53 KDMX 010810
CF6LWD
PRELIMINARY LOCAL CLIMATOLOGICAL DATA (WS FORM: F-6)
STATION: LAMONI IA
MONTH: AUGUST
YEAR: 2022
LATITUDE: 40 37 N
LONGITUDE: 93 56 W
TEMPERATURE IN F: :PCPN: SNOW: WIND :SUNSHINE: SKY :PK WND
================================================================================
1 2 3 4 5 6A 6B 7 8 9 10 11 12 13 14 15 16 17 18
12Z AVG MX 2MIN
DY MAX MIN AVG DEP HDD CDD WTR SNW DPTH SPD SPD DIR MIN PSBL S-S WX SPD DR
================================================================================
1 94 73 84 8 0 19 0.00 0.0 0 4.7 14 350 M M 2 1 19 330
2 96 75 86 10 0 21 0.00 0.0 0 11.1 20 200 M M 0 29 170
3 84 74 79 3 0 14 0.33 0.0 0 8.2 24 220 M M 2 13 33 220
4 90 64 77 1 0 12 0.00 0.0 0 6.1 13 20 M M 0 20 20
5 89 65 77 2 0 12 0.00 0.0 0 5.3 13 190 M M 0 18 150
6 95 74 85 10 0 20 0.00 0.0 0 10.2 18 170 M M 0 27 190
7 93 76 85 10 0 20 0.00 0.0 0 10.1 21 180 M M 1 29 180
8 84 63 74 -1 0 9 T 0.0 0 M M M M M 7 1 M M
9 85 61 73 -2 0 8 0.00 0.0 0 6.2 17 180 M M M 26 300
10 90 58 74 -1 0 9 0.00 0.0 0 3.6 9 180 M M M 1 17 60
11 91 65 78 3 0 13 0.00 0.0 0 4.3 9 180 M M 0 14 120
12 87 71 79 4 0 14 0.00 0.0 0 8.5 15 170 M M 3 26 160
13 96 68 82 7 0 17 0.00 0.0 0 10.4 20 10 M M 1 1 26 220
14 87 67 77 3 0 12 T 0.0 0 6.9 13 30 M M 3 19 20
15 70 63 67 -7 0 2 0.68 0.0 0 4.9 10 50 M M 7 13 20 50
16 81 63 72 -2 0 7 0.91 0.0 0 4.6 13 80 M M 6 1 22 120
17 84 59 72 -2 0 7 0.00 0.0 0 3.5 10 30 M M 2 15 60
18 83 61 72 -2 0 7 0.00 0.0 0 7.6 16 190 M M 1 21 190
19 84 63 74 0 0 9 0.06 0.0 0 6.4 25 250 M M 3 13 38 250
20 78 63 71 -2 0 6 0.00 0.0 0 9.7 18 330 M M 4 27 300
21 84 62 73 0 0 8 0.00 0.0 0 7.0 13 10 M M 2 1 17 50
22 84 57 71 -2 0 6 0.00 0.0 0 1.8 10 10 M M 4 12 13 20
23 84 60 72 -1 0 7 0.00 0.0 0 3.1 9 200 M M 1 14 210
24 87 64 76 3 0 11 0.00 0.0 0 6.6 12 190 M M 1 17 190
25 88 66 77 5 0 12 0.17 0.0 0 7.2 15 320 M M 2 13 21 350
26 85 60 73 1 0 8 0.00 0.0 0 4.5 9 190 M M 0 1 13 220
27 89 70 80 8 0 15 T 0.0 0 8.9 15 200 M M 1 21 140
28 88 69 79 7 0 14 0.07 0.0 0 10.7 23 210 M M 4 31 200
29 91 66 79 7 0 14 0.00 0.0 0 7.5 16 350 M M 1 23 330
30 86 58 72 1 0 7 0.00 0.0 0 6.8 20 340 M M 0 33 10
31 87 57 72 1 0 7 0.00 0.0 0 5.6 13 200 M M 0 16 170
================================================================================
SM 2694 2015 0 347 2.22 0.0 202.0 M 58
================================================================================
AV 86.9 65.0 6.7 FASTST M M 2 MAX(MPH)
MISC ----> 25 250 38 250
================================================================================
NOTES:
# LAST OF SEVERAL OCCURRENCES
COLUMN 17 PEAK WIND IN M.P.H.
PRELIMINARY LOCAL CLIMATOLOGICAL DATA (WS FORM: F-6) , PAGE 2
STATION: LAMONI IA
MONTH: AUGUST
YEAR: 2022
LATITUDE: 40 37 N
LONGITUDE: 93 56 W
[TEMPERATURE DATA] [PRECIPITATION DATA] SYMBOLS USED IN COLUMN 16
AVERAGE MONTHLY: 76.0 TOTAL FOR MONTH: 2.22 1 = FOG OR MIST
DPTR FM NORMAL: 2.1 DPTR FM NORMAL: -2.16 2 = FOG REDUCING VISIBILITY
HIGHEST: 96 ON 13, 2 GRTST 24HR 1.59 ON 15-16 TO 1/4 MILE OR LESS
LOWEST: 57 ON 31,22 3 = THUNDER
SNOW, ICE PELLETS, HAIL 4 = ICE PELLETS
TOTAL MONTH: 0.0 INCH 5 = HAIL
GRTST 24HR 0.0 6 = FREEZING RAIN OR DRIZZLE
GRTST DEPTH: 0 7 = DUSTSTORM OR SANDSTORM:
VSBY 1/2 MILE OR LESS
8 = SMOKE OR HAZE
[NO. OF DAYS WITH] [WEATHER - DAYS WITH] 9 = BLOWING SNOW
X = TORNADO
MAX 32 OR BELOW: 0 0.01 INCH OR MORE: 6
MAX 90 OR ABOVE: 9 0.10 INCH OR MORE: 4
MIN 32 OR BELOW: 0 0.50 INCH OR MORE: 2
MIN 0 OR BELOW: 0 1.00 INCH OR MORE: 0
[HDD (BASE 65) ]
TOTAL THIS MO. 0 CLEAR (SCALE 0-3) 23
DPTR FM NORMAL -4 PTCLDY (SCALE 4-7) 6
TOTAL FM JUL 1 0 CLOUDY (SCALE 8-10) 2
DPTR FM NORMAL -2
[CDD (BASE 65) ]
TOTAL THIS MO. 347
DPTR FM NORMAL 68 [PRESSURE DATA]
TOTAL FM JAN 1 1131 HIGHEST SLP M ON M
DPTR FM NORMAL 221 LOWEST SLP 29.66 ON 28
[REMARKS]
#FINAL-08-22#